automatic DPDK test reports
 help / color / mirror / Atom feed
From: qemudev@loongson.cn
To: test-report@dpdk.org
Cc: Bruce Richardson <bruce.richardson@intel.com>, zhoumin@loongson.cn
Subject: |FAILURE| pw153459 [PATCH v3] build: automatically report minimum meson version
Date: Thu, 15 May 2025 21:12:20 +0800	[thread overview]
Message-ID: <202505151312.54FDCK392272828@localhost.localdomain> (raw)
In-Reply-To: <20250515134647.932537-1-bruce.richardson@intel.com>

Test-Label: loongarch-compilation
Test-Status: FAILURE
http://dpdk.org/patch/153459

_meson build failure_

Submitter: Bruce Richardson <bruce.richardson@intel.com>
Date: Thu, 15 May 2025 14:46:47 +0100
DPDK git baseline: Repo:dpdk
  Branch: main
  CommitID: dcf9f9363aa9b4163d241caf8b26a84ca0c0006b

153459 --> meson build failed

Test environment and result as below:

+---------------------+----------------+
|     Environment     | compilation    |
+---------------------+----------------+
| Loongnix-Server 8.3 | FAIL           |
+---------------------+----------------+

Loongnix-Server 8.3
    Kernel: 4.19.190+
    Compiler: gcc 8.3


Meson build logs:
-------------------------------BEGIN LOGS----------------------------
-------------------------------END LOGS------------------------------


       reply	other threads:[~2025-05-15 13:48 UTC|newest]

Thread overview: 28+ messages / expand[flat|nested]  mbox.gz  Atom feed  top
     [not found] <20250515134647.932537-1-bruce.richardson@intel.com>
2025-05-15 13:12 ` qemudev [this message]
2025-05-15 13:48 ` |SUCCESS| " checkpatch
2025-05-15 15:03 ` 0-day Robot
2025-05-15 16:33 ` |SUCCESS| pw153459 [PATCH] [v3] build: automatically report minimum dpdklab
2025-05-15 16:43 ` dpdklab
2025-05-15 16:44 ` dpdklab
2025-05-15 16:46 ` dpdklab
2025-05-15 16:49 ` dpdklab
2025-05-15 16:51 ` dpdklab
2025-05-15 16:59 ` dpdklab
2025-05-15 17:08 ` dpdklab
2025-05-15 17:51 ` |PENDING| " dpdklab
2025-05-15 17:52 ` |SUCCESS| " dpdklab
2025-05-15 18:00 ` |PENDING| " dpdklab
2025-05-15 18:40 ` |SUCCESS| " dpdklab
2025-05-15 18:46 ` |PENDING| " dpdklab
2025-05-15 19:01 ` dpdklab
2025-05-15 19:05 ` dpdklab
2025-05-15 20:17 ` |SUCCESS| " dpdklab
2025-05-15 20:43 ` dpdklab
2025-05-15 20:43 ` dpdklab
2025-05-15 21:09 ` dpdklab
2025-05-15 21:10 ` |WARNING| " dpdklab
2025-05-15 21:10 ` dpdklab
2025-05-15 21:44 ` |SUCCESS| " dpdklab
2025-05-15 21:56 ` dpdklab
2025-05-15 22:09 ` |WARNING| " dpdklab
2025-05-15 22:15 ` |SUCCESS| " dpdklab

Reply instructions:

You may reply publicly to this message via plain-text email
using any one of the following methods:

* Save the following mbox file, import it into your mail client,
  and reply-to-all from there: mbox

  Avoid top-posting and favor interleaved quoting:
  https://en.wikipedia.org/wiki/Posting_style#Interleaved_style

* Reply using the --to, --cc, and --in-reply-to
  switches of git-send-email(1):

  git send-email \
    --in-reply-to=202505151312.54FDCK392272828@localhost.localdomain \
    --to=qemudev@loongson.cn \
    --cc=bruce.richardson@intel.com \
    --cc=test-report@dpdk.org \
    --cc=zhoumin@loongson.cn \
    /path/to/YOUR_REPLY

  https://kernel.org/pub/software/scm/git/docs/git-send-email.html

* If your mail client supports setting the In-Reply-To header
  via mailto: links, try the mailto: link
Be sure your reply has a Subject: header at the top and a blank line before the message body.
This is a public inbox, see mirroring instructions
for how to clone and mirror all data and code used for this inbox;
as well as URLs for NNTP newsgroup(s).