automatic DPDK test reports
 help / color / mirror / Atom feed
* |SUCCESS| pw153486-153487 [PATCH 2/2] test/strsep: add tests for function strsep()
       [not found] <1747401734-6303-2-git-send-email-andremue@linux.microsoft.com>
@ 2025-05-16 12:49 ` qemudev
  2025-05-16 12:53 ` qemudev
                   ` (20 subsequent siblings)
  21 siblings, 0 replies; 22+ messages in thread
From: qemudev @ 2025-05-16 12:49 UTC (permalink / raw)
  To: test-report

Test-Label: loongarch-compilation
Test-Status: SUCCESS
http://dpdk.org/patch/153487

_Compilation OK_

Submitter: Andre Muezerie <andremue@linux.microsoft.com>
Date: Fri, 16 May 2025 06:22:13 -0700
DPDK git baseline: Repo:dpdk
  Branch: main
  CommitID: 117e86c4b96ed761e9a7ab766261208fe81bf5ca

153486-153487 --> meson & ninja build successfully

Test environment and result as below:

+---------------------+----------------+
|     Environment     | compilation    |
+---------------------+----------------+
| Loongnix-Server 8.3 | PASS           |
+---------------------+----------------+

Loongnix-Server 8.3
    Kernel: 4.19.190+
    Compiler: gcc 8.3


^ permalink raw reply	[flat|nested] 22+ messages in thread

* |SUCCESS| pw153486-153487 [PATCH 2/2] test/strsep: add tests for function strsep()
       [not found] <1747401734-6303-2-git-send-email-andremue@linux.microsoft.com>
  2025-05-16 12:49 ` |SUCCESS| pw153486-153487 [PATCH 2/2] test/strsep: add tests for function strsep() qemudev
@ 2025-05-16 12:53 ` qemudev
  2025-05-16 13:22 ` |SUCCESS| pw153487 [PATCH 2/2] test/strsep: add tests for function strsep checkpatch
                   ` (19 subsequent siblings)
  21 siblings, 0 replies; 22+ messages in thread
From: qemudev @ 2025-05-16 12:53 UTC (permalink / raw)
  To: test-report

Test-Label: loongarch-unit-testing
Test-Status: SUCCESS
http://dpdk.org/patch/153487

_Unit Testing PASS_

Submitter: Andre Muezerie <andremue@linux.microsoft.com>
Date: Fri, 16 May 2025 06:22:13 -0700
DPDK git baseline: Repo:dpdk
  Branch: main
  CommitID: 117e86c4b96ed761e9a7ab766261208fe81bf5ca

153486-153487 --> testing pass

Test environment and result as below:

+---------------------+----------------+
|     Environment     | dpdk_unit_test |
+---------------------+----------------+
| Loongnix-Server 8.3 | PASS           |
+---------------------+----------------+

Loongnix-Server 8.3
    Kernel: 4.19.190+
    Compiler: gcc 8.3


Test result details:
  1/120 DPDK:fast-tests / acl_autotest                            OK              3.45s
  2/120 DPDK:fast-tests / alarm_autotest                          OK              1.74s
  3/120 DPDK:fast-tests / argparse_autotest                       OK              0.74s
  4/120 DPDK:fast-tests / atomic_autotest                         OK              6.90s
  5/120 DPDK:fast-tests / bitcount_autotest                       OK              0.40s
  6/120 DPDK:fast-tests / bitmap_autotest                         OK              0.59s
  7/120 DPDK:fast-tests / bitops_autotest                         OK              2.09s
  8/120 DPDK:fast-tests / bitratestats_autotest                   OK              0.59s
  9/120 DPDK:fast-tests / bitset_autotest                         OK              3.28s
 10/120 DPDK:fast-tests / bpf_autotest                            OK              0.60s
 11/120 DPDK:fast-tests / bpf_convert_autotest                    OK              0.59s
 12/120 DPDK:fast-tests / byteorder_autotest                      OK              0.59s
 13/120 DPDK:fast-tests / cfgfile_autotest                        OK              0.59s
 14/120 DPDK:fast-tests / cksum_autotest                          OK              0.59s
 15/120 DPDK:fast-tests / cmdline_autotest                        OK              0.59s
 16/120 DPDK:fast-tests / common_autotest                         OK              1.47s
 17/120 DPDK:fast-tests / compressdev_autotest                    SKIP            0.06s   exit status 77
 18/120 DPDK:fast-tests / cpuflags_autotest                       OK              0.30s
 19/120 DPDK:fast-tests / crc_autotest                            OK              0.31s
 20/120 DPDK:fast-tests / user_delay_us                           OK              0.31s
 21/120 DPDK:fast-tests / debug_autotest                          OK             18.10s
 22/120 DPDK:fast-tests / devargs_autotest                        OK              0.30s
 23/120 DPDK:fast-tests / dispatcher_autotest                     OK              2.49s
 24/120 DPDK:fast-tests / distributor_autotest                    OK              1.20s
 25/120 DPDK:fast-tests / eal_flags_c_opt_autotest                OK              0.75s
 26/120 DPDK:fast-tests / eal_flags_main_opt_autotest             OK              0.21s
 27/120 DPDK:fast-tests / eal_flags_n_opt_autotest                OK              0.19s
 28/120 DPDK:fast-tests / eal_flags_hpet_autotest                 OK              0.13s
 29/120 DPDK:fast-tests / eal_flags_no_huge_autotest              OK              0.21s
 30/120 DPDK:fast-tests / eal_flags_a_opt_autotest                OK              0.29s
 31/120 DPDK:fast-tests / eal_flags_b_opt_autotest                OK              0.24s
 32/120 DPDK:fast-tests / eal_flags_vdev_opt_autotest             OK              0.19s
 33/120 DPDK:fast-tests / eal_flags_r_opt_autotest                OK              0.18s
 34/120 DPDK:fast-tests / eal_flags_mem_autotest                  OK              0.58s
 35/120 DPDK:fast-tests / eal_flags_file_prefix_autotest          OK             22.22s
 36/120 DPDK:fast-tests / eal_flags_misc_autotest                 OK              1.02s
 37/120 DPDK:fast-tests / eal_fs_autotest                         OK              0.30s
 38/120 DPDK:fast-tests / errno_autotest                          OK              0.30s
 39/120 DPDK:fast-tests / ethdev_link_status                      OK              0.31s
 40/120 DPDK:fast-tests / event_eth_tx_adapter_autotest           OK              1.68s
 41/120 DPDK:fast-tests / event_ring_autotest                     OK              0.31s
 42/120 DPDK:fast-tests / eventdev_common_autotest                OK              0.31s
 43/120 DPDK:fast-tests / eventdev_selftest_sw                    OK              7.10s
 44/120 DPDK:fast-tests / fbarray_autotest                        OK              0.31s
 45/120 DPDK:fast-tests / fib_autotest                            OK              1.14s
 46/120 DPDK:fast-tests / fib6_autotest                           OK              0.93s
 47/120 DPDK:fast-tests / func_reentrancy_autotest                OK              2.17s
 48/120 DPDK:fast-tests / graph_autotest                          OK              0.31s
 49/120 DPDK:fast-tests / node_list_dump                          OK              0.31s
 50/120 DPDK:fast-tests / hash_autotest                           OK              0.93s
 51/120 DPDK:fast-tests / hash_readwrite_func_autotest            OK              6.40s
 52/120 DPDK:fast-tests / interrupt_autotest                      OK              1.61s
 53/120 DPDK:fast-tests / ipfrag_autotest                         OK              0.07s
 54/120 DPDK:fast-tests / ipsec_autotest                          SKIP            0.31s   exit status 77
 55/120 DPDK:fast-tests / kvargs_autotest                         OK              0.31s
 56/120 DPDK:fast-tests / latencystats_autotest                   OK              0.31s
 57/120 DPDK:fast-tests / lcore_var_autotest                      OK              0.45s
 58/120 DPDK:fast-tests / lcores_autotest                         OK              5.12s
 59/120 DPDK:fast-tests / logs_autotest                           OK              0.30s
 60/120 DPDK:fast-tests / lpm_autotest                            OK              2.34s
 61/120 DPDK:fast-tests / lpm6_autotest                           OK              5.48s
 62/120 DPDK:fast-tests / malloc_autotest                         OK             57.83s
 63/120 DPDK:fast-tests / mbuf_autotest                           OK              5.16s
 64/120 DPDK:fast-tests / mcslock_autotest                        OK              2.63s
 65/120 DPDK:fast-tests / member_autotest                         OK              1.54s
 66/120 DPDK:fast-tests / memcpy_autotest                         OK              6.91s
 67/120 DPDK:fast-tests / memory_autotest                         OK              0.08s
 68/120 DPDK:fast-tests / mempool_autotest                        OK              0.43s
 69/120 DPDK:fast-tests / memzone_autotest                        OK              0.14s
 70/120 DPDK:fast-tests / meter_autotest                          OK              0.30s
 71/120 DPDK:fast-tests / metrics_autotest                        OK              0.31s
 72/120 DPDK:fast-tests / multiprocess_autotest                   OK              0.18s
 73/120 DPDK:fast-tests / net_ether_autotest                      OK              0.99s
 74/120 DPDK:fast-tests / net_ipv6_autotest                       OK              0.31s
 75/120 DPDK:fast-tests / pcapng_autotest                         OK              6.56s
 76/120 DPDK:fast-tests / pdcp_autotest                           SKIP            0.06s   exit status 77
 77/120 DPDK:fast-tests / pdump_autotest                          OK              0.42s
 78/120 DPDK:fast-tests / per_lcore_autotest                      OK              0.41s
 79/120 DPDK:fast-tests / pflock_autotest                         OK              1.12s
 80/120 DPDK:fast-tests / pie_autotest                            OK              0.31s
 81/120 DPDK:fast-tests / ring_pmd_autotest                       OK              0.31s
 82/120 DPDK:fast-tests / power_autotest                          OK              0.31s
 83/120 DPDK:fast-tests / power_cpufreq_autotest                  SKIP            0.06s   exit status 77
 84/120 DPDK:fast-tests / power_intel_uncore_autotest             SKIP            0.30s   exit status 77
 85/120 DPDK:fast-tests / power_kvm_vm_autotest                   SKIP            0.06s   exit status 77
 86/120 DPDK:fast-tests / prefetch_autotest                       OK              0.30s
 87/120 DPDK:fast-tests / ptr_compress_autotest                   OK              0.31s
 88/120 DPDK:fast-tests / rawdev_autotest                         OK              0.31s
 89/120 DPDK:fast-tests / rcu_qsbr_autotest                       OK              0.83s
 90/120 DPDK:fast-tests / reorder_autotest                        OK              0.36s
 91/120 DPDK:fast-tests / rib_autotest                            OK              8.95s
 92/120 DPDK:fast-tests / rib6_autotest                           OK              8.96s
 93/120 DPDK:fast-tests / ring_autotest                           OK              0.34s
 94/120 DPDK:fast-tests / rwlock_test1_autotest                   OK              1.05s
 95/120 DPDK:fast-tests / rwlock_rda_autotest                     OK              5.31s
 96/120 DPDK:fast-tests / rwlock_rds_wrm_autotest                 OK              5.31s
 97/120 DPDK:fast-tests / rwlock_rde_wro_autotest                 OK              5.47s
 98/120 DPDK:fast-tests / sched_autotest                          OK              0.31s
 99/120 DPDK:fast-tests / security_autotest                       OK              0.06s
100/120 DPDK:fast-tests / seqlock_autotest                        OK              2.31s
101/120 DPDK:fast-tests / service_autotest                        OK              3.01s
102/120 DPDK:fast-tests / soring_autotest                         OK              0.31s
103/120 DPDK:fast-tests / spinlock_autotest                       OK              0.38s
104/120 DPDK:fast-tests / stack_autotest                          OK              0.86s
105/120 DPDK:fast-tests / stack_lf_autotest                       SKIP            0.05s   exit status 77
106/120 DPDK:fast-tests / string_autotest                         OK              0.47s
107/120 DPDK:fast-tests / strsep_autotest                         OK              0.73s
108/120 DPDK:fast-tests / table_autotest                          OK              8.02s
109/120 DPDK:fast-tests / tailq_autotest                          OK              0.73s
110/120 DPDK:fast-tests / telemetry_data_autotest                 OK              0.73s
111/120 DPDK:fast-tests / telemetry_json_autotest                 OK              0.73s
112/120 DPDK:fast-tests / thash_autotest                          OK              0.74s
113/120 DPDK:fast-tests / threads_autotest                        OK              0.92s
114/120 DPDK:fast-tests / ticketlock_autotest                     OK              0.88s
115/120 DPDK:fast-tests / timer_autotest                          OK              3.85s
116/120 DPDK:fast-tests / trace_autotest                          OK              0.40s
117/120 DPDK:fast-tests / trace_autotest_with_traces              OK              0.40s
118/120 DPDK:fast-tests / vdev_autotest                           OK              0.40s
119/120 DPDK:fast-tests / version_autotest                        OK              0.40s
120/120 DPDK:fast-tests / telemetry_all                           OK              1.32s


Ok:                 113
Expected Fail:      0
Fail:               0
Unexpected Pass:    0
Skipped:            7
Timeout:            0


^ permalink raw reply	[flat|nested] 22+ messages in thread

* |SUCCESS| pw153487 [PATCH 2/2] test/strsep: add tests for function strsep
       [not found] <1747401734-6303-2-git-send-email-andremue@linux.microsoft.com>
  2025-05-16 12:49 ` |SUCCESS| pw153486-153487 [PATCH 2/2] test/strsep: add tests for function strsep() qemudev
  2025-05-16 12:53 ` qemudev
@ 2025-05-16 13:22 ` checkpatch
  2025-05-16 14:44 ` |FAILURE| pw153487 [PATCH 2/2] test/strsep: add tests for function strsep() 0-day Robot
                   ` (18 subsequent siblings)
  21 siblings, 0 replies; 22+ messages in thread
From: checkpatch @ 2025-05-16 13:22 UTC (permalink / raw)
  To: test-report

Test-Label: checkpatch
Test-Status: SUCCESS
http://dpdk.org/patch/153487

_coding style OK_



^ permalink raw reply	[flat|nested] 22+ messages in thread

* |FAILURE| pw153487 [PATCH 2/2] test/strsep: add tests for function strsep()
       [not found] <1747401734-6303-2-git-send-email-andremue@linux.microsoft.com>
                   ` (2 preceding siblings ...)
  2025-05-16 13:22 ` |SUCCESS| pw153487 [PATCH 2/2] test/strsep: add tests for function strsep checkpatch
@ 2025-05-16 14:44 ` 0-day Robot
  2025-05-16 17:33 ` |SUCCESS| pw153486-153487 [PATCH] [2/2] test/strsep: add tests for f dpdklab
                   ` (17 subsequent siblings)
  21 siblings, 0 replies; 22+ messages in thread
From: 0-day Robot @ 2025-05-16 14:44 UTC (permalink / raw)
  To: test-report; +Cc: andremue, robot

From: robot@bytheb.org

Test-Label: github-robot: build
Test-Status: FAILURE
http://patchwork.dpdk.org/patch/153487/

_github build: failed_
Build URL: https://github.com/ovsrobot/dpdk/actions/runs/15069945476
Build Logs:
-----------------------Summary of failed steps-----------------------
"ubuntu-22.04-clang-asan+doc+tests" failed at step Build and test
----------------------End summary of failed steps--------------------

-------------------------------BEGIN LOGS----------------------------
####################################################################################
#### [Begin job log] "ubuntu-22.04-clang-asan+doc+tests" at step Build and test
####################################################################################
103/105 DPDK:fast-tests / vdev_autotest                 OK              0.33s
104/105 DPDK:fast-tests / version_autotest              OK              0.33s
105/105 DPDK:fast-tests / telemetry_all                 OK              1.10s


Ok:                 98  
Expected Fail:      0   
Fail:               1   
Unexpected Pass:    0   
Skipped:            6   
Timeout:            0   

Full log written to /home/runner/work/dpdk/dpdk/build/meson-logs/testlog.txt
+ failed=true
+ catch_coredump
+ ls /tmp/dpdk-core.*.*
+ return 0
+ check_traces
+ which babeltrace
+ sudo find /home/runner -name metadata
+ dirname /home/runner/work/dpdk/dpdk/build/app/test/suites/rte-2025-05-16-PM-02-23-54/metadata
+ sudo babeltrace /home/runner/work/dpdk/dpdk/build/app/test/suites/rte-2025-05-16-PM-02-23-54
+ continue
+ [ true != true ]
##[error]Process completed with exit code 1.
####################################################################################
#### [End job log] "ubuntu-22.04-clang-asan+doc+tests" at step Build and test
####################################################################################
--------------------------------END LOGS-----------------------------

^ permalink raw reply	[flat|nested] 22+ messages in thread

* |SUCCESS| pw153486-153487 [PATCH] [2/2] test/strsep: add tests for f
       [not found] <1747401734-6303-2-git-send-email-andremue@linux.microsoft.com>
                   ` (3 preceding siblings ...)
  2025-05-16 14:44 ` |FAILURE| pw153487 [PATCH 2/2] test/strsep: add tests for function strsep() 0-day Robot
@ 2025-05-16 17:33 ` dpdklab
  2025-05-16 17:45 ` |PENDING| " dpdklab
                   ` (16 subsequent siblings)
  21 siblings, 0 replies; 22+ messages in thread
From: dpdklab @ 2025-05-16 17:33 UTC (permalink / raw)
  To: Test Report; +Cc: dpdk-test-reports

Test-Label: iol-marvell-Functional
Test-Status: SUCCESS
http://dpdk.org/patch/153487

_Functional Testing PASS_

Submitter: Andre Muezerie <andremue@linux.microsoft.com>
Date: Friday, May 16 2025 13:22:14 
DPDK git baseline: Repo:dpdk
  Branch: master
  CommitID:117e86c4b96ed761e9a7ab766261208fe81bf5ca

153486-153487 --> functional testing pass

Upstream job id: Template-DTS-Pipeline#226277

Test environment and result as below:

Ubuntu 20.04.6
Kernel: 5.4.105
Compiler: gcc 9.4
NIC: Marvell CN106XX 50000 Mbps
Target: arm64-native-linuxapp-gcc

Aggregate Results by Test Suite
+----------------+--------+
|   Test Suite   | Result |
+================+========+
| cmdline        |  PASS  |
+----------------+--------+
| rxtx_callbacks |  PASS  |
+----------------+--------+


To view detailed results, visit:
https://lab.dpdk.org/results/dashboard/patchsets/33192/

UNH-IOL DPDK Community Lab

To manage your email subscriptions, visit: 
https://lab.dpdk.org/results/dashboard/preferences/subscriptions/

^ permalink raw reply	[flat|nested] 22+ messages in thread

* |PENDING| pw153486-153487 [PATCH] [2/2] test/strsep: add tests for f
       [not found] <1747401734-6303-2-git-send-email-andremue@linux.microsoft.com>
                   ` (4 preceding siblings ...)
  2025-05-16 17:33 ` |SUCCESS| pw153486-153487 [PATCH] [2/2] test/strsep: add tests for f dpdklab
@ 2025-05-16 17:45 ` dpdklab
  2025-05-16 17:47 ` |SUCCESS| " dpdklab
                   ` (15 subsequent siblings)
  21 siblings, 0 replies; 22+ messages in thread
From: dpdklab @ 2025-05-16 17:45 UTC (permalink / raw)
  To: Test Report; +Cc: dpdk-test-reports

Test-Label: iol-unit-arm64-testing
Test-Status: PENDING
http://dpdk.org/patch/153487

_Testing pending_

Submitter: Andre Muezerie <andremue@linux.microsoft.com>
Date: Friday, May 16 2025 13:22:14 
DPDK git baseline: Repo:dpdk
  Branch: master
  CommitID:117e86c4b96ed761e9a7ab766261208fe81bf5ca

153486-153487 --> testing pending

Upstream job id: Generic-Unit-Test-DPDK#338549

Test environment and result as below:

+------------------------+--------------+---------------------------+------------------------------+----------------+
|      Environment       | lpm_autotest | cryptodev_sw_zuc_autotest | cryptodev_sw_snow3g_autotest | dpdk_unit_test |
+========================+==============+===========================+==============================+================+
| Ubuntu 20.04 ARM SVE   | PEND         | SKIPPED                   | SKIPPED                      | SKIPPED        |
+------------------------+--------------+---------------------------+------------------------------+----------------+
| Debian 12 (arm)        | SKIPPED      | PASS                      | PEND                         | PEND           |
+------------------------+--------------+---------------------------+------------------------------+----------------+
| CentOS Stream 9 (ARM)  | SKIPPED      | SKIPPED                   | SKIPPED                      | PEND           |
+------------------------+--------------+---------------------------+------------------------------+----------------+
| Fedora 40 (ARM)        | SKIPPED      | SKIPPED                   | SKIPPED                      | PEND           |
+------------------------+--------------+---------------------------+------------------------------+----------------+
| CentOS Stream 10 (ARM) | SKIPPED      | SKIPPED                   | SKIPPED                      | PEND           |
+------------------------+--------------+---------------------------+------------------------------+----------------+
| Fedora 41 (ARM Clang)  | SKIPPED      | SKIPPED                   | SKIPPED                      | PEND           |
+------------------------+--------------+---------------------------+------------------------------+----------------+
| Fedora 40 (ARM Clang)  | SKIPPED      | SKIPPED                   | SKIPPED                      | PEND           |
+------------------------+--------------+---------------------------+------------------------------+----------------+
| Ubuntu 22.04 (ARM)     | SKIPPED      | SKIPPED                   | SKIPPED                      | PEND           |
+------------------------+--------------+---------------------------+------------------------------+----------------+
| Ubuntu 20.04 (ARM)     | SKIPPED      | SKIPPED                   | SKIPPED                      | PEND           |
+------------------------+--------------+---------------------------+------------------------------+----------------+
| Ubuntu 24.04 (ARM)     | SKIPPED      | SKIPPED                   | SKIPPED                      | PEND           |
+------------------------+--------------+---------------------------+------------------------------+----------------+
| RHEL9 (ARM)            | SKIPPED      | SKIPPED                   | SKIPPED                      | PEND           |
+------------------------+--------------+---------------------------+------------------------------+----------------+
| Fedora 41 (ARM)        | SKIPPED      | SKIPPED                   | SKIPPED                      | PEND           |
+------------------------+--------------+---------------------------+------------------------------+----------------+


Ubuntu 20.04 ARM SVE
	Kernel: Depends on container host
	Compiler: gcc (Ubuntu 10.5.0-1ubuntu1~20.04) 10.5.0

Debian 12 (arm)
	Kernel: Depends on container host
	Compiler: gcc (Debian 12.2.0-14) 12.2.0

CentOS Stream 9 (ARM)
	Kernel: Depends on container host
	Compiler: gcc 11.5.0 20240719 (Red Hat 11.5.0-2)

Fedora 40 (ARM)
	Kernel: Depends on container host
	Compiler: gcc 14.2.1 20240912 (Red Hat 14.2.1-3)

CentOS Stream 10 (ARM)
	Kernel: Depends on container host
	Compiler: gcc 14.2.1 20241104 (Red Hat 14.2.1-6)

Fedora 41 (ARM Clang)
	Kernel: Depends on container host
	Compiler: clang 19.1.5 (Fedora 19.1.5-1.fc41)

Fedora 40 (ARM Clang)
	Kernel: Depends on container host
	Compiler: clang 18.1.8 (Fedora 18.1.8-1.fc40)

Ubuntu 22.04 (ARM)
	Kernel: Depends on container host
	Compiler: gcc (Ubuntu 11.4.0-1ubuntu1~22.04) 11.4.0

Ubuntu 20.04 (ARM)
	Kernel: Depends on container host
	Compiler: gcc (Ubuntu 9.4.0-1ubuntu1~20.04.2) 9.4.0

Ubuntu 24.04 (ARM)
	Kernel: Depends on container host
	Compiler: gcc (Ubuntu 13.3.0-6ubuntu2~24.04) 13.3.0

RHEL9 (ARM)
	Kernel: Depends on container host
	Compiler: gcc 11.5.0 20240719 (Red Hat 11.5.0-2)

Fedora 41 (ARM)
	Kernel: Depends on container host
	Compiler: gcc 14.2.1 20240912 (Red Hat 14.2.1-3)

To view detailed results, visit:
https://lab.dpdk.org/results/dashboard/patchsets/33192/

UNH-IOL DPDK Community Lab

To manage your email subscriptions, visit: 
https://lab.dpdk.org/results/dashboard/preferences/subscriptions/

^ permalink raw reply	[flat|nested] 22+ messages in thread

* |SUCCESS| pw153486-153487 [PATCH] [2/2] test/strsep: add tests for f
       [not found] <1747401734-6303-2-git-send-email-andremue@linux.microsoft.com>
                   ` (5 preceding siblings ...)
  2025-05-16 17:45 ` |PENDING| " dpdklab
@ 2025-05-16 17:47 ` dpdklab
  2025-05-16 17:48 ` dpdklab
                   ` (14 subsequent siblings)
  21 siblings, 0 replies; 22+ messages in thread
From: dpdklab @ 2025-05-16 17:47 UTC (permalink / raw)
  To: Test Report; +Cc: dpdk-test-reports

Test-Label: iol-intel-Functional
Test-Status: SUCCESS
http://dpdk.org/patch/153487

_Functional Testing PASS_

Submitter: Andre Muezerie <andremue@linux.microsoft.com>
Date: Friday, May 16 2025 13:22:14 
DPDK git baseline: Repo:dpdk
  Branch: master
  CommitID:117e86c4b96ed761e9a7ab766261208fe81bf5ca

153486-153487 --> functional testing pass

Upstream job id: Template-DTS-Pipeline#226280

Test environment and result as below:

Ubuntu 24.04 LTS
Kernel: 6.8.0-44-generic
Compiler: gcc 13.2.0
NIC: Intel Corporation Ethernet Controller XL710 for 40GbE QSFP+ 40 Mbps

Aggregate Results by Test Suite
+----------------------+--------+
|      Test Suite      | Result |
+======================+========+
| TestBlocklist        |  PASS  |
+----------------------+--------+
| TestMacFilter        |  PASS  |
+----------------------+--------+
| TestDynamicConfig    |  PASS  |
+----------------------+--------+
| TestDynamicQueueConf |  PASS  |
+----------------------+--------+
| TestPMDBufferScatter |  PASS  |
+----------------------+--------+
| TestPromiscSupport   |  PASS  |
+----------------------+--------+
| TestUniPkt           |  PASS  |
+----------------------+--------+


Ubuntu 24.04 LTS
Kernel: 6.8.0-55-generic
Compiler: gcc 13.3.0
NIC: Intel Corporation 4xxx Series QAT 0 Mbps

Aggregate Results by Test Suite
+----------------------------+--------+
|         Test Suite         | Result |
+============================+========+
| crypto_perf_cryptodev_perf |  PASS  |
+----------------------------+--------+


To view detailed results, visit:
https://lab.dpdk.org/results/dashboard/patchsets/33192/

UNH-IOL DPDK Community Lab

To manage your email subscriptions, visit: 
https://lab.dpdk.org/results/dashboard/preferences/subscriptions/

^ permalink raw reply	[flat|nested] 22+ messages in thread

* |SUCCESS| pw153486-153487 [PATCH] [2/2] test/strsep: add tests for f
       [not found] <1747401734-6303-2-git-send-email-andremue@linux.microsoft.com>
                   ` (7 preceding siblings ...)
  2025-05-16 17:48 ` dpdklab
@ 2025-05-16 17:48 ` dpdklab
  2025-05-16 17:48 ` dpdklab
                   ` (12 subsequent siblings)
  21 siblings, 0 replies; 22+ messages in thread
From: dpdklab @ 2025-05-16 17:48 UTC (permalink / raw)
  To: Test Report; +Cc: dpdk-test-reports

Test-Label: iol-intel-Performance
Test-Status: SUCCESS
http://dpdk.org/patch/153487

_Performance Testing PASS_

Submitter: Andre Muezerie <andremue@linux.microsoft.com>
Date: Friday, May 16 2025 13:22:14 
DPDK git baseline: Repo:dpdk
  Branch: master
  CommitID:117e86c4b96ed761e9a7ab766261208fe81bf5ca

153486-153487 --> performance testing pass

Upstream job id: Template-DTS-Pipeline#226269

Test environment and result as below:

22.04
Kernel: 5.15.0-94-generic
Compiler: gcc 11.4.0
NIC: Intel E810 100000 Mbps
Fail/Total: 0/2

Detail performance results: 
+------------+---------+----------+-------------+------------------------------+
| frame_size | txd/rxd | num_cpus | num_threads |  throughput difference from  |
|            |         |          |             |           expected           |
+============+=========+==========+=============+==============================+
| 64         | 512     | 1        | 1           | -0.3%                        |
+------------+---------+----------+-------------+------------------------------+
| 64         | 2048    | 1        | 1           | 1.1%                         |
+------------+---------+----------+-------------+------------------------------+

Ubuntu 20.04
Kernel: 5.4.0-122-generic
Compiler: gcc 9.4.0
NIC: Intel Corporation Ethernet Converged Network Adapter XL710-QDA2 40000 Mbps
Fail/Total: 0/4

Detail performance results: 
+----------+-------------+---------+------------+------------------------------+
| num_cpus | num_threads | txd/rxd | frame_size |  throughput difference from  |
|          |             |         |            |           expected           |
+==========+=============+=========+============+==============================+
| 1        | 2           | 512     | 64         | -1.0%                        |
+----------+-------------+---------+------------+------------------------------+
| 1        | 2           | 2048    | 64         | -2.0%                        |
+----------+-------------+---------+------------+------------------------------+
| 1        | 1           | 512     | 64         | 4.6%                         |
+----------+-------------+---------+------------+------------------------------+
| 1        | 1           | 2048    | 64         | -4.1%                        |
+----------+-------------+---------+------------+------------------------------+

Ubuntu 22.04
Kernel: 5.15.0-131-generic
Compiler: gcc (Ubuntu 11.4.0-1ubuntu1~22.04) 11.4.0
NIC: Intel Corporation Ethernet Converged Network Adapter 82599ES 10000 Mbps
Fail/Total: 0/6

Detail performance results: 
+----------+-------------+---------+------------+------------------------------+
| num_cpus | num_threads | txd/rxd | frame_size |  throughput difference from  |
|          |             |         |            |           expected           |
+==========+=============+=========+============+==============================+
| 1        | 2           | 128     | 64         | -0.3%                        |
+----------+-------------+---------+------------+------------------------------+
| 1        | 2           | 512     | 64         | 0.1%                         |
+----------+-------------+---------+------------+------------------------------+
| 1        | 2           | 2048    | 64         | -0.1%                        |
+----------+-------------+---------+------------+------------------------------+
| 1        | 1           | 128     | 64         | -0.1%                        |
+----------+-------------+---------+------------+------------------------------+
| 1        | 1           | 512     | 64         | -0.2%                        |
+----------+-------------+---------+------------+------------------------------+
| 1        | 1           | 2048    | 64         | 0.5%                         |
+----------+-------------+---------+------------+------------------------------+

Ubuntu 24.04
Kernel: 6.8.0-52-generic
Compiler: gcc 13.3.0
NIC: Intel E810 (Arm Grace Server) 100000 Mbps
Fail/Total: 0/2

Detail performance results: 
+------------+---------+----------+-------------+------------------------------+
| frame_size | txd/rxd | num_cpus | num_threads |  throughput difference from  |
|            |         |          |             |           expected           |
+============+=========+==========+=============+==============================+
| 64         | 512     | 1        | 1           | -0.2%                        |
+------------+---------+----------+-------------+------------------------------+
| 64         | 2048    | 1        | 1           | 0.2%                         |
+------------+---------+----------+-------------+------------------------------+

To view detailed results, visit:
https://lab.dpdk.org/results/dashboard/patchsets/33192/

UNH-IOL DPDK Community Lab

To manage your email subscriptions, visit: 
https://lab.dpdk.org/results/dashboard/preferences/subscriptions/

^ permalink raw reply	[flat|nested] 22+ messages in thread

* |SUCCESS| pw153486-153487 [PATCH] [2/2] test/strsep: add tests for f
       [not found] <1747401734-6303-2-git-send-email-andremue@linux.microsoft.com>
                   ` (6 preceding siblings ...)
  2025-05-16 17:47 ` |SUCCESS| " dpdklab
@ 2025-05-16 17:48 ` dpdklab
  2025-05-16 17:48 ` dpdklab
                   ` (13 subsequent siblings)
  21 siblings, 0 replies; 22+ messages in thread
From: dpdklab @ 2025-05-16 17:48 UTC (permalink / raw)
  To: Test Report; +Cc: dpdk-test-reports

Test-Label: iol-broadcom-Performance
Test-Status: SUCCESS
http://dpdk.org/patch/153487

_Performance Testing PASS_

Submitter: Andre Muezerie <andremue@linux.microsoft.com>
Date: Friday, May 16 2025 13:22:14 
DPDK git baseline: Repo:dpdk
  Branch: master
  CommitID:117e86c4b96ed761e9a7ab766261208fe81bf5ca

153486-153487 --> performance testing pass

Upstream job id: Template-DTS-Pipeline#226270

Test environment and result as below:

Ubuntu 22.04
Kernel: 5.15.0-100-generic
Compiler: gcc (Ubuntu 11.4.0-1ubuntu1~22.04) 11.4.0
NIC: Broadcom Inc. and subsidiaries BCM57414 NetXtreme-E 10Gb/25Gb RDMA Ethernet Controller 16d7 25 Mbps
Fail/Total: 0/3

Detail performance results: 
+------------+---------+----------+-------------+------------------------------+
| frame_size | txd/rxd | num_cpus | num_threads |  throughput difference from  |
|            |         |          |             |           expected           |
+============+=========+==========+=============+==============================+
| 64         | 128     | 1        | 1           | 166.9%                       |
+------------+---------+----------+-------------+------------------------------+
| 64         | 512     | 1        | 1           | 166.5%                       |
+------------+---------+----------+-------------+------------------------------+
| 64         | 2048    | 1        | 1           | 169.1%                       |
+------------+---------+----------+-------------+------------------------------+

Ubuntu 22.04 ARM
Kernel: 5.15.83+
Compiler: gcc 11.4.0
NIC: Arm Broadcom Inc. brcm_57414 25000 Mbps
Fail/Total: 0/2

Detail performance results: 
+------------+---------+----------+-------------+------------------------------+
| frame_size | txd/rxd | num_cpus | num_threads |  throughput difference from  |
|            |         |          |             |           expected           |
+============+=========+==========+=============+==============================+
| 64         | 512     | 1        | 1           | 0.1%                         |
+------------+---------+----------+-------------+------------------------------+
| 64         | 2048    | 1        | 1           | -0.2%                        |
+------------+---------+----------+-------------+------------------------------+

To view detailed results, visit:
https://lab.dpdk.org/results/dashboard/patchsets/33192/

UNH-IOL DPDK Community Lab

To manage your email subscriptions, visit: 
https://lab.dpdk.org/results/dashboard/preferences/subscriptions/

^ permalink raw reply	[flat|nested] 22+ messages in thread

* |SUCCESS| pw153486-153487 [PATCH] [2/2] test/strsep: add tests for f
       [not found] <1747401734-6303-2-git-send-email-andremue@linux.microsoft.com>
                   ` (8 preceding siblings ...)
  2025-05-16 17:48 ` dpdklab
@ 2025-05-16 17:48 ` dpdklab
  2025-05-16 17:51 ` dpdklab
                   ` (11 subsequent siblings)
  21 siblings, 0 replies; 22+ messages in thread
From: dpdklab @ 2025-05-16 17:48 UTC (permalink / raw)
  To: Ali Alnubani, Test Report; +Cc: dpdk-test-reports

Test-Label: iol-mellanox-Performance
Test-Status: SUCCESS
http://dpdk.org/patch/153487

_Performance Testing PASS_

Submitter: Andre Muezerie <andremue@linux.microsoft.com>
Date: Friday, May 16 2025 13:22:14 
DPDK git baseline: Repo:dpdk
  Branch: master
  CommitID:117e86c4b96ed761e9a7ab766261208fe81bf5ca

153486-153487 --> performance testing pass

Upstream job id: Template-DTS-Pipeline#226266

Test environment and result as below:

Ubuntu 24.04
Kernel: 6.8.0-45-generic
Compiler: gcc 13.2.0
NIC: NVIDIA Mellanox ConnectX-7 100000 Mbps
Fail/Total: 0/6

Detail performance results: 
+------------+---------+----------+-------------+------------------------------+
| frame_size | txd/rxd | num_cpus | num_threads |  throughput difference from  |
|            |         |          |             |           expected           |
+============+=========+==========+=============+==============================+
| 64         | 1024    | 1        | 1           | 0.3%                         |
+------------+---------+----------+-------------+------------------------------+
| 128        | 1024    | 1        | 1           | -1.1%                        |
+------------+---------+----------+-------------+------------------------------+
| 256        | 1024    | 1        | 1           | 1.6%                         |
+------------+---------+----------+-------------+------------------------------+
| 512        | 1024    | 1        | 1           | 0.1%                         |
+------------+---------+----------+-------------+------------------------------+
| 1024       | 1024    | 1        | 1           | -0.1%                        |
+------------+---------+----------+-------------+------------------------------+
| 1518       | 1024    | 1        | 1           | 0.1%                         |
+------------+---------+----------+-------------+------------------------------+

Ubuntu 24.04
Kernel: 6.8.0-45-generic
Compiler: gcc 13.2.0
NIC: Mellanox ConnectX-6 Lx 25000 Mbps
Fail/Total: 0/6

Detail performance results: 
+------------+---------+----------+-------------+------------------------------+
| frame_size | txd/rxd | num_cpus | num_threads |  throughput difference from  |
|            |         |          |             |           expected           |
+============+=========+==========+=============+==============================+
| 64         | 1024    | 1        | 1           | 0.1%                         |
+------------+---------+----------+-------------+------------------------------+
| 128        | 1024    | 1        | 1           | 0.1%                         |
+------------+---------+----------+-------------+------------------------------+
| 256        | 1024    | 1        | 1           | -0.2%                        |
+------------+---------+----------+-------------+------------------------------+
| 512        | 1024    | 1        | 1           | -0.2%                        |
+------------+---------+----------+-------------+------------------------------+
| 1024       | 1024    | 1        | 1           | -0.1%                        |
+------------+---------+----------+-------------+------------------------------+
| 1518       | 1024    | 1        | 1           | -0.1%                        |
+------------+---------+----------+-------------+------------------------------+

To view detailed results, visit:
https://lab.dpdk.org/results/dashboard/patchsets/33192/

UNH-IOL DPDK Community Lab

To manage your email subscriptions, visit: 
https://lab.dpdk.org/results/dashboard/preferences/subscriptions/

^ permalink raw reply	[flat|nested] 22+ messages in thread

* |SUCCESS| pw153486-153487 [PATCH] [2/2] test/strsep: add tests for f
       [not found] <1747401734-6303-2-git-send-email-andremue@linux.microsoft.com>
                   ` (9 preceding siblings ...)
  2025-05-16 17:48 ` dpdklab
@ 2025-05-16 17:51 ` dpdklab
  2025-05-16 17:52 ` |PENDING| " dpdklab
                   ` (10 subsequent siblings)
  21 siblings, 0 replies; 22+ messages in thread
From: dpdklab @ 2025-05-16 17:51 UTC (permalink / raw)
  To: Test Report; +Cc: dpdk-test-reports

Test-Label: iol-intel-Functional
Test-Status: SUCCESS
http://dpdk.org/patch/153487

_Functional Testing PASS_

Submitter: Andre Muezerie <andremue@linux.microsoft.com>
Date: Friday, May 16 2025 13:22:14 
DPDK git baseline: Repo:dpdk
  Branch: master
  CommitID:117e86c4b96ed761e9a7ab766261208fe81bf5ca

153486-153487 --> functional testing pass

Upstream job id: Template-DTS-Pipeline#226273

Test environment and result as below:

Ubuntu 24.04 LTS
Kernel: 6.8.0-44-generic
Compiler: gcc 13.2.0
NIC: Intel Corporation Ethernet Controller XL710 for 40GbE QSFP+ 40 Mbps

Aggregate Results by Test Suite
+----------------------+--------+
|      Test Suite      | Result |
+======================+========+
| TestBlocklist        |  PASS  |
+----------------------+--------+
| TestMacFilter        |  PASS  |
+----------------------+--------+
| TestDynamicConfig    |  PASS  |
+----------------------+--------+
| TestDynamicQueueConf |  PASS  |
+----------------------+--------+
| TestPMDBufferScatter |  PASS  |
+----------------------+--------+
| TestPromiscSupport   |  PASS  |
+----------------------+--------+
| TestUniPkt           |  PASS  |
+----------------------+--------+


Ubuntu 24.04 LTS
Kernel: 6.8.0-55-generic
Compiler: gcc 13.3.0
NIC: Intel Corporation 4xxx Series QAT 0 Mbps

Aggregate Results by Test Suite
+----------------------------+--------+
|         Test Suite         | Result |
+============================+========+
| crypto_perf_cryptodev_perf |  PASS  |
+----------------------------+--------+


Ubuntu 20.04
Kernel: 5.4.0-122-generic
Compiler: gcc 9.4.0
NIC: Intel Corporation Ethernet Converged Network Adapter XL710-QDA2 40000 Mbps

Aggregate Results by Test Suite
+-----------------------------+--------+
|         Test Suite          | Result |
+=============================+========+
| unit_tests_mbuf             |  PASS  |
+-----------------------------+--------+
| vhost_virtio_user_interrupt |  PASS  |
+-----------------------------+--------+
| virtio_smoke                |  PASS  |
+-----------------------------+--------+


To view detailed results, visit:
https://lab.dpdk.org/results/dashboard/patchsets/33192/

UNH-IOL DPDK Community Lab

To manage your email subscriptions, visit: 
https://lab.dpdk.org/results/dashboard/preferences/subscriptions/

^ permalink raw reply	[flat|nested] 22+ messages in thread

* |PENDING| pw153486-153487 [PATCH] [2/2] test/strsep: add tests for f
       [not found] <1747401734-6303-2-git-send-email-andremue@linux.microsoft.com>
                   ` (10 preceding siblings ...)
  2025-05-16 17:51 ` dpdklab
@ 2025-05-16 17:52 ` dpdklab
  2025-05-16 18:00 ` dpdklab
                   ` (9 subsequent siblings)
  21 siblings, 0 replies; 22+ messages in thread
From: dpdklab @ 2025-05-16 17:52 UTC (permalink / raw)
  To: Test Report; +Cc: dpdk-test-reports

Test-Label: iol-abi-testing
Test-Status: PENDING
http://dpdk.org/patch/153487

_Testing pending_

Submitter: Andre Muezerie <andremue@linux.microsoft.com>
Date: Friday, May 16 2025 13:22:14 
DPDK git baseline: Repo:dpdk
  Branch: master
  CommitID:117e86c4b96ed761e9a7ab766261208fe81bf5ca

153486-153487 --> testing pending

Upstream job id: Generic-DPDK-Compile-ABI#126703

Test environment and result as below:

+-------------------+----------+
|    Environment    | abi_test |
+===================+==========+
| CentOS Stream 9   | PASS     |
+-------------------+----------+
| CentOS Stream 10  | PEND     |
+-------------------+----------+
| Fedora 40 (Clang) | PEND     |
+-------------------+----------+
| Debian 12         | PEND     |
+-------------------+----------+
| Fedora 40         | PEND     |
+-------------------+----------+
| Fedora 41         | PEND     |
+-------------------+----------+
| Fedora 41 (Clang) | PEND     |
+-------------------+----------+
| RHEL9             | PEND     |
+-------------------+----------+
| RHEL8             | PEND     |
+-------------------+----------+
| openSUSE Leap 15  | PEND     |
+-------------------+----------+
| Ubuntu 24.04      | PEND     |
+-------------------+----------+
| Ubuntu 22.04      | PEND     |
+-------------------+----------+


CentOS Stream 9
	Kernel: Depends on container host
	Compiler: gcc 11.5.0 20240719 (Red Hat 11.5.0-2)

CentOS Stream 10
	Kernel: Depends on container host
	Compiler: gcc 14.2.1 20241104 (Red Hat 14.2.1-6)

Fedora 40 (Clang)
	Kernel: Depends on container host
	Compiler: clang 18.1.8 (Fedora 18.1.8-1.fc40)

Debian 12
	Kernel: Depends on container host
	Compiler: gcc (Debian 12.2.0-14) 12.2.0

Fedora 40
	Kernel: Depends on container host
	Compiler: gcc 14.2.1 20240912 (Red Hat 14.2.1-3)

Fedora 41
	Kernel: Depends on container host
	Compiler: gcc 14.2.1 20240912 (Red Hat 14.2.1-3)

Fedora 41 (Clang)
	Kernel: Depends on container host
	Compiler: clang 19.1.5 (Fedora 19.1.5-1.fc41)

RHEL9
	Kernel: Depends on container host
	Compiler: gcc 11.5.0 20240719 (Red Hat 11.5.0-2)

RHEL8
	Kernel: Depends on container host
	Compiler: gcc 8.5.0 20210514 (Red Hat 8.5.0-22)

openSUSE Leap 15
	Kernel: Depends on container host
	Compiler: gcc (SUSE Linux) 7.5.0

Ubuntu 24.04
	Kernel: Depends on container host
	Compiler: gcc (Ubuntu 13.3.0-6ubuntu2~24.04) 13.3.0

Ubuntu 22.04
	Kernel: Depends on container host
	Compiler: gcc (Ubuntu 11.4.0-1ubuntu1~22.04) 11.4.0

To view detailed results, visit:
https://lab.dpdk.org/results/dashboard/patchsets/33192/

UNH-IOL DPDK Community Lab

To manage your email subscriptions, visit: 
https://lab.dpdk.org/results/dashboard/preferences/subscriptions/

^ permalink raw reply	[flat|nested] 22+ messages in thread

* |PENDING| pw153486-153487 [PATCH] [2/2] test/strsep: add tests for f
       [not found] <1747401734-6303-2-git-send-email-andremue@linux.microsoft.com>
                   ` (11 preceding siblings ...)
  2025-05-16 17:52 ` |PENDING| " dpdklab
@ 2025-05-16 18:00 ` dpdklab
  2025-05-16 18:02 ` |SUCCESS| " dpdklab
                   ` (8 subsequent siblings)
  21 siblings, 0 replies; 22+ messages in thread
From: dpdklab @ 2025-05-16 18:00 UTC (permalink / raw)
  To: Test Report; +Cc: dpdk-test-reports

Test-Label: iol-compile-arm64-testing
Test-Status: PENDING
http://dpdk.org/patch/153487

_Testing pending_

Submitter: Andre Muezerie <andremue@linux.microsoft.com>
Date: Friday, May 16 2025 13:22:14 
DPDK git baseline: Repo:dpdk
  Branch: master
  CommitID:117e86c4b96ed761e9a7ab766261208fe81bf5ca

153486-153487 --> testing pending

Upstream job id: Generic-DPDK-Compile-Meson#388821

Test environment and result as below:

+--------------------------------------+--------------------+
|             Environment              | dpdk_meson_compile |
+======================================+====================+
| RHEL9 (ARM)                          | PEND               |
+--------------------------------------+--------------------+
| Ubuntu 20.04 ARM SVE                 | PASS               |
+--------------------------------------+--------------------+
| Fedora 40 (ARM)                      | PEND               |
+--------------------------------------+--------------------+
| Debian 12 with MUSDK                 | PEND               |
+--------------------------------------+--------------------+
| Fedora 40 (ARM Clang)                | PEND               |
+--------------------------------------+--------------------+
| Fedora 41 (ARM)                      | PEND               |
+--------------------------------------+--------------------+
| Fedora 41 (ARM Clang)                | PEND               |
+--------------------------------------+--------------------+
| Ubuntu 20.04 (ARM)                   | PEND               |
+--------------------------------------+--------------------+
| Ubuntu 22.04 (ARM)                   | PEND               |
+--------------------------------------+--------------------+
| Ubuntu 24.04 (ARM)                   | PEND               |
+--------------------------------------+--------------------+
| CentOS Stream 9 (ARM)                | PEND               |
+--------------------------------------+--------------------+
| CentOS Stream 10 (ARM)               | PEND               |
+--------------------------------------+--------------------+
| Debian 12 (arm)                      | PEND               |
+--------------------------------------+--------------------+
| Ubuntu 20.04 ARM Clang Cross Compile | PEND               |
+--------------------------------------+--------------------+


RHEL9 (ARM)
	Kernel: Depends on container host
	Compiler: gcc 11.5.0 20240719 (Red Hat 11.5.0-2)

Ubuntu 20.04 ARM SVE
	Kernel: Depends on container host
	Compiler: gcc (Ubuntu 10.5.0-1ubuntu1~20.04) 10.5.0

Fedora 40 (ARM)
	Kernel: Depends on container host
	Compiler: gcc 14.2.1 20240912 (Red Hat 14.2.1-3)

Debian 12 with MUSDK
	Kernel: Depends on container host
	Compiler: gcc (Debian 12.2.0-14) 12.2.0

Fedora 40 (ARM Clang)
	Kernel: Depends on container host
	Compiler: clang 18.1.8 (Fedora 18.1.8-1.fc40)

Fedora 41 (ARM)
	Kernel: Depends on container host
	Compiler: gcc 14.2.1 20240912 (Red Hat 14.2.1-3)

Fedora 41 (ARM Clang)
	Kernel: Depends on container host
	Compiler: clang 19.1.5 (Fedora 19.1.5-1.fc41)

Ubuntu 20.04 (ARM)
	Kernel: Depends on container host
	Compiler: gcc (Ubuntu 9.4.0-1ubuntu1~20.04.2) 9.4.0

Ubuntu 22.04 (ARM)
	Kernel: Depends on container host
	Compiler: gcc (Ubuntu 11.4.0-1ubuntu1~22.04) 11.4.0

Ubuntu 24.04 (ARM)
	Kernel: Depends on container host
	Compiler: gcc (Ubuntu 13.3.0-6ubuntu2~24.04) 13.3.0

CentOS Stream 9 (ARM)
	Kernel: Depends on container host
	Compiler: gcc 11.5.0 20240719 (Red Hat 11.5.0-2)

CentOS Stream 10 (ARM)
	Kernel: Depends on container host
	Compiler: gcc 14.2.1 20241104 (Red Hat 14.2.1-6)

Debian 12 (arm)
	Kernel: Depends on container host
	Compiler: gcc (Debian 12.2.0-14) 12.2.0

Ubuntu 20.04 ARM Clang Cross Compile
	Kernel: Depends on container host
	Compiler: clang 10.0.0-4ubuntu1

To view detailed results, visit:
https://lab.dpdk.org/results/dashboard/patchsets/33192/

UNH-IOL DPDK Community Lab

To manage your email subscriptions, visit: 
https://lab.dpdk.org/results/dashboard/preferences/subscriptions/

^ permalink raw reply	[flat|nested] 22+ messages in thread

* |SUCCESS| pw153486-153487 [PATCH] [2/2] test/strsep: add tests for f
       [not found] <1747401734-6303-2-git-send-email-andremue@linux.microsoft.com>
                   ` (12 preceding siblings ...)
  2025-05-16 18:00 ` dpdklab
@ 2025-05-16 18:02 ` dpdklab
  2025-05-16 18:07 ` |PENDING| " dpdklab
                   ` (7 subsequent siblings)
  21 siblings, 0 replies; 22+ messages in thread
From: dpdklab @ 2025-05-16 18:02 UTC (permalink / raw)
  To: Test Report; +Cc: dpdk-test-reports

Test-Label: iol-intel-Functional
Test-Status: SUCCESS
http://dpdk.org/patch/153487

_Functional Testing PASS_

Submitter: Andre Muezerie <andremue@linux.microsoft.com>
Date: Friday, May 16 2025 13:22:14 
DPDK git baseline: Repo:dpdk
  Branch: master
  CommitID:117e86c4b96ed761e9a7ab766261208fe81bf5ca

153486-153487 --> functional testing pass

Upstream job id: Template-DTS-Pipeline#226274

Test environment and result as below:

Ubuntu 24.04 LTS
Kernel: 6.8.0-44-generic
Compiler: gcc 13.2.0
NIC: Intel Corporation Ethernet Controller XL710 for 40GbE QSFP+ 40 Mbps

Aggregate Results by Test Suite
+----------------------+--------+
|      Test Suite      | Result |
+======================+========+
| TestBlocklist        |  PASS  |
+----------------------+--------+
| TestMacFilter        |  PASS  |
+----------------------+--------+
| TestDynamicConfig    |  PASS  |
+----------------------+--------+
| TestDynamicQueueConf |  PASS  |
+----------------------+--------+
| TestPMDBufferScatter |  PASS  |
+----------------------+--------+
| TestPromiscSupport   |  PASS  |
+----------------------+--------+
| TestUniPkt           |  PASS  |
+----------------------+--------+


Ubuntu 24.04 LTS
Kernel: 6.8.0-55-generic
Compiler: gcc 13.3.0
NIC: Intel Corporation 4xxx Series QAT 0 Mbps

Aggregate Results by Test Suite
+----------------------------+--------+
|         Test Suite         | Result |
+============================+========+
| crypto_perf_cryptodev_perf |  PASS  |
+----------------------------+--------+


Ubuntu 20.04
Kernel: 5.4.0-122-generic
Compiler: gcc 9.4.0
NIC: Intel Corporation Ethernet Converged Network Adapter XL710-QDA2 40000 Mbps

Aggregate Results by Test Suite
+-----------------------------+--------+
|         Test Suite          | Result |
+=============================+========+
| unit_tests_mbuf             |  PASS  |
+-----------------------------+--------+
| vhost_virtio_user_interrupt |  PASS  |
+-----------------------------+--------+
| virtio_smoke                |  PASS  |
+-----------------------------+--------+


Ubuntu 22.04
Kernel: 5.15.0-131-generic
Compiler: gcc (Ubuntu 11.4.0-1ubuntu1~22.04) 11.4.0
NIC: Intel Corporation Ethernet Converged Network Adapter 82599ES 10000 Mbps

Aggregate Results by Test Suite
+-----------------------------+--------+
|         Test Suite          | Result |
+=============================+========+
| unit_tests_mbuf             |  PASS  |
+-----------------------------+--------+
| vhost_virtio_user_interrupt |  PASS  |
+-----------------------------+--------+
| virtio_smoke                |  PASS  |
+-----------------------------+--------+


To view detailed results, visit:
https://lab.dpdk.org/results/dashboard/patchsets/33192/

UNH-IOL DPDK Community Lab

To manage your email subscriptions, visit: 
https://lab.dpdk.org/results/dashboard/preferences/subscriptions/

^ permalink raw reply	[flat|nested] 22+ messages in thread

* |PENDING| pw153486-153487 [PATCH] [2/2] test/strsep: add tests for f
       [not found] <1747401734-6303-2-git-send-email-andremue@linux.microsoft.com>
                   ` (13 preceding siblings ...)
  2025-05-16 18:02 ` |SUCCESS| " dpdklab
@ 2025-05-16 18:07 ` dpdklab
  2025-05-16 18:22 ` |SUCCESS| " dpdklab
                   ` (6 subsequent siblings)
  21 siblings, 0 replies; 22+ messages in thread
From: dpdklab @ 2025-05-16 18:07 UTC (permalink / raw)
  To: Test Report; +Cc: dpdk-test-reports

Test-Label: iol-unit-amd64-testing
Test-Status: PENDING
http://dpdk.org/patch/153487

_Testing pending_

Submitter: Andre Muezerie <andremue@linux.microsoft.com>
Date: Friday, May 16 2025 13:22:14 
DPDK git baseline: Repo:dpdk
  Branch: master
  CommitID:117e86c4b96ed761e9a7ab766261208fe81bf5ca

153486-153487 --> testing pending

Upstream job id: Generic-Unit-Test-DPDK#338553

Test environment and result as below:

+---------------------+----------------+
|     Environment     | dpdk_unit_test |
+=====================+================+
| CentOS Stream 10    | PASS           |
+---------------------+----------------+
| CentOS Stream 9     | PEND           |
+---------------------+----------------+
| RHEL9               | PEND           |
+---------------------+----------------+
| Debian 12           | PEND           |
+---------------------+----------------+
| Fedora 40           | PEND           |
+---------------------+----------------+
| RHEL8               | PEND           |
+---------------------+----------------+
| Fedora 40 (Clang)   | PEND           |
+---------------------+----------------+
| Fedora 41           | PEND           |
+---------------------+----------------+
| Ubuntu 20.04        | PEND           |
+---------------------+----------------+
| Ubuntu 22.04        | PEND           |
+---------------------+----------------+
| Fedora 41 (Clang)   | PEND           |
+---------------------+----------------+
| Ubuntu 24.04        | PEND           |
+---------------------+----------------+
| Windows Server 2022 | PEND           |
+---------------------+----------------+


CentOS Stream 10
	Kernel: Depends on container host
	Compiler: gcc 14.2.1 20241104 (Red Hat 14.2.1-6)

CentOS Stream 9
	Kernel: Depends on container host
	Compiler: gcc 11.5.0 20240719 (Red Hat 11.5.0-2)

RHEL9
	Kernel: Depends on container host
	Compiler: gcc 11.5.0 20240719 (Red Hat 11.5.0-2)

Debian 12
	Kernel: Depends on container host
	Compiler: gcc (Debian 12.2.0-14) 12.2.0

Fedora 40
	Kernel: Depends on container host
	Compiler: gcc 14.2.1 20240912 (Red Hat 14.2.1-3)

RHEL8
	Kernel: Depends on container host
	Compiler: gcc 8.5.0 20210514 (Red Hat 8.5.0-22)

Fedora 40 (Clang)
	Kernel: Depends on container host
	Compiler: clang 18.1.8 (Fedora 18.1.8-1.fc40)

Fedora 41
	Kernel: Depends on container host
	Compiler: gcc 14.2.1 20240912 (Red Hat 14.2.1-3)

Ubuntu 20.04
	Kernel: Depends on container host
	Compiler: gcc (Ubuntu 9.4.0-1ubuntu1~20.04.2) 9.4.0

Ubuntu 22.04
	Kernel: Depends on container host
	Compiler: gcc (Ubuntu 11.4.0-1ubuntu1~22.04) 11.4.0

Fedora 41 (Clang)
	Kernel: Depends on container host
	Compiler: clang 19.1.5 (Fedora 19.1.5-1.fc41)

Ubuntu 24.04
	Kernel: Depends on container host
	Compiler: gcc (Ubuntu 13.3.0-6ubuntu2~24.04) 13.3.0

Windows Server 2022
	Kernel: 10.0.20348.2031
	Compiler: clang 15.0.7, gcc 14.1.0 (MinGW), and MSVC VS 19.39.33521

To view detailed results, visit:
https://lab.dpdk.org/results/dashboard/patchsets/33192/

UNH-IOL DPDK Community Lab

To manage your email subscriptions, visit: 
https://lab.dpdk.org/results/dashboard/preferences/subscriptions/

^ permalink raw reply	[flat|nested] 22+ messages in thread

* |SUCCESS| pw153486-153487 [PATCH] [2/2] test/strsep: add tests for f
       [not found] <1747401734-6303-2-git-send-email-andremue@linux.microsoft.com>
                   ` (14 preceding siblings ...)
  2025-05-16 18:07 ` |PENDING| " dpdklab
@ 2025-05-16 18:22 ` dpdklab
  2025-05-16 18:26 ` dpdklab
                   ` (5 subsequent siblings)
  21 siblings, 0 replies; 22+ messages in thread
From: dpdklab @ 2025-05-16 18:22 UTC (permalink / raw)
  To: Test Report; +Cc: dpdk-test-reports

Test-Label: iol-sample-apps-testing
Test-Status: SUCCESS
http://dpdk.org/patch/153487

_Testing PASS_

Submitter: Andre Muezerie <andremue@linux.microsoft.com>
Date: Friday, May 16 2025 13:22:14 
DPDK git baseline: Repo:dpdk
  Branch: master
  CommitID:117e86c4b96ed761e9a7ab766261208fe81bf5ca

153486-153487 --> testing pass

Upstream job id: Template-DTS-Pipeline#226278

Test environment and result as below:

+--------------+----------------------+
| Environment  | compressdev_zlib_pmd |
+==============+======================+
| Ubuntu 22.04 | PASS                 |
+--------------+----------------------+


Ubuntu 22.04
	Kernel: 5.15.0-100-generic
	Compiler: gcc gcc (Ubuntu 11.4.0-1ubuntu1~22.04) 11.4.0

To view detailed results, visit:
https://lab.dpdk.org/results/dashboard/patchsets/33192/

UNH-IOL DPDK Community Lab

To manage your email subscriptions, visit: 
https://lab.dpdk.org/results/dashboard/preferences/subscriptions/

^ permalink raw reply	[flat|nested] 22+ messages in thread

* |SUCCESS| pw153486-153487 [PATCH] [2/2] test/strsep: add tests for f
       [not found] <1747401734-6303-2-git-send-email-andremue@linux.microsoft.com>
                   ` (15 preceding siblings ...)
  2025-05-16 18:22 ` |SUCCESS| " dpdklab
@ 2025-05-16 18:26 ` dpdklab
  2025-05-16 18:48 ` dpdklab
                   ` (4 subsequent siblings)
  21 siblings, 0 replies; 22+ messages in thread
From: dpdklab @ 2025-05-16 18:26 UTC (permalink / raw)
  To: Test Report; +Cc: dpdk-test-reports

Test-Label: iol-intel-Functional
Test-Status: SUCCESS
http://dpdk.org/patch/153487

_Functional Testing PASS_

Submitter: Andre Muezerie <andremue@linux.microsoft.com>
Date: Friday, May 16 2025 13:22:14 
DPDK git baseline: Repo:dpdk
  Branch: master
  CommitID:117e86c4b96ed761e9a7ab766261208fe81bf5ca

153486-153487 --> functional testing pass

Upstream job id: Template-DTS-Pipeline#226276

Test environment and result as below:

Ubuntu 24.04 LTS
Kernel: 6.8.0-44-generic
Compiler: gcc 13.2.0
NIC: Intel Corporation Ethernet Controller XL710 for 40GbE QSFP+ 40 Mbps

Aggregate Results by Test Suite
+----------------------+--------+
|      Test Suite      | Result |
+======================+========+
| TestBlocklist        |  PASS  |
+----------------------+--------+
| TestMacFilter        |  PASS  |
+----------------------+--------+
| TestDynamicConfig    |  PASS  |
+----------------------+--------+
| TestDynamicQueueConf |  PASS  |
+----------------------+--------+
| TestPMDBufferScatter |  PASS  |
+----------------------+--------+
| TestPromiscSupport   |  PASS  |
+----------------------+--------+
| TestUniPkt           |  PASS  |
+----------------------+--------+


Ubuntu 24.04 LTS
Kernel: 6.8.0-55-generic
Compiler: gcc 13.3.0
NIC: Intel Corporation 4xxx Series QAT 0 Mbps

Aggregate Results by Test Suite
+----------------------------+--------+
|         Test Suite         | Result |
+============================+========+
| crypto_perf_cryptodev_perf |  PASS  |
+----------------------------+--------+


Arm Ampere Altra - Ubuntu 22.04
Kernel: 5.15.83+
Compiler: gcc 11.4
NIC: Intel Corporation QAT 8970 0 Mbps

Aggregate Results by Test Suite
+----------------------------+--------+
|         Test Suite         | Result |
+============================+========+
| crypto_perf_cryptodev_perf |  PASS  |
+----------------------------+--------+


Ubuntu 20.04
Kernel: 5.4.0-122-generic
Compiler: gcc 9.4.0
NIC: Intel Corporation Ethernet Converged Network Adapter XL710-QDA2 40000 Mbps

Aggregate Results by Test Suite
+-----------------------------+--------+
|         Test Suite          | Result |
+=============================+========+
| unit_tests_mbuf             |  PASS  |
+-----------------------------+--------+
| vhost_virtio_user_interrupt |  PASS  |
+-----------------------------+--------+
| virtio_smoke                |  PASS  |
+-----------------------------+--------+


Ubuntu 22.04
Kernel: 5.15.0-131-generic
Compiler: gcc (Ubuntu 11.4.0-1ubuntu1~22.04) 11.4.0
NIC: Intel Corporation Ethernet Converged Network Adapter 82599ES 10000 Mbps

Aggregate Results by Test Suite
+-----------------------------+--------+
|         Test Suite          | Result |
+=============================+========+
| unit_tests_mbuf             |  PASS  |
+-----------------------------+--------+
| vhost_virtio_user_interrupt |  PASS  |
+-----------------------------+--------+
| virtio_smoke                |  PASS  |
+-----------------------------+--------+


To view detailed results, visit:
https://lab.dpdk.org/results/dashboard/patchsets/33192/

UNH-IOL DPDK Community Lab

To manage your email subscriptions, visit: 
https://lab.dpdk.org/results/dashboard/preferences/subscriptions/

^ permalink raw reply	[flat|nested] 22+ messages in thread

* |SUCCESS| pw153486-153487 [PATCH] [2/2] test/strsep: add tests for f
       [not found] <1747401734-6303-2-git-send-email-andremue@linux.microsoft.com>
                   ` (16 preceding siblings ...)
  2025-05-16 18:26 ` dpdklab
@ 2025-05-16 18:48 ` dpdklab
  2025-05-16 18:49 ` dpdklab
                   ` (3 subsequent siblings)
  21 siblings, 0 replies; 22+ messages in thread
From: dpdklab @ 2025-05-16 18:48 UTC (permalink / raw)
  To: Test Report; +Cc: dpdk-test-reports

Test-Label: iol-unit-amd64-testing
Test-Status: SUCCESS
http://dpdk.org/patch/153487

_Testing PASS_

Submitter: Andre Muezerie <andremue@linux.microsoft.com>
Date: Friday, May 16 2025 13:22:14 
DPDK git baseline: Repo:dpdk
  Branch: master
  CommitID:117e86c4b96ed761e9a7ab766261208fe81bf5ca

153486-153487 --> testing pass

Upstream job id: Generic-Unit-Test-DPDK#338563

Test environment and result as below:

+---------------------+----------------+
|     Environment     | dpdk_unit_test |
+=====================+================+
| CentOS Stream 10    | PASS           |
+---------------------+----------------+
| CentOS Stream 9     | PASS           |
+---------------------+----------------+
| RHEL9               | PASS           |
+---------------------+----------------+
| Debian 12           | PASS           |
+---------------------+----------------+
| Fedora 40           | PASS           |
+---------------------+----------------+
| RHEL8               | PASS           |
+---------------------+----------------+
| Fedora 40 (Clang)   | PASS           |
+---------------------+----------------+
| Fedora 41           | PASS           |
+---------------------+----------------+
| Ubuntu 20.04        | PASS           |
+---------------------+----------------+
| Ubuntu 22.04        | PASS           |
+---------------------+----------------+
| Fedora 41 (Clang)   | PASS           |
+---------------------+----------------+
| Ubuntu 24.04        | PASS           |
+---------------------+----------------+
| Windows Server 2022 | PASS           |
+---------------------+----------------+


CentOS Stream 10
	Kernel: Depends on container host
	Compiler: gcc 14.2.1 20241104 (Red Hat 14.2.1-6)

CentOS Stream 9
	Kernel: Depends on container host
	Compiler: gcc 11.5.0 20240719 (Red Hat 11.5.0-2)

RHEL9
	Kernel: Depends on container host
	Compiler: gcc 11.5.0 20240719 (Red Hat 11.5.0-2)

Debian 12
	Kernel: Depends on container host
	Compiler: gcc (Debian 12.2.0-14) 12.2.0

Fedora 40
	Kernel: Depends on container host
	Compiler: gcc 14.2.1 20240912 (Red Hat 14.2.1-3)

RHEL8
	Kernel: Depends on container host
	Compiler: gcc 8.5.0 20210514 (Red Hat 8.5.0-22)

Fedora 40 (Clang)
	Kernel: Depends on container host
	Compiler: clang 18.1.8 (Fedora 18.1.8-1.fc40)

Fedora 41
	Kernel: Depends on container host
	Compiler: gcc 14.2.1 20240912 (Red Hat 14.2.1-3)

Ubuntu 20.04
	Kernel: Depends on container host
	Compiler: gcc (Ubuntu 9.4.0-1ubuntu1~20.04.2) 9.4.0

Ubuntu 22.04
	Kernel: Depends on container host
	Compiler: gcc (Ubuntu 11.4.0-1ubuntu1~22.04) 11.4.0

Fedora 41 (Clang)
	Kernel: Depends on container host
	Compiler: clang 19.1.5 (Fedora 19.1.5-1.fc41)

Ubuntu 24.04
	Kernel: Depends on container host
	Compiler: gcc (Ubuntu 13.3.0-6ubuntu2~24.04) 13.3.0

Windows Server 2022
	Kernel: 10.0.20348.2031
	Compiler: clang 15.0.7, gcc 14.1.0 (MinGW), and MSVC VS 19.39.33521

To view detailed results, visit:
https://lab.dpdk.org/results/dashboard/patchsets/33192/

UNH-IOL DPDK Community Lab

To manage your email subscriptions, visit: 
https://lab.dpdk.org/results/dashboard/preferences/subscriptions/

^ permalink raw reply	[flat|nested] 22+ messages in thread

* |SUCCESS| pw153486-153487 [PATCH] [2/2] test/strsep: add tests for f
       [not found] <1747401734-6303-2-git-send-email-andremue@linux.microsoft.com>
                   ` (17 preceding siblings ...)
  2025-05-16 18:48 ` dpdklab
@ 2025-05-16 18:49 ` dpdklab
  2025-05-16 18:54 ` dpdklab
                   ` (2 subsequent siblings)
  21 siblings, 0 replies; 22+ messages in thread
From: dpdklab @ 2025-05-16 18:49 UTC (permalink / raw)
  To: Test Report; +Cc: dpdk-test-reports

Test-Label: iol-unit-amd64-testing
Test-Status: SUCCESS
http://dpdk.org/patch/153487

_Testing PASS_

Submitter: Andre Muezerie <andremue@linux.microsoft.com>
Date: Friday, May 16 2025 13:22:14 
DPDK git baseline: Repo:dpdk
  Branch: master
  CommitID:117e86c4b96ed761e9a7ab766261208fe81bf5ca

153486-153487 --> testing pass

Upstream job id: Generic-VM-Unit-Test-DPDK#28580

Test environment and result as below:

+---------------------+----------------+
|     Environment     | dpdk_unit_test |
+=====================+================+
| CentOS Stream 10    | PASS           |
+---------------------+----------------+
| CentOS Stream 9     | PASS           |
+---------------------+----------------+
| RHEL9               | PASS           |
+---------------------+----------------+
| Debian 12           | PASS           |
+---------------------+----------------+
| Fedora 40           | PASS           |
+---------------------+----------------+
| RHEL8               | PASS           |
+---------------------+----------------+
| Fedora 40 (Clang)   | PASS           |
+---------------------+----------------+
| Fedora 41           | PASS           |
+---------------------+----------------+
| Ubuntu 20.04        | PASS           |
+---------------------+----------------+
| Ubuntu 22.04        | PASS           |
+---------------------+----------------+
| Fedora 41 (Clang)   | PASS           |
+---------------------+----------------+
| Ubuntu 24.04        | PASS           |
+---------------------+----------------+
| Windows Server 2022 | PASS           |
+---------------------+----------------+


CentOS Stream 10
	Kernel: Depends on container host
	Compiler: gcc 14.2.1 20241104 (Red Hat 14.2.1-6)

CentOS Stream 9
	Kernel: Depends on container host
	Compiler: gcc 11.5.0 20240719 (Red Hat 11.5.0-2)

RHEL9
	Kernel: Depends on container host
	Compiler: gcc 11.5.0 20240719 (Red Hat 11.5.0-2)

Debian 12
	Kernel: Depends on container host
	Compiler: gcc (Debian 12.2.0-14) 12.2.0

Fedora 40
	Kernel: Depends on container host
	Compiler: gcc 14.2.1 20240912 (Red Hat 14.2.1-3)

RHEL8
	Kernel: Depends on container host
	Compiler: gcc 8.5.0 20210514 (Red Hat 8.5.0-22)

Fedora 40 (Clang)
	Kernel: Depends on container host
	Compiler: clang 18.1.8 (Fedora 18.1.8-1.fc40)

Fedora 41
	Kernel: Depends on container host
	Compiler: gcc 14.2.1 20240912 (Red Hat 14.2.1-3)

Ubuntu 20.04
	Kernel: Depends on container host
	Compiler: gcc (Ubuntu 9.4.0-1ubuntu1~20.04.2) 9.4.0

Ubuntu 22.04
	Kernel: Depends on container host
	Compiler: gcc (Ubuntu 11.4.0-1ubuntu1~22.04) 11.4.0

Fedora 41 (Clang)
	Kernel: Depends on container host
	Compiler: clang 19.1.5 (Fedora 19.1.5-1.fc41)

Ubuntu 24.04
	Kernel: Depends on container host
	Compiler: gcc (Ubuntu 13.3.0-6ubuntu2~24.04) 13.3.0

Windows Server 2022
	Kernel: 10.0.20348.2031
	Compiler: clang 15.0.7, gcc 14.1.0 (MinGW), and MSVC VS 19.39.33521

To view detailed results, visit:
https://lab.dpdk.org/results/dashboard/patchsets/33192/

UNH-IOL DPDK Community Lab

To manage your email subscriptions, visit: 
https://lab.dpdk.org/results/dashboard/preferences/subscriptions/

^ permalink raw reply	[flat|nested] 22+ messages in thread

* |SUCCESS| pw153486-153487 [PATCH] [2/2] test/strsep: add tests for f
       [not found] <1747401734-6303-2-git-send-email-andremue@linux.microsoft.com>
                   ` (18 preceding siblings ...)
  2025-05-16 18:49 ` dpdklab
@ 2025-05-16 18:54 ` dpdklab
  2025-05-16 18:57 ` dpdklab
  2025-05-16 21:07 ` dpdklab
  21 siblings, 0 replies; 22+ messages in thread
From: dpdklab @ 2025-05-16 18:54 UTC (permalink / raw)
  To: Test Report; +Cc: dpdk-test-reports

Test-Label: iol-unit-arm64-testing
Test-Status: SUCCESS
http://dpdk.org/patch/153487

_Testing PASS_

Submitter: Andre Muezerie <andremue@linux.microsoft.com>
Date: Friday, May 16 2025 13:22:14 
DPDK git baseline: Repo:dpdk
  Branch: master
  CommitID:117e86c4b96ed761e9a7ab766261208fe81bf5ca

153486-153487 --> testing pass

Upstream job id: Generic-Unit-Test-DPDK#338560

Test environment and result as below:

+-----------------------------+--------------+---------------------------+------------------------------+----------------+
|         Environment         | lpm_autotest | cryptodev_sw_zuc_autotest | cryptodev_sw_snow3g_autotest | dpdk_unit_test |
+=============================+==============+===========================+==============================+================+
| Ubuntu 20.04 ARM SVE        | PASS         | SKIPPED                   | SKIPPED                      | SKIPPED        |
+-----------------------------+--------------+---------------------------+------------------------------+----------------+
| Debian 12 (arm)             | SKIPPED      | PASS                      | PASS                         | PASS           |
+-----------------------------+--------------+---------------------------+------------------------------+----------------+
| CentOS Stream 9 (ARM)       | SKIPPED      | SKIPPED                   | SKIPPED                      | PASS           |
+-----------------------------+--------------+---------------------------+------------------------------+----------------+
| Fedora 40 (ARM)             | SKIPPED      | SKIPPED                   | SKIPPED                      | PASS           |
+-----------------------------+--------------+---------------------------+------------------------------+----------------+
| CentOS Stream 10 (ARM)      | SKIPPED      | SKIPPED                   | SKIPPED                      | PASS           |
+-----------------------------+--------------+---------------------------+------------------------------+----------------+
| Fedora 41 (ARM Clang)       | SKIPPED      | SKIPPED                   | SKIPPED                      | PASS           |
+-----------------------------+--------------+---------------------------+------------------------------+----------------+
| Fedora 40 (ARM Clang)       | SKIPPED      | SKIPPED                   | SKIPPED                      | PASS           |
+-----------------------------+--------------+---------------------------+------------------------------+----------------+
| Ubuntu 22.04 (ARM)          | SKIPPED      | SKIPPED                   | SKIPPED                      | PASS           |
+-----------------------------+--------------+---------------------------+------------------------------+----------------+
| Ubuntu 20.04 (ARM)          | SKIPPED      | SKIPPED                   | SKIPPED                      | PASS           |
+-----------------------------+--------------+---------------------------+------------------------------+----------------+
| Ubuntu 24.04 (ARM)          | SKIPPED      | SKIPPED                   | SKIPPED                      | PASS           |
+-----------------------------+--------------+---------------------------+------------------------------+----------------+
| RHEL9 (ARM)                 | SKIPPED      | SKIPPED                   | SKIPPED                      | PASS           |
+-----------------------------+--------------+---------------------------+------------------------------+----------------+
| Fedora 41 (ARM)             | SKIPPED      | SKIPPED                   | SKIPPED                      | PASS           |
+-----------------------------+--------------+---------------------------+------------------------------+----------------+
| 32-bit Ubuntu 22.04.4 (ARM) | SKIPPED      | SKIPPED                   | SKIPPED                      | PASS           |
+-----------------------------+--------------+---------------------------+------------------------------+----------------+


Ubuntu 20.04 ARM SVE
	Kernel: Depends on container host
	Compiler: gcc (Ubuntu 10.5.0-1ubuntu1~20.04) 10.5.0

Debian 12 (arm)
	Kernel: Depends on container host
	Compiler: gcc (Debian 12.2.0-14) 12.2.0

CentOS Stream 9 (ARM)
	Kernel: Depends on container host
	Compiler: gcc 11.5.0 20240719 (Red Hat 11.5.0-2)

Fedora 40 (ARM)
	Kernel: Depends on container host
	Compiler: gcc 14.2.1 20240912 (Red Hat 14.2.1-3)

CentOS Stream 10 (ARM)
	Kernel: Depends on container host
	Compiler: gcc 14.2.1 20241104 (Red Hat 14.2.1-6)

Fedora 41 (ARM Clang)
	Kernel: Depends on container host
	Compiler: clang 19.1.5 (Fedora 19.1.5-1.fc41)

Fedora 40 (ARM Clang)
	Kernel: Depends on container host
	Compiler: clang 18.1.8 (Fedora 18.1.8-1.fc40)

Ubuntu 22.04 (ARM)
	Kernel: Depends on container host
	Compiler: gcc (Ubuntu 11.4.0-1ubuntu1~22.04) 11.4.0

Ubuntu 20.04 (ARM)
	Kernel: Depends on container host
	Compiler: gcc (Ubuntu 9.4.0-1ubuntu1~20.04.2) 9.4.0

Ubuntu 24.04 (ARM)
	Kernel: Depends on container host
	Compiler: gcc (Ubuntu 13.3.0-6ubuntu2~24.04) 13.3.0

RHEL9 (ARM)
	Kernel: Depends on container host
	Compiler: gcc 11.5.0 20240719 (Red Hat 11.5.0-2)

Fedora 41 (ARM)
	Kernel: Depends on container host
	Compiler: gcc 14.2.1 20240912 (Red Hat 14.2.1-3)

32-bit Ubuntu 22.04.4 (ARM)
	Kernel: 5.15.83+ aarch64
	Compiler: gcc (Ubuntu 11.4.0-1ubuntu1~22.04) 11.4.0

To view detailed results, visit:
https://lab.dpdk.org/results/dashboard/patchsets/33192/

UNH-IOL DPDK Community Lab

To manage your email subscriptions, visit: 
https://lab.dpdk.org/results/dashboard/preferences/subscriptions/

^ permalink raw reply	[flat|nested] 22+ messages in thread

* |SUCCESS| pw153486-153487 [PATCH] [2/2] test/strsep: add tests for f
       [not found] <1747401734-6303-2-git-send-email-andremue@linux.microsoft.com>
                   ` (19 preceding siblings ...)
  2025-05-16 18:54 ` dpdklab
@ 2025-05-16 18:57 ` dpdklab
  2025-05-16 21:07 ` dpdklab
  21 siblings, 0 replies; 22+ messages in thread
From: dpdklab @ 2025-05-16 18:57 UTC (permalink / raw)
  To: Test Report; +Cc: dpdk-test-reports

Test-Label: iol-abi-testing
Test-Status: SUCCESS
http://dpdk.org/patch/153487

_Testing PASS_

Submitter: Andre Muezerie <andremue@linux.microsoft.com>
Date: Friday, May 16 2025 13:22:14 
DPDK git baseline: Repo:dpdk
  Branch: master
  CommitID:117e86c4b96ed761e9a7ab766261208fe81bf5ca

153486-153487 --> testing pass

Upstream job id: Generic-DPDK-Compile-ABI#126712

Test environment and result as below:

+-------------------+----------+
|    Environment    | abi_test |
+===================+==========+
| CentOS Stream 9   | PASS     |
+-------------------+----------+
| CentOS Stream 10  | PASS     |
+-------------------+----------+
| Fedora 40 (Clang) | PASS     |
+-------------------+----------+
| Debian 12         | PASS     |
+-------------------+----------+
| Fedora 40         | PASS     |
+-------------------+----------+
| Fedora 41         | PASS     |
+-------------------+----------+
| Fedora 41 (Clang) | PASS     |
+-------------------+----------+
| RHEL9             | PASS     |
+-------------------+----------+
| RHEL8             | PASS     |
+-------------------+----------+
| openSUSE Leap 15  | PASS     |
+-------------------+----------+
| Ubuntu 24.04      | PASS     |
+-------------------+----------+
| Ubuntu 22.04      | PASS     |
+-------------------+----------+


CentOS Stream 9
	Kernel: Depends on container host
	Compiler: gcc 11.5.0 20240719 (Red Hat 11.5.0-2)

CentOS Stream 10
	Kernel: Depends on container host
	Compiler: gcc 14.2.1 20241104 (Red Hat 14.2.1-6)

Fedora 40 (Clang)
	Kernel: Depends on container host
	Compiler: clang 18.1.8 (Fedora 18.1.8-1.fc40)

Debian 12
	Kernel: Depends on container host
	Compiler: gcc (Debian 12.2.0-14) 12.2.0

Fedora 40
	Kernel: Depends on container host
	Compiler: gcc 14.2.1 20240912 (Red Hat 14.2.1-3)

Fedora 41
	Kernel: Depends on container host
	Compiler: gcc 14.2.1 20240912 (Red Hat 14.2.1-3)

Fedora 41 (Clang)
	Kernel: Depends on container host
	Compiler: clang 19.1.5 (Fedora 19.1.5-1.fc41)

RHEL9
	Kernel: Depends on container host
	Compiler: gcc 11.5.0 20240719 (Red Hat 11.5.0-2)

RHEL8
	Kernel: Depends on container host
	Compiler: gcc 8.5.0 20210514 (Red Hat 8.5.0-22)

openSUSE Leap 15
	Kernel: Depends on container host
	Compiler: gcc (SUSE Linux) 7.5.0

Ubuntu 24.04
	Kernel: Depends on container host
	Compiler: gcc (Ubuntu 13.3.0-6ubuntu2~24.04) 13.3.0

Ubuntu 22.04
	Kernel: Depends on container host
	Compiler: gcc (Ubuntu 11.4.0-1ubuntu1~22.04) 11.4.0

To view detailed results, visit:
https://lab.dpdk.org/results/dashboard/patchsets/33192/

UNH-IOL DPDK Community Lab

To manage your email subscriptions, visit: 
https://lab.dpdk.org/results/dashboard/preferences/subscriptions/

^ permalink raw reply	[flat|nested] 22+ messages in thread

* |SUCCESS| pw153486-153487 [PATCH] [2/2] test/strsep: add tests for f
       [not found] <1747401734-6303-2-git-send-email-andremue@linux.microsoft.com>
                   ` (20 preceding siblings ...)
  2025-05-16 18:57 ` dpdklab
@ 2025-05-16 21:07 ` dpdklab
  21 siblings, 0 replies; 22+ messages in thread
From: dpdklab @ 2025-05-16 21:07 UTC (permalink / raw)
  To: Test Report; +Cc: dpdk-test-reports

Test-Label: iol-compile-arm64-testing
Test-Status: SUCCESS
http://dpdk.org/patch/153487

_Testing PASS_

Submitter: Andre Muezerie <andremue@linux.microsoft.com>
Date: Friday, May 16 2025 13:22:14 
DPDK git baseline: Repo:dpdk
  Branch: master
  CommitID:117e86c4b96ed761e9a7ab766261208fe81bf5ca

153486-153487 --> testing pass

Upstream job id: Generic-DPDK-Compile-Meson#388826

Test environment and result as below:

+----------------------------------------+--------------------+
|              Environment               | dpdk_meson_compile |
+========================================+====================+
| RHEL9 (ARM)                            | PASS               |
+----------------------------------------+--------------------+
| Ubuntu 20.04 ARM SVE                   | PASS               |
+----------------------------------------+--------------------+
| Fedora 40 (ARM)                        | PASS               |
+----------------------------------------+--------------------+
| Debian 12 with MUSDK                   | PASS               |
+----------------------------------------+--------------------+
| Fedora 40 (ARM Clang)                  | PASS               |
+----------------------------------------+--------------------+
| Fedora 41 (ARM)                        | PASS               |
+----------------------------------------+--------------------+
| Fedora 41 (ARM Clang)                  | PASS               |
+----------------------------------------+--------------------+
| Ubuntu 20.04 (ARM)                     | PASS               |
+----------------------------------------+--------------------+
| Ubuntu 22.04 (ARM)                     | PASS               |
+----------------------------------------+--------------------+
| Ubuntu 24.04 (ARM)                     | PASS               |
+----------------------------------------+--------------------+
| CentOS Stream 9 (ARM)                  | PASS               |
+----------------------------------------+--------------------+
| CentOS Stream 10 (ARM)                 | PASS               |
+----------------------------------------+--------------------+
| Debian 12 (arm)                        | PASS               |
+----------------------------------------+--------------------+
| Ubuntu 20.04 ARM Clang Cross Compile   | PASS               |
+----------------------------------------+--------------------+
| Ubuntu 20.04 aarch32 GCC Cross Compile | PASS               |
+----------------------------------------+--------------------+
| Ubuntu 20.04 ARM GCC Cross Compile     | PASS               |
+----------------------------------------+--------------------+


RHEL9 (ARM)
	Kernel: Depends on container host
	Compiler: gcc 11.5.0 20240719 (Red Hat 11.5.0-2)

Ubuntu 20.04 ARM SVE
	Kernel: Depends on container host
	Compiler: gcc (Ubuntu 10.5.0-1ubuntu1~20.04) 10.5.0

Fedora 40 (ARM)
	Kernel: Depends on container host
	Compiler: gcc 14.2.1 20240912 (Red Hat 14.2.1-3)

Debian 12 with MUSDK
	Kernel: Depends on container host
	Compiler: gcc (Debian 12.2.0-14) 12.2.0

Fedora 40 (ARM Clang)
	Kernel: Depends on container host
	Compiler: clang 18.1.8 (Fedora 18.1.8-1.fc40)

Fedora 41 (ARM)
	Kernel: Depends on container host
	Compiler: gcc 14.2.1 20240912 (Red Hat 14.2.1-3)

Fedora 41 (ARM Clang)
	Kernel: Depends on container host
	Compiler: clang 19.1.5 (Fedora 19.1.5-1.fc41)

Ubuntu 20.04 (ARM)
	Kernel: Depends on container host
	Compiler: gcc (Ubuntu 9.4.0-1ubuntu1~20.04.2) 9.4.0

Ubuntu 22.04 (ARM)
	Kernel: Depends on container host
	Compiler: gcc (Ubuntu 11.4.0-1ubuntu1~22.04) 11.4.0

Ubuntu 24.04 (ARM)
	Kernel: Depends on container host
	Compiler: gcc (Ubuntu 13.3.0-6ubuntu2~24.04) 13.3.0

CentOS Stream 9 (ARM)
	Kernel: Depends on container host
	Compiler: gcc 11.5.0 20240719 (Red Hat 11.5.0-2)

CentOS Stream 10 (ARM)
	Kernel: Depends on container host
	Compiler: gcc 14.2.1 20241104 (Red Hat 14.2.1-6)

Debian 12 (arm)
	Kernel: Depends on container host
	Compiler: gcc (Debian 12.2.0-14) 12.2.0

Ubuntu 20.04 ARM Clang Cross Compile
	Kernel: Depends on container host
	Compiler: clang 10.0.0-4ubuntu1

Ubuntu 20.04 aarch32 GCC Cross Compile
	Kernel: Depends on container host
	Compiler: gcc 9.4.0

Ubuntu 20.04 ARM GCC Cross Compile
	Kernel: Depends on container host
	Compiler: aarch64-linux-gnu-gcc (Ubuntu 9.4.0-1ubuntu1~20.04.2) 9.4.0

To view detailed results, visit:
https://lab.dpdk.org/results/dashboard/patchsets/33192/

UNH-IOL DPDK Community Lab

To manage your email subscriptions, visit: 
https://lab.dpdk.org/results/dashboard/preferences/subscriptions/

^ permalink raw reply	[flat|nested] 22+ messages in thread

end of thread, other threads:[~2025-05-16 21:07 UTC | newest]

Thread overview: 22+ messages (download: mbox.gz / follow: Atom feed)
-- links below jump to the message on this page --
     [not found] <1747401734-6303-2-git-send-email-andremue@linux.microsoft.com>
2025-05-16 12:49 ` |SUCCESS| pw153486-153487 [PATCH 2/2] test/strsep: add tests for function strsep() qemudev
2025-05-16 12:53 ` qemudev
2025-05-16 13:22 ` |SUCCESS| pw153487 [PATCH 2/2] test/strsep: add tests for function strsep checkpatch
2025-05-16 14:44 ` |FAILURE| pw153487 [PATCH 2/2] test/strsep: add tests for function strsep() 0-day Robot
2025-05-16 17:33 ` |SUCCESS| pw153486-153487 [PATCH] [2/2] test/strsep: add tests for f dpdklab
2025-05-16 17:45 ` |PENDING| " dpdklab
2025-05-16 17:47 ` |SUCCESS| " dpdklab
2025-05-16 17:48 ` dpdklab
2025-05-16 17:48 ` dpdklab
2025-05-16 17:48 ` dpdklab
2025-05-16 17:51 ` dpdklab
2025-05-16 17:52 ` |PENDING| " dpdklab
2025-05-16 18:00 ` dpdklab
2025-05-16 18:02 ` |SUCCESS| " dpdklab
2025-05-16 18:07 ` |PENDING| " dpdklab
2025-05-16 18:22 ` |SUCCESS| " dpdklab
2025-05-16 18:26 ` dpdklab
2025-05-16 18:48 ` dpdklab
2025-05-16 18:49 ` dpdklab
2025-05-16 18:54 ` dpdklab
2025-05-16 18:57 ` dpdklab
2025-05-16 21:07 ` dpdklab

This is a public inbox, see mirroring instructions
for how to clone and mirror all data and code used for this inbox;
as well as URLs for NNTP newsgroup(s).