* |SUCCESS| pw153498 [PATCH] doc: elaborate on per test suite configuration dts docs
[not found] <20250516202600.632070-2-npratte@iol.unh.edu>
@ 2025-05-16 20:17 ` qemudev
2025-05-16 20:21 ` qemudev
` (2 subsequent siblings)
3 siblings, 0 replies; 4+ messages in thread
From: qemudev @ 2025-05-16 20:17 UTC (permalink / raw)
To: test-report
Test-Label: loongarch-compilation
Test-Status: SUCCESS
http://dpdk.org/patch/153498
_Compilation OK_
Submitter: Nicholas Pratte <npratte@iol.unh.edu>
Date: Fri, 16 May 2025 16:26:01 -0400
DPDK git baseline: Repo:dpdk
Branch: main
CommitID: 117e86c4b96ed761e9a7ab766261208fe81bf5ca
153498 --> meson & ninja build successfully
Test environment and result as below:
+---------------------+----------------+
| Environment | compilation |
+---------------------+----------------+
| Loongnix-Server 8.3 | PASS |
+---------------------+----------------+
Loongnix-Server 8.3
Kernel: 4.19.190+
Compiler: gcc 8.3
^ permalink raw reply [flat|nested] 4+ messages in thread
* |SUCCESS| pw153498 [PATCH] doc: elaborate on per test suite configuration dts docs
[not found] <20250516202600.632070-2-npratte@iol.unh.edu>
2025-05-16 20:17 ` |SUCCESS| pw153498 [PATCH] doc: elaborate on per test suite configuration dts docs qemudev
@ 2025-05-16 20:21 ` qemudev
2025-05-16 20:27 ` |WARNING| " checkpatch
2025-05-16 21:23 ` |FAILURE| " 0-day Robot
3 siblings, 0 replies; 4+ messages in thread
From: qemudev @ 2025-05-16 20:21 UTC (permalink / raw)
To: test-report
Test-Label: loongarch-unit-testing
Test-Status: SUCCESS
http://dpdk.org/patch/153498
_Unit Testing PASS_
Submitter: Nicholas Pratte <npratte@iol.unh.edu>
Date: Fri, 16 May 2025 16:26:01 -0400
DPDK git baseline: Repo:dpdk
Branch: main
CommitID: 117e86c4b96ed761e9a7ab766261208fe81bf5ca
153498 --> testing pass
Test environment and result as below:
+---------------------+----------------+
| Environment | dpdk_unit_test |
+---------------------+----------------+
| Loongnix-Server 8.3 | PASS |
+---------------------+----------------+
Loongnix-Server 8.3
Kernel: 4.19.190+
Compiler: gcc 8.3
Test result details:
1/119 DPDK:fast-tests / acl_autotest OK 3.33s
2/119 DPDK:fast-tests / alarm_autotest OK 1.60s
3/119 DPDK:fast-tests / argparse_autotest OK 0.65s
4/119 DPDK:fast-tests / atomic_autotest OK 6.91s
5/119 DPDK:fast-tests / bitcount_autotest OK 0.31s
6/119 DPDK:fast-tests / bitmap_autotest OK 0.31s
7/119 DPDK:fast-tests / bitops_autotest OK 1.81s
8/119 DPDK:fast-tests / bitratestats_autotest OK 0.31s
9/119 DPDK:fast-tests / bitset_autotest OK 3.06s
10/119 DPDK:fast-tests / bpf_autotest OK 0.31s
11/119 DPDK:fast-tests / bpf_convert_autotest OK 0.50s
12/119 DPDK:fast-tests / byteorder_autotest OK 0.31s
13/119 DPDK:fast-tests / cfgfile_autotest OK 0.31s
14/119 DPDK:fast-tests / cksum_autotest OK 0.31s
15/119 DPDK:fast-tests / cmdline_autotest OK 0.31s
16/119 DPDK:fast-tests / common_autotest OK 1.19s
17/119 DPDK:fast-tests / compressdev_autotest SKIP 0.06s exit status 77
18/119 DPDK:fast-tests / cpuflags_autotest OK 0.31s
19/119 DPDK:fast-tests / crc_autotest OK 0.31s
20/119 DPDK:fast-tests / user_delay_us OK 0.31s
21/119 DPDK:fast-tests / debug_autotest OK 18.17s
22/119 DPDK:fast-tests / devargs_autotest OK 0.60s
23/119 DPDK:fast-tests / dispatcher_autotest OK 2.46s
24/119 DPDK:fast-tests / distributor_autotest OK 1.19s
25/119 DPDK:fast-tests / eal_flags_c_opt_autotest OK 0.81s
26/119 DPDK:fast-tests / eal_flags_main_opt_autotest OK 0.22s
27/119 DPDK:fast-tests / eal_flags_n_opt_autotest OK 0.20s
28/119 DPDK:fast-tests / eal_flags_hpet_autotest OK 0.13s
29/119 DPDK:fast-tests / eal_flags_no_huge_autotest OK 0.22s
30/119 DPDK:fast-tests / eal_flags_a_opt_autotest OK 0.30s
31/119 DPDK:fast-tests / eal_flags_b_opt_autotest OK 0.25s
32/119 DPDK:fast-tests / eal_flags_vdev_opt_autotest OK 0.19s
33/119 DPDK:fast-tests / eal_flags_r_opt_autotest OK 0.19s
34/119 DPDK:fast-tests / eal_flags_mem_autotest OK 0.60s
35/119 DPDK:fast-tests / eal_flags_file_prefix_autotest OK 22.29s
36/119 DPDK:fast-tests / eal_flags_misc_autotest OK 1.07s
37/119 DPDK:fast-tests / eal_fs_autotest OK 0.31s
38/119 DPDK:fast-tests / errno_autotest OK 0.59s
39/119 DPDK:fast-tests / ethdev_link_status OK 0.30s
40/119 DPDK:fast-tests / event_eth_tx_adapter_autotest OK 1.68s
41/119 DPDK:fast-tests / event_ring_autotest OK 0.31s
42/119 DPDK:fast-tests / eventdev_common_autotest OK 0.31s
43/119 DPDK:fast-tests / eventdev_selftest_sw OK 7.24s
44/119 DPDK:fast-tests / fbarray_autotest OK 0.31s
45/119 DPDK:fast-tests / fib_autotest OK 1.15s
46/119 DPDK:fast-tests / fib6_autotest OK 0.93s
47/119 DPDK:fast-tests / func_reentrancy_autotest OK 2.05s
48/119 DPDK:fast-tests / graph_autotest OK 0.32s
49/119 DPDK:fast-tests / node_list_dump OK 0.31s
50/119 DPDK:fast-tests / hash_autotest OK 0.93s
51/119 DPDK:fast-tests / hash_readwrite_func_autotest OK 6.41s
52/119 DPDK:fast-tests / interrupt_autotest OK 1.61s
53/119 DPDK:fast-tests / ipfrag_autotest OK 0.07s
54/119 DPDK:fast-tests / ipsec_autotest SKIP 0.31s exit status 77
55/119 DPDK:fast-tests / kvargs_autotest OK 0.31s
56/119 DPDK:fast-tests / latencystats_autotest OK 0.31s
57/119 DPDK:fast-tests / lcore_var_autotest OK 0.45s
58/119 DPDK:fast-tests / lcores_autotest OK 5.12s
59/119 DPDK:fast-tests / logs_autotest OK 0.31s
60/119 DPDK:fast-tests / lpm_autotest OK 2.36s
61/119 DPDK:fast-tests / lpm6_autotest OK 5.49s
62/119 DPDK:fast-tests / malloc_autotest OK 62.29s
63/119 DPDK:fast-tests / mbuf_autotest OK 5.06s
64/119 DPDK:fast-tests / mcslock_autotest OK 2.78s
65/119 DPDK:fast-tests / member_autotest OK 1.65s
66/119 DPDK:fast-tests / memcpy_autotest OK 6.87s
67/119 DPDK:fast-tests / memory_autotest OK 0.09s
68/119 DPDK:fast-tests / mempool_autotest OK 0.43s
69/119 DPDK:fast-tests / memzone_autotest OK 0.14s
70/119 DPDK:fast-tests / meter_autotest OK 0.43s
71/119 DPDK:fast-tests / metrics_autotest OK 0.43s
72/119 DPDK:fast-tests / multiprocess_autotest OK 0.19s
73/119 DPDK:fast-tests / net_ether_autotest OK 1.09s
74/119 DPDK:fast-tests / net_ipv6_autotest OK 0.43s
75/119 DPDK:fast-tests / pcapng_autotest OK 7.44s
76/119 DPDK:fast-tests / pdcp_autotest SKIP 0.07s exit status 77
77/119 DPDK:fast-tests / pdump_autotest OK 0.54s
78/119 DPDK:fast-tests / per_lcore_autotest OK 0.53s
79/119 DPDK:fast-tests / pflock_autotest OK 1.24s
80/119 DPDK:fast-tests / pie_autotest OK 0.43s
81/119 DPDK:fast-tests / ring_pmd_autotest OK 0.43s
82/119 DPDK:fast-tests / power_autotest OK 0.43s
83/119 DPDK:fast-tests / power_cpufreq_autotest SKIP 0.07s exit status 77
84/119 DPDK:fast-tests / power_intel_uncore_autotest SKIP 0.42s exit status 77
85/119 DPDK:fast-tests / power_kvm_vm_autotest SKIP 0.07s exit status 77
86/119 DPDK:fast-tests / prefetch_autotest OK 0.43s
87/119 DPDK:fast-tests / ptr_compress_autotest OK 0.43s
88/119 DPDK:fast-tests / rawdev_autotest OK 0.43s
89/119 DPDK:fast-tests / rcu_qsbr_autotest OK 0.95s
90/119 DPDK:fast-tests / reorder_autotest OK 0.49s
91/119 DPDK:fast-tests / rib_autotest OK 9.08s
92/119 DPDK:fast-tests / rib6_autotest OK 9.08s
93/119 DPDK:fast-tests / ring_autotest OK 0.46s
94/119 DPDK:fast-tests / rwlock_test1_autotest OK 1.18s
95/119 DPDK:fast-tests / rwlock_rda_autotest OK 5.43s
96/119 DPDK:fast-tests / rwlock_rds_wrm_autotest OK 5.43s
97/119 DPDK:fast-tests / rwlock_rde_wro_autotest OK 5.43s
98/119 DPDK:fast-tests / sched_autotest OK 0.55s
99/119 DPDK:fast-tests / security_autotest OK 0.06s
100/119 DPDK:fast-tests / seqlock_autotest OK 2.43s
101/119 DPDK:fast-tests / service_autotest OK 3.23s
102/119 DPDK:fast-tests / soring_autotest OK 0.44s
103/119 DPDK:fast-tests / spinlock_autotest OK 0.51s
104/119 DPDK:fast-tests / stack_autotest OK 0.87s
105/119 DPDK:fast-tests / stack_lf_autotest SKIP 0.06s exit status 77
106/119 DPDK:fast-tests / string_autotest OK 0.43s
107/119 DPDK:fast-tests / table_autotest OK 7.97s
108/119 DPDK:fast-tests / tailq_autotest OK 0.42s
109/119 DPDK:fast-tests / telemetry_data_autotest OK 0.43s
110/119 DPDK:fast-tests / telemetry_json_autotest OK 0.43s
111/119 DPDK:fast-tests / thash_autotest OK 0.44s
112/119 DPDK:fast-tests / threads_autotest OK 0.61s
113/119 DPDK:fast-tests / ticketlock_autotest OK 0.58s
114/119 DPDK:fast-tests / timer_autotest OK 3.94s
115/119 DPDK:fast-tests / trace_autotest OK 0.43s
116/119 DPDK:fast-tests / trace_autotest_with_traces OK 0.44s
117/119 DPDK:fast-tests / vdev_autotest OK 0.43s
118/119 DPDK:fast-tests / version_autotest OK 0.43s
119/119 DPDK:fast-tests / telemetry_all OK 1.35s
Ok: 112
Expected Fail: 0
Fail: 0
Unexpected Pass: 0
Skipped: 7
Timeout: 0
^ permalink raw reply [flat|nested] 4+ messages in thread
* |WARNING| pw153498 [PATCH] doc: elaborate on per test suite configuration dts docs
[not found] <20250516202600.632070-2-npratte@iol.unh.edu>
2025-05-16 20:17 ` |SUCCESS| pw153498 [PATCH] doc: elaborate on per test suite configuration dts docs qemudev
2025-05-16 20:21 ` qemudev
@ 2025-05-16 20:27 ` checkpatch
2025-05-16 21:23 ` |FAILURE| " 0-day Robot
3 siblings, 0 replies; 4+ messages in thread
From: checkpatch @ 2025-05-16 20:27 UTC (permalink / raw)
To: test-report; +Cc: Nicholas Pratte
Test-Label: checkpatch
Test-Status: WARNING
http://dpdk.org/patch/153498
_coding style issues_
WARNING:TYPO_SPELLING: 'neeed' may be misspelled - perhaps 'need'?
#119: FILE: doc/guides/tools/dts.rst:521:
+ You do not neeed to supply configurations for all test suites, and not all test suites will support
total: 0 errors, 1 warnings, 31 lines checked
^ permalink raw reply [flat|nested] 4+ messages in thread
* |FAILURE| pw153498 [PATCH] doc: elaborate on per test suite configuration dts docs
[not found] <20250516202600.632070-2-npratte@iol.unh.edu>
` (2 preceding siblings ...)
2025-05-16 20:27 ` |WARNING| " checkpatch
@ 2025-05-16 21:23 ` 0-day Robot
3 siblings, 0 replies; 4+ messages in thread
From: 0-day Robot @ 2025-05-16 21:23 UTC (permalink / raw)
To: test-report; +Cc: npratte, robot
From: robot@bytheb.org
Test-Label: github-robot: build
Test-Status: FAILURE
http://patchwork.dpdk.org/patch/153498/
_github build: failed_
Build URL: https://github.com/ovsrobot/dpdk/actions/runs/15077140788
Build Logs:
-----------------------Summary of failed steps-----------------------
"ubuntu-22.04-gcc-abi+debug+doc+examples+tests" failed at step Build and test
"ubuntu-22.04-clang-asan+doc+tests" failed at step Build and test
----------------------End summary of failed steps--------------------
-------------------------------BEGIN LOGS----------------------------
####################################################################################
#### [Begin job log] "ubuntu-22.04-gcc-abi+debug+doc+examples+tests" at step Build and test
####################################################################################
[1935/1953] Linking target examples/dpdk-skeleton
[1936/1953] Linking target examples/dpdk-timer
[1937/1953] Linking target examples/dpdk-vhost_blk
[1938/1953] Linking target examples/dpdk-vhost_crypto
[1939/1953] Linking target examples/dpdk-vhost
[1940/1953] Linking target examples/dpdk-vmdq
[1941/1953] Linking target examples/dpdk-vmdq_dcb
[1942/1953] Linking target examples/dpdk-guest_cli
[1943/1953] Linking target examples/dpdk-vm_power_manager
[1944/1953] Linking target buildtools/chkincs/chkincs-all
[1945/1953] Linking target buildtools/chkincs/chkincs-exp
[1946/1953] Linking target buildtools/chkincs/chkincs
[1947/1953] Linking target buildtools/chkincs/chkincs-cpp-all
[1948/1953] Linking target buildtools/chkincs/chkincs-cpp
[1949/1953] Linking target buildtools/chkincs/chkincs-cpp-exp
[1950/1953] Generating doxygen-man with a custom command
[1951/1953] Generating dts_api_html with a custom command
[1952/1953] Generating html_guides with a custom command
FAILED: doc/guides/html
/usr/bin/python3 ../buildtools/call-sphinx-build.py /usr/bin/sphinx-build 25.07.0-rc0 /home/runner/work/dpdk/dpdk/doc/guides /home/runner/work/dpdk/dpdk/build/doc/guides -a -W
Warning, treated as error:
/home/runner/work/dpdk/dpdk/doc/guides/tools/dts.rst:529:start-at pattern not found: # Define
ninja: build stopped: subcommand failed.
##[error]Process completed with exit code 1.
####################################################################################
#### [End job log] "ubuntu-22.04-gcc-abi+debug+doc+examples+tests" at step Build and test
####################################################################################
####################################################################################
#### [Begin job log] "ubuntu-22.04-clang-asan+doc+tests" at step Build and test
####################################################################################
[1935/1953] Linking target examples/dpdk-skeleton
[1936/1953] Linking target examples/dpdk-vdpa
[1937/1953] Linking target examples/dpdk-vhost_crypto
[1938/1953] Linking target examples/dpdk-vhost
[1939/1953] Linking target examples/dpdk-vhost_blk
[1940/1953] Linking target examples/dpdk-vmdq
[1941/1953] Linking target examples/dpdk-vm_power_manager
[1942/1953] Linking target examples/dpdk-guest_cli
[1943/1953] Linking target examples/dpdk-vmdq_dcb
[1944/1953] Generating doxygen-man with a custom command
[1945/1953] Linking target buildtools/chkincs/chkincs
[1946/1953] Linking target buildtools/chkincs/chkincs-exp
[1947/1953] Linking target buildtools/chkincs/chkincs-all
[1948/1953] Linking target buildtools/chkincs/chkincs-cpp
[1949/1953] Linking target buildtools/chkincs/chkincs-cpp-exp
[1950/1953] Linking target buildtools/chkincs/chkincs-cpp-all
[1951/1953] Generating dts_api_html with a custom command
[1952/1953] Generating html_guides with a custom command
FAILED: doc/guides/html
/usr/bin/python3 ../buildtools/call-sphinx-build.py /usr/bin/sphinx-build 25.07.0-rc0 /home/runner/work/dpdk/dpdk/doc/guides /home/runner/work/dpdk/dpdk/build/doc/guides -a -W
Warning, treated as error:
/home/runner/work/dpdk/dpdk/doc/guides/tools/dts.rst:529:start-at pattern not found: # Define
ninja: build stopped: subcommand failed.
##[error]Process completed with exit code 1.
####################################################################################
#### [End job log] "ubuntu-22.04-clang-asan+doc+tests" at step Build and test
####################################################################################
--------------------------------END LOGS-----------------------------
^ permalink raw reply [flat|nested] 4+ messages in thread
end of thread, other threads:[~2025-05-16 21:23 UTC | newest]
Thread overview: 4+ messages (download: mbox.gz / follow: Atom feed)
-- links below jump to the message on this page --
[not found] <20250516202600.632070-2-npratte@iol.unh.edu>
2025-05-16 20:17 ` |SUCCESS| pw153498 [PATCH] doc: elaborate on per test suite configuration dts docs qemudev
2025-05-16 20:21 ` qemudev
2025-05-16 20:27 ` |WARNING| " checkpatch
2025-05-16 21:23 ` |FAILURE| " 0-day Robot
This is a public inbox, see mirroring instructions
for how to clone and mirror all data and code used for this inbox;
as well as URLs for NNTP newsgroup(s).