automatic DPDK test reports
 help / color / mirror / Atom feed
* |SUCCESS| pw153521-153525 [25.11 PATCH v2 5/5] eventdev: refactor DMA adapter ops
       [not found] <20250519185604.5584-6-pbhagavatula@marvell.com>
@ 2025-05-19 18:31 ` qemudev
  2025-05-19 18:35 ` qemudev
                   ` (2 subsequent siblings)
  3 siblings, 0 replies; 4+ messages in thread
From: qemudev @ 2025-05-19 18:31 UTC (permalink / raw)
  To: test-report

Test-Label: loongarch-compilation
Test-Status: SUCCESS
http://dpdk.org/patch/153525

_Compilation OK_

Submitter: Pavan Nikhilesh Bhagavatula <pbhagavatula@marvell.com>
Date: Tue, 20 May 2025 00:26:00 +0530
DPDK git baseline: Repo:dpdk
  Branch: main
  CommitID: 117e86c4b96ed761e9a7ab766261208fe81bf5ca

153521-153525 --> meson & ninja build successfully

Test environment and result as below:

+---------------------+----------------+
|     Environment     | compilation    |
+---------------------+----------------+
| Loongnix-Server 8.3 | PASS           |
+---------------------+----------------+

Loongnix-Server 8.3
    Kernel: 4.19.190+
    Compiler: gcc 8.3


^ permalink raw reply	[flat|nested] 4+ messages in thread

* |SUCCESS| pw153521-153525 [25.11 PATCH v2 5/5] eventdev: refactor DMA adapter ops
       [not found] <20250519185604.5584-6-pbhagavatula@marvell.com>
  2025-05-19 18:31 ` |SUCCESS| pw153521-153525 [25.11 PATCH v2 5/5] eventdev: refactor DMA adapter ops qemudev
@ 2025-05-19 18:35 ` qemudev
  2025-05-19 18:57 ` |SUCCESS| pw153525 " checkpatch
  2025-05-19 20:03 ` |FAILURE| " 0-day Robot
  3 siblings, 0 replies; 4+ messages in thread
From: qemudev @ 2025-05-19 18:35 UTC (permalink / raw)
  To: test-report

Test-Label: loongarch-unit-testing
Test-Status: SUCCESS
http://dpdk.org/patch/153525

_Unit Testing PASS_

Submitter: Pavan Nikhilesh Bhagavatula <pbhagavatula@marvell.com>
Date: Tue, 20 May 2025 00:26:00 +0530
DPDK git baseline: Repo:dpdk
  Branch: main
  CommitID: 117e86c4b96ed761e9a7ab766261208fe81bf5ca

153521-153525 --> testing pass

Test environment and result as below:

+---------------------+----------------+
|     Environment     | dpdk_unit_test |
+---------------------+----------------+
| Loongnix-Server 8.3 | PASS           |
+---------------------+----------------+

Loongnix-Server 8.3
    Kernel: 4.19.190+
    Compiler: gcc 8.3


Test result details:
  1/119 DPDK:fast-tests / acl_autotest                            OK              3.27s
  2/119 DPDK:fast-tests / alarm_autotest                          OK              1.53s
  3/119 DPDK:fast-tests / argparse_autotest                       OK              0.51s
  4/119 DPDK:fast-tests / atomic_autotest                         OK              6.87s
  5/119 DPDK:fast-tests / bitcount_autotest                       OK              0.20s
  6/119 DPDK:fast-tests / bitmap_autotest                         OK              0.20s
  7/119 DPDK:fast-tests / bitops_autotest                         OK              1.70s
  8/119 DPDK:fast-tests / bitratestats_autotest                   OK              0.20s
  9/119 DPDK:fast-tests / bitset_autotest                         OK              2.94s
 10/119 DPDK:fast-tests / bpf_autotest                            OK              0.20s
 11/119 DPDK:fast-tests / bpf_convert_autotest                    OK              0.21s
 12/119 DPDK:fast-tests / byteorder_autotest                      OK              0.20s
 13/119 DPDK:fast-tests / cfgfile_autotest                        OK              0.20s
 14/119 DPDK:fast-tests / cksum_autotest                          OK              0.20s
 15/119 DPDK:fast-tests / cmdline_autotest                        OK              0.20s
 16/119 DPDK:fast-tests / common_autotest                         OK              1.08s
 17/119 DPDK:fast-tests / compressdev_autotest                    SKIP            0.06s   exit status 77
 18/119 DPDK:fast-tests / cpuflags_autotest                       OK              0.20s
 19/119 DPDK:fast-tests / crc_autotest                            OK              0.20s
 20/119 DPDK:fast-tests / user_delay_us                           OK              0.20s
 21/119 DPDK:fast-tests / debug_autotest                          OK             22.70s
 22/119 DPDK:fast-tests / devargs_autotest                        OK              0.21s
 23/119 DPDK:fast-tests / dispatcher_autotest                     OK              2.49s
 24/119 DPDK:fast-tests / distributor_autotest                    OK              1.20s
 25/119 DPDK:fast-tests / eal_flags_c_opt_autotest                OK              0.81s
 26/119 DPDK:fast-tests / eal_flags_main_opt_autotest             OK              0.22s
 27/119 DPDK:fast-tests / eal_flags_n_opt_autotest                OK              0.20s
 28/119 DPDK:fast-tests / eal_flags_hpet_autotest                 OK              0.13s
 29/119 DPDK:fast-tests / eal_flags_no_huge_autotest              OK              0.23s
 30/119 DPDK:fast-tests / eal_flags_a_opt_autotest                OK              0.31s
 31/119 DPDK:fast-tests / eal_flags_b_opt_autotest                OK              0.25s
 32/119 DPDK:fast-tests / eal_flags_vdev_opt_autotest             OK              0.20s
 33/119 DPDK:fast-tests / eal_flags_r_opt_autotest                OK              0.19s
 34/119 DPDK:fast-tests / eal_flags_mem_autotest                  OK              0.61s
 35/119 DPDK:fast-tests / eal_flags_file_prefix_autotest          OK             22.24s
 36/119 DPDK:fast-tests / eal_flags_misc_autotest                 OK              1.08s
 37/119 DPDK:fast-tests / eal_fs_autotest                         OK              0.20s
 38/119 DPDK:fast-tests / errno_autotest                          OK              0.20s
 39/119 DPDK:fast-tests / ethdev_link_status                      OK              0.20s
 40/119 DPDK:fast-tests / event_eth_tx_adapter_autotest           OK              1.68s
 41/119 DPDK:fast-tests / event_ring_autotest                     OK              0.21s
 42/119 DPDK:fast-tests / eventdev_common_autotest                OK              0.20s
 43/119 DPDK:fast-tests / eventdev_selftest_sw                    OK              6.99s
 44/119 DPDK:fast-tests / fbarray_autotest                        OK              0.21s
 45/119 DPDK:fast-tests / fib_autotest                            OK              1.05s
 46/119 DPDK:fast-tests / fib6_autotest                           OK              0.84s
 47/119 DPDK:fast-tests / func_reentrancy_autotest                OK              2.10s
 48/119 DPDK:fast-tests / graph_autotest                          OK              0.21s
 49/119 DPDK:fast-tests / node_list_dump                          OK              0.20s
 50/119 DPDK:fast-tests / hash_autotest                           OK              0.83s
 51/119 DPDK:fast-tests / hash_readwrite_func_autotest            OK              6.37s
 52/119 DPDK:fast-tests / interrupt_autotest                      OK              1.61s
 53/119 DPDK:fast-tests / ipfrag_autotest                         OK              0.07s
 54/119 DPDK:fast-tests / ipsec_autotest                          SKIP            0.31s   exit status 77
 55/119 DPDK:fast-tests / kvargs_autotest                         OK              0.31s
 56/119 DPDK:fast-tests / latencystats_autotest                   OK              0.32s
 57/119 DPDK:fast-tests / lcore_var_autotest                      OK              0.45s
 58/119 DPDK:fast-tests / lcores_autotest                         OK              5.12s
 59/119 DPDK:fast-tests / logs_autotest                           OK              0.31s
 60/119 DPDK:fast-tests / lpm_autotest                            OK              2.36s
 61/119 DPDK:fast-tests / lpm6_autotest                           OK              5.45s
 62/119 DPDK:fast-tests / malloc_autotest                         OK             62.56s
 63/119 DPDK:fast-tests / mbuf_autotest                           OK              5.26s
 64/119 DPDK:fast-tests / mcslock_autotest                        OK              3.17s
 65/119 DPDK:fast-tests / member_autotest                         OK              1.50s
 66/119 DPDK:fast-tests / memcpy_autotest                         OK              6.91s
 67/119 DPDK:fast-tests / memory_autotest                         OK              0.08s
 68/119 DPDK:fast-tests / mempool_autotest                        OK              0.44s
 69/119 DPDK:fast-tests / memzone_autotest                        OK              0.14s
 70/119 DPDK:fast-tests / meter_autotest                          OK              0.31s
 71/119 DPDK:fast-tests / metrics_autotest                        OK              0.31s
 72/119 DPDK:fast-tests / multiprocess_autotest                   OK              0.19s
 73/119 DPDK:fast-tests / net_ether_autotest                      OK              0.97s
 74/119 DPDK:fast-tests / net_ipv6_autotest                       OK              0.31s
 75/119 DPDK:fast-tests / pcapng_autotest                         OK              7.15s
 76/119 DPDK:fast-tests / pdcp_autotest                           SKIP            0.06s   exit status 77
 77/119 DPDK:fast-tests / pdump_autotest                          OK              0.43s
 78/119 DPDK:fast-tests / per_lcore_autotest                      OK              0.41s
 79/119 DPDK:fast-tests / pflock_autotest                         OK              1.12s
 80/119 DPDK:fast-tests / pie_autotest                            OK              0.31s
 81/119 DPDK:fast-tests / ring_pmd_autotest                       OK              0.31s
 82/119 DPDK:fast-tests / power_autotest                          OK              0.31s
 83/119 DPDK:fast-tests / power_cpufreq_autotest                  SKIP            0.06s   exit status 77
 84/119 DPDK:fast-tests / power_intel_uncore_autotest             SKIP            0.31s   exit status 77
 85/119 DPDK:fast-tests / power_kvm_vm_autotest                   SKIP            0.06s   exit status 77
 86/119 DPDK:fast-tests / prefetch_autotest                       OK              0.31s
 87/119 DPDK:fast-tests / ptr_compress_autotest                   OK              0.31s
 88/119 DPDK:fast-tests / rawdev_autotest                         OK              0.31s
 89/119 DPDK:fast-tests / rcu_qsbr_autotest                       OK              0.83s
 90/119 DPDK:fast-tests / reorder_autotest                        OK              0.37s
 91/119 DPDK:fast-tests / rib_autotest                            OK              8.96s
 92/119 DPDK:fast-tests / rib6_autotest                           OK              8.95s
 93/119 DPDK:fast-tests / ring_autotest                           OK              0.34s
 94/119 DPDK:fast-tests / rwlock_test1_autotest                   OK              1.06s
 95/119 DPDK:fast-tests / rwlock_rda_autotest                     OK              5.31s
 96/119 DPDK:fast-tests / rwlock_rds_wrm_autotest                 OK              5.31s
 97/119 DPDK:fast-tests / rwlock_rde_wro_autotest                 OK              5.31s
 98/119 DPDK:fast-tests / sched_autotest                          OK              0.31s
 99/119 DPDK:fast-tests / security_autotest                       OK              0.06s
100/119 DPDK:fast-tests / seqlock_autotest                        OK              2.31s
101/119 DPDK:fast-tests / service_autotest                        OK              3.01s
102/119 DPDK:fast-tests / soring_autotest                         OK              0.31s
103/119 DPDK:fast-tests / spinlock_autotest                       OK              0.39s
104/119 DPDK:fast-tests / stack_autotest                          OK              0.86s
105/119 DPDK:fast-tests / stack_lf_autotest                       SKIP            0.05s   exit status 77
106/119 DPDK:fast-tests / string_autotest                         OK              0.31s
107/119 DPDK:fast-tests / table_autotest                          OK              7.67s
108/119 DPDK:fast-tests / tailq_autotest                          OK              0.30s
109/119 DPDK:fast-tests / telemetry_data_autotest                 OK              0.31s
110/119 DPDK:fast-tests / telemetry_json_autotest                 OK              0.31s
111/119 DPDK:fast-tests / thash_autotest                          OK              0.32s
112/119 DPDK:fast-tests / threads_autotest                        OK              0.47s
113/119 DPDK:fast-tests / ticketlock_autotest                     OK              0.46s
114/119 DPDK:fast-tests / timer_autotest                          OK              3.85s
115/119 DPDK:fast-tests / trace_autotest                          OK              0.31s
116/119 DPDK:fast-tests / trace_autotest_with_traces              OK              0.31s
117/119 DPDK:fast-tests / vdev_autotest                           OK              0.31s
118/119 DPDK:fast-tests / version_autotest                        OK              0.31s
119/119 DPDK:fast-tests / telemetry_all                           OK              1.28s


Ok:                 112
Expected Fail:      0
Fail:               0
Unexpected Pass:    0
Skipped:            7
Timeout:            0


^ permalink raw reply	[flat|nested] 4+ messages in thread

* |SUCCESS| pw153525 [25.11 PATCH v2 5/5] eventdev: refactor DMA adapter ops
       [not found] <20250519185604.5584-6-pbhagavatula@marvell.com>
  2025-05-19 18:31 ` |SUCCESS| pw153521-153525 [25.11 PATCH v2 5/5] eventdev: refactor DMA adapter ops qemudev
  2025-05-19 18:35 ` qemudev
@ 2025-05-19 18:57 ` checkpatch
  2025-05-19 20:03 ` |FAILURE| " 0-day Robot
  3 siblings, 0 replies; 4+ messages in thread
From: checkpatch @ 2025-05-19 18:57 UTC (permalink / raw)
  To: test-report

Test-Label: checkpatch
Test-Status: SUCCESS
http://dpdk.org/patch/153525

_coding style OK_



^ permalink raw reply	[flat|nested] 4+ messages in thread

* |FAILURE| pw153525 [25.11 PATCH v2 5/5] eventdev: refactor DMA adapter ops
       [not found] <20250519185604.5584-6-pbhagavatula@marvell.com>
                   ` (2 preceding siblings ...)
  2025-05-19 18:57 ` |SUCCESS| pw153525 " checkpatch
@ 2025-05-19 20:03 ` 0-day Robot
  3 siblings, 0 replies; 4+ messages in thread
From: 0-day Robot @ 2025-05-19 20:03 UTC (permalink / raw)
  To: test-report; +Cc: pbhagavatula, robot

From: robot@bytheb.org

Test-Label: github-robot: build
Test-Status: FAILURE
http://patchwork.dpdk.org/patch/153525/

_github build: failed_
Build URL: https://github.com/ovsrobot/dpdk/actions/runs/15121104363
Build Logs:
-----------------------Summary of failed steps-----------------------
"ubuntu-22.04-gcc-abi+debug+doc+examples+tests" failed at step Build and test
----------------------End summary of failed steps--------------------

-------------------------------BEGIN LOGS----------------------------
####################################################################################
#### [Begin job log] "ubuntu-22.04-gcc-abi+debug+doc+examples+tests" at step Build and test
####################################################################################
[1874/1953] Linking target app/dpdk-pdump
[1875/1953] Linking target app/dpdk-graph
[1876/1953] Linking target app/dpdk-test-acl
[1877/1953] Linking target app/dpdk-proc-info
[1878/1953] Linking target app/dpdk-test-cmdline
[1879/1953] Linking target app/dpdk-test-bbdev
[1880/1953] Linking target app/dpdk-test-crypto-perf
[1881/1953] Linking target app/dpdk-test-compress-perf
[1882/1953] Linking target app/dpdk-test-dma-perf
FAILED: app/dpdk-test-dma-perf 
gcc  -o app/dpdk-test-dma-perf app/dpdk-test-dma-perf.p/test-dma-perf_main.c.o app/dpdk-test-dma-perf.p/test-dma-perf_benchmark.c.o -Wl,--as-needed -Wl,--no-undefined -Wl,--no-as-needed -pthread -Wl,--start-group -lm -ldl -lnuma -lfdt '-Wl,-rpath,$ORIGIN/../lib:XXXXXXXXXXXXXXX' -Wl,-rpath-link,/home/runner/work/dpdk/dpdk/build/lib lib/librte_dmadev.so.25.2 lib/librte_eal.so.25.2 lib/librte_kvargs.so.25.2 lib/librte_log.so.25.2 lib/librte_telemetry.so.25.2 lib/librte_mbuf.so.25.2 lib/librte_mempool.so.25.2 lib/librte_ring.so.25.2 lib/librte_cfgfile.so.25.2 /usr/lib/x86_64-linux-gnu/libbsd.so /usr/lib/x86_64-linux-gnu/libarchive.so -Wl,--end-group
/usr/bin/ld: app/dpdk-test-dma-perf.p/test-dma-perf_benchmark.c.o: warning: relocation against `__rte_dma_trace_enqueue_ops' in read-only section `.text'
/usr/bin/ld: app/dpdk-test-dma-perf.p/test-dma-perf_benchmark.c.o: in function `rte_dma_trace_enqueue_ops':
/home/runner/work/dpdk/dpdk/build/../lib/dmadev/rte_dmadev_trace_fp.h:128: undefined reference to `__rte_dma_trace_enqueue_ops'
/usr/bin/ld: app/dpdk-test-dma-perf.p/test-dma-perf_benchmark.c.o: in function `rte_dma_trace_dequeue_ops':
/home/runner/work/dpdk/dpdk/build/../lib/dmadev/rte_dmadev_trace_fp.h:138: undefined reference to `__rte_dma_trace_dequeue_ops'
/usr/bin/ld: warning: creating DT_TEXTREL in a PIE
collect2: error: ld returned 1 exit status
[1883/1953] Linking target app/dpdk-test-fib
[1884/1953] Linking target app/dpdk-test-eventdev
[1885/1953] Linking target app/dpdk-test-flow-perf
[1886/1953] Linking target app/dpdk-test-gpudev
[1887/1953] Linking target app/dpdk-test-mldev
ninja: build stopped: subcommand failed.
##[error]Process completed with exit code 1.
####################################################################################
#### [End job log] "ubuntu-22.04-gcc-abi+debug+doc+examples+tests" at step Build and test
####################################################################################
--------------------------------END LOGS-----------------------------

^ permalink raw reply	[flat|nested] 4+ messages in thread

end of thread, other threads:[~2025-05-19 20:03 UTC | newest]

Thread overview: 4+ messages (download: mbox.gz / follow: Atom feed)
-- links below jump to the message on this page --
     [not found] <20250519185604.5584-6-pbhagavatula@marvell.com>
2025-05-19 18:31 ` |SUCCESS| pw153521-153525 [25.11 PATCH v2 5/5] eventdev: refactor DMA adapter ops qemudev
2025-05-19 18:35 ` qemudev
2025-05-19 18:57 ` |SUCCESS| pw153525 " checkpatch
2025-05-19 20:03 ` |FAILURE| " 0-day Robot

This is a public inbox, see mirroring instructions
for how to clone and mirror all data and code used for this inbox;
as well as URLs for NNTP newsgroup(s).