From: qemudev@loongson.cn
To: test-report@dpdk.org
Subject: |SUCCESS| pw153528-153536 [PATCH 9/9] crypto/dpaa2_sec: add support for simple IPsec FD
Date: Tue, 20 May 2025 13:27:27 +0800 [thread overview]
Message-ID: <202505200527.54K5RRci4067717@localhost.localdomain> (raw)
In-Reply-To: <20250520055133.506071-9-g.singh@nxp.com>
Test-Label: loongarch-compilation
Test-Status: SUCCESS
http://dpdk.org/patch/153536
_Compilation OK_
Submitter: Gagandeep Singh <g.singh@nxp.com>
Date: Tue, 20 May 2025 11:21:25 +0530
DPDK git baseline: Repo:dpdk
Branch: main
CommitID: 117e86c4b96ed761e9a7ab766261208fe81bf5ca
153528-153536 --> meson & ninja build successfully
Test environment and result as below:
+---------------------+----------------+
| Environment | compilation |
+---------------------+----------------+
| Loongnix-Server 8.3 | PASS |
+---------------------+----------------+
Loongnix-Server 8.3
Kernel: 4.19.190+
Compiler: gcc 8.3
next parent reply other threads:[~2025-05-20 6:03 UTC|newest]
Thread overview: 27+ messages / expand[flat|nested] mbox.gz Atom feed top
[not found] <20250520055133.506071-9-g.singh@nxp.com>
2025-05-20 5:27 ` qemudev [this message]
2025-05-20 5:32 ` qemudev
2025-05-20 5:55 ` |WARNING| pw153536 " checkpatch
2025-05-20 6:31 ` |SUCCESS| pw153528-153536 [PATCH] [9/9] crypto/dpaa2_sec: add suppor dpdklab
2025-05-20 6:38 ` dpdklab
2025-05-20 6:42 ` dpdklab
2025-05-20 6:44 ` dpdklab
2025-05-20 6:48 ` dpdklab
2025-05-20 6:55 ` dpdklab
2025-05-20 6:58 ` dpdklab
2025-05-20 7:01 ` |PENDING| " dpdklab
2025-05-20 7:02 ` |SUCCESS| " dpdklab
2025-05-20 7:02 ` |PENDING| " dpdklab
2025-05-20 7:09 ` |SUCCESS| " dpdklab
2025-05-20 7:14 ` dpdklab
2025-05-20 7:28 ` |PENDING| " dpdklab
2025-05-20 7:55 ` |SUCCESS| " dpdklab
2025-05-20 9:23 ` |PENDING| " dpdklab
2025-05-20 9:26 ` |FAILURE| " dpdklab
2025-05-20 9:56 ` dpdklab
2025-05-20 9:57 ` dpdklab
2025-05-20 10:02 ` |SUCCESS| " dpdklab
2025-05-20 10:47 ` |FAILURE| " dpdklab
2025-05-20 11:24 ` dpdklab
2025-05-20 11:32 ` dpdklab
2025-05-20 12:11 ` |SUCCESS| " dpdklab
2025-05-20 13:54 ` |FAILURE| " dpdklab
Reply instructions:
You may reply publicly to this message via plain-text email
using any one of the following methods:
* Save the following mbox file, import it into your mail client,
and reply-to-all from there: mbox
Avoid top-posting and favor interleaved quoting:
https://en.wikipedia.org/wiki/Posting_style#Interleaved_style
* Reply using the --to, --cc, and --in-reply-to
switches of git-send-email(1):
git send-email \
--in-reply-to=202505200527.54K5RRci4067717@localhost.localdomain \
--to=qemudev@loongson.cn \
--cc=test-report@dpdk.org \
/path/to/YOUR_REPLY
https://kernel.org/pub/software/scm/git/docs/git-send-email.html
* If your mail client supports setting the In-Reply-To header
via mailto: links, try the mailto: link
Be sure your reply has a Subject: header at the top and a blank line
before the message body.
This is a public inbox, see mirroring instructions
for how to clone and mirror all data and code used for this inbox;
as well as URLs for NNTP newsgroup(s).