From: qemudev@loongson.cn
To: test-report@dpdk.org
Subject: |SUCCESS| pw153566-153573 [PATCH 8/8] net/ena: upgrade driver version to 2.13.0
Date: Wed, 21 May 2025 21:54:47 +0800 [thread overview]
Message-ID: <202505211354.54LDslHQ515577@localhost.localdomain> (raw)
In-Reply-To: <20250521140620.2841-1-shaibran@amazon.com>
Test-Label: loongarch-compilation
Test-Status: SUCCESS
http://dpdk.org/patch/153573
_Compilation OK_
Submitter: Shai Brandes <shaibran@amazon.com>
Date: Wed, 21 May 2025 17:02:06 +0300
DPDK git baseline: Repo:dpdk-next-net
Branch: main
CommitID: a0dde342cc312fd75b63281f63d757db7482cdab
153566-153573 --> meson & ninja build successfully
Test environment and result as below:
+---------------------+----------------+
| Environment | compilation |
+---------------------+----------------+
| Loongnix-Server 8.3 | PASS |
+---------------------+----------------+
Loongnix-Server 8.3
Kernel: 4.19.190+
Compiler: gcc 8.3
next parent reply other threads:[~2025-05-21 14:31 UTC|newest]
Thread overview: 23+ messages / expand[flat|nested] mbox.gz Atom feed top
[not found] <20250521140620.2841-1-shaibran@amazon.com>
2025-05-21 13:54 ` qemudev [this message]
2025-05-21 13:59 ` qemudev
2025-05-21 14:08 ` |SUCCESS| pw153573 " checkpatch
2025-05-21 15:14 ` |SUCCESS| pw153566-153573 [PATCH] [8/8] net/ena: upgrade driver vers dpdklab
2025-05-21 15:16 ` dpdklab
2025-05-21 15:22 ` dpdklab
2025-05-21 15:24 ` dpdklab
2025-05-21 15:33 ` dpdklab
2025-05-21 15:34 ` dpdklab
2025-05-21 15:35 ` dpdklab
2025-05-21 15:38 ` dpdklab
2025-05-21 15:41 ` |PENDING| " dpdklab
2025-05-21 15:50 ` |SUCCESS| " dpdklab
2025-05-21 16:08 ` |PENDING| " dpdklab
2025-05-21 16:35 ` dpdklab
2025-05-21 16:37 ` dpdklab
2025-05-21 17:28 ` |FAILURE| " dpdklab
2025-05-21 17:31 ` |SUCCESS| " dpdklab
2025-05-21 17:33 ` dpdklab
2025-05-21 17:40 ` |WARNING| " dpdklab
2025-05-21 17:59 ` |FAILURE| " dpdklab
2025-05-21 20:12 ` dpdklab
2025-05-22 2:58 ` |SUCCESS| " dpdklab
Reply instructions:
You may reply publicly to this message via plain-text email
using any one of the following methods:
* Save the following mbox file, import it into your mail client,
and reply-to-all from there: mbox
Avoid top-posting and favor interleaved quoting:
https://en.wikipedia.org/wiki/Posting_style#Interleaved_style
* Reply using the --to, --cc, and --in-reply-to
switches of git-send-email(1):
git send-email \
--in-reply-to=202505211354.54LDslHQ515577@localhost.localdomain \
--to=qemudev@loongson.cn \
--cc=test-report@dpdk.org \
/path/to/YOUR_REPLY
https://kernel.org/pub/software/scm/git/docs/git-send-email.html
* If your mail client supports setting the In-Reply-To header
via mailto: links, try the mailto: link
Be sure your reply has a Subject: header at the top and a blank line
before the message body.
This is a public inbox, see mirroring instructions
for how to clone and mirror all data and code used for this inbox;
as well as URLs for NNTP newsgroup(s).