automatic DPDK test reports
 help / color / mirror / Atom feed
From: qemudev@loongson.cn
To: test-report@dpdk.org
Subject: |SUCCESS| pw153671-153675 [25.11 PATCH v3 5/5] eventdev: refactor DMA adapter ops
Date: Sat, 24 May 2025 16:39:30 +0800	[thread overview]
Message-ID: <202505240839.54O8dUMe1559960@localhost.localdomain> (raw)
In-Reply-To: <20250524091316.10056-6-pbhagavatula@marvell.com>

Test-Label: loongarch-compilation
Test-Status: SUCCESS
http://dpdk.org/patch/153675

_Compilation OK_

Submitter: Pavan Nikhilesh Bhagavatula <pbhagavatula@marvell.com>
Date: Sat, 24 May 2025 14:43:11 +0530
DPDK git baseline: Repo:dpdk
  Branch: main
  CommitID: 117e86c4b96ed761e9a7ab766261208fe81bf5ca

153671-153675 --> meson & ninja build successfully

Test environment and result as below:

+---------------------+----------------+
|     Environment     | compilation    |
+---------------------+----------------+
| Loongnix-Server 8.3 | PASS           |
+---------------------+----------------+

Loongnix-Server 8.3
    Kernel: 4.19.190+
    Compiler: gcc 8.3


       reply	other threads:[~2025-05-24  9:15 UTC|newest]

Thread overview: 21+ messages / expand[flat|nested]  mbox.gz  Atom feed  top
     [not found] <20250524091316.10056-6-pbhagavatula@marvell.com>
2025-05-24  8:39 ` qemudev [this message]
2025-05-24  8:44 ` qemudev
2025-05-24  9:14 ` |SUCCESS| pw153675 " checkpatch
2025-05-24  9:54 ` |WARNING| pw153671-153675 [PATCH] [25.11,v3,5/5] eventdev: refactor dpdklab
2025-05-24  9:56 ` |SUCCESS| " dpdklab
2025-05-24  9:57 ` dpdklab
2025-05-24 10:03 ` |FAILURE| pw153675 [25.11 PATCH v3 5/5] eventdev: refactor DMA adapter ops 0-day Robot
2025-05-24 10:07 ` |PENDING| pw153671-153675 [PATCH] [25.11,v3,5/5] eventdev: refactor dpdklab
2025-05-24 10:11 ` |SUCCESS| " dpdklab
2025-05-24 10:19 ` dpdklab
2025-05-24 10:21 ` |PENDING| " dpdklab
2025-05-24 10:23 ` |SUCCESS| " dpdklab
2025-05-24 10:32 ` |PENDING| " dpdklab
2025-05-24 10:52 ` dpdklab
2025-05-24 10:53 ` dpdklab
2025-05-24 10:58 ` |WARNING| " dpdklab
2025-05-24 11:10 ` |SUCCESS| " dpdklab
2025-05-24 11:16 ` dpdklab
2025-05-24 11:30 ` |WARNING| " dpdklab
2025-05-24 12:54 ` |SUCCESS| " dpdklab
2025-05-24 14:23 ` dpdklab

Reply instructions:

You may reply publicly to this message via plain-text email
using any one of the following methods:

* Save the following mbox file, import it into your mail client,
  and reply-to-all from there: mbox

  Avoid top-posting and favor interleaved quoting:
  https://en.wikipedia.org/wiki/Posting_style#Interleaved_style

* Reply using the --to, --cc, and --in-reply-to
  switches of git-send-email(1):

  git send-email \
    --in-reply-to=202505240839.54O8dUMe1559960@localhost.localdomain \
    --to=qemudev@loongson.cn \
    --cc=test-report@dpdk.org \
    /path/to/YOUR_REPLY

  https://kernel.org/pub/software/scm/git/docs/git-send-email.html

* If your mail client supports setting the In-Reply-To header
  via mailto: links, try the mailto: link
Be sure your reply has a Subject: header at the top and a blank line before the message body.
This is a public inbox, see mirroring instructions
for how to clone and mirror all data and code used for this inbox;
as well as URLs for NNTP newsgroup(s).