automatic DPDK test reports
 help / color / mirror / Atom feed
From: qemudev@loongson.cn
To: test-report@dpdk.org
Subject: |SUCCESS| pw154367 [PATCH] crypto/qat: fix out-of-place chain/cipher/auth headers
Date: Thu, 12 Jun 2025 17:39:19 +0800	[thread overview]
Message-ID: <202506120939.55C9dJ8c1267765@localhost.localdomain> (raw)
In-Reply-To: <20250612101414.240641-1-radu.nicolau@intel.com>

Test-Label: loongarch-compilation
Test-Status: SUCCESS
http://dpdk.org/patch/154367

_Compilation OK_

Submitter: Radu Nicolau <radu.nicolau@intel.com>
Date: Thu, 12 Jun 2025 10:14:14 +0000
DPDK git baseline: Repo:dpdk-next-crypto
  Branch: for-main
  CommitID: de7d4a7a657b22a366caa2e14723cd03d40bdb7c

154367 --> meson & ninja build successfully

Test environment and result as below:

+---------------------+----------------+
|     Environment     | compilation    |
+---------------------+----------------+
| Loongnix-Server 8.3 | PASS           |
+---------------------+----------------+

Loongnix-Server 8.3
    Kernel: 4.19.190+
    Compiler: gcc 8.3


       reply	other threads:[~2025-06-12 10:15 UTC|newest]

Thread overview: 26+ messages / expand[flat|nested]  mbox.gz  Atom feed  top
     [not found] <20250612101414.240641-1-radu.nicolau@intel.com>
2025-06-12  9:39 ` qemudev [this message]
2025-06-12  9:43 ` qemudev
2025-06-12 10:14 ` checkpatch
2025-06-12 11:39 ` 0-day Robot
2025-06-12 11:56 ` |SUCCESS| pw154367 [PATCH] crypto/qat: fix out-of-place chain/cipher dpdklab
2025-06-12 11:58 ` dpdklab
2025-06-12 12:01 ` dpdklab
2025-06-12 12:02 ` |PENDING| " dpdklab
2025-06-12 12:12 ` |SUCCESS| " dpdklab
2025-06-12 12:23 ` dpdklab
2025-06-12 12:24 ` |PENDING| " dpdklab
2025-06-12 12:29 ` |SUCCESS| " dpdklab
2025-06-12 12:43 ` |WARNING| " dpdklab
2025-06-12 12:43 ` dpdklab
2025-06-12 12:54 ` |FAILURE| " dpdklab
2025-06-12 13:01 ` |PENDING| " dpdklab
2025-06-12 13:02 ` |FAILURE| " dpdklab
2025-06-12 13:08 ` |SUCCESS| " dpdklab
2025-06-12 13:15 ` |PENDING| " dpdklab
2025-06-12 14:03 ` |WARNING| " dpdklab
2025-06-12 14:22 ` |SUCCESS| " dpdklab
2025-06-12 17:02 ` dpdklab
2025-06-12 23:51 ` dpdklab
2025-06-18  6:24 ` |FAILURE| " dpdklab
2025-06-18  6:34 ` dpdklab
2025-06-18 14:17 ` |SUCCESS| " dpdklab

Reply instructions:

You may reply publicly to this message via plain-text email
using any one of the following methods:

* Save the following mbox file, import it into your mail client,
  and reply-to-all from there: mbox

  Avoid top-posting and favor interleaved quoting:
  https://en.wikipedia.org/wiki/Posting_style#Interleaved_style

* Reply using the --to, --cc, and --in-reply-to
  switches of git-send-email(1):

  git send-email \
    --in-reply-to=202506120939.55C9dJ8c1267765@localhost.localdomain \
    --to=qemudev@loongson.cn \
    --cc=test-report@dpdk.org \
    /path/to/YOUR_REPLY

  https://kernel.org/pub/software/scm/git/docs/git-send-email.html

* If your mail client supports setting the In-Reply-To header
  via mailto: links, try the mailto: link
Be sure your reply has a Subject: header at the top and a blank line before the message body.
This is a public inbox, see mirroring instructions
for how to clone and mirror all data and code used for this inbox;
as well as URLs for NNTP newsgroup(s).