automatic DPDK test reports
 help / color / mirror / Atom feed
From: qemudev@loongson.cn
To: test-report@dpdk.org
Subject: |SUCCESS| pw155932-155978 [RFC 47/47] drivers/raw: replace with TAILQ_FOREACH_SAFE
Date: Tue, 19 Aug 2025 07:05:59 +0800	[thread overview]
Message-ID: <202508182305.57IN5xII3167522@localhost.localdomain> (raw)
In-Reply-To: <20250818233102.180207-48-stephen@networkplumber.org>

Test-Label: loongarch-compilation
Test-Status: SUCCESS
http://dpdk.org/patch/155978

_Compilation OK_

Submitter: Stephen Hemminger <stephen@networkplumber.org>
Date: Mon, 18 Aug 2025 16:27:12 -0700
DPDK git baseline: Repo:dpdk
  Branch: main
  CommitID: 38543d33bd47fc0ee21f59db80a8763620741879

155932-155978 --> meson & ninja build successfully

Test environment and result as below:

+---------------------+----------------+
|     Environment     | compilation    |
+---------------------+----------------+
| Loongnix-Server 8.3 | PASS           |
+---------------------+----------------+

Loongnix-Server 8.3
    Kernel: 4.19.190+
    Compiler: gcc 8.3


       reply	other threads:[~2025-08-18 23:42 UTC|newest]

Thread overview: 34+ messages / expand[flat|nested]  mbox.gz  Atom feed  top
     [not found] <20250818233102.180207-48-stephen@networkplumber.org>
2025-08-18 23:05 ` qemudev [this message]
2025-08-18 23:10 ` qemudev
2025-08-18 23:37 ` |SUCCESS| pw155978 " checkpatch
2025-08-19  0:45 ` |FAILURE| " 0-day Robot
2025-08-19  5:50 ` |FAILURE| pw155932-155978 [PATCH] [RFC,47/47] drivers/raw: replace w dpdklab
2025-08-19  5:52 ` |SUCCESS| " dpdklab
2025-08-19  5:57 ` |PENDING| " dpdklab
2025-08-19  6:02 ` |FAILURE| " dpdklab
2025-08-19  6:10 ` dpdklab
2025-08-19  6:15 ` |SUCCESS| " dpdklab
2025-08-19  6:18 ` dpdklab
2025-08-19  6:20 ` |PENDING| " dpdklab
2025-08-19  6:24 ` |FAILURE| " dpdklab
2025-08-19  6:35 ` |PENDING| " dpdklab
2025-08-19  6:38 ` |SUCCESS| " dpdklab
2025-08-19  6:39 ` dpdklab
2025-08-19  7:03 ` dpdklab
2025-08-19  7:12 ` |PENDING| " dpdklab
2025-08-19  7:17 ` |WARNING| " dpdklab
2025-08-19  7:52 ` |FAILURE| " dpdklab
2025-08-19  7:54 ` dpdklab
2025-08-19  7:57 ` dpdklab
2025-08-19  7:57 ` |SUCCESS| " dpdklab
2025-08-19  8:05 ` dpdklab
2025-08-19  8:14 ` dpdklab
2025-08-19  8:30 ` |FAILURE| " dpdklab
2025-08-19 13:51 ` |WARNING| " dpdklab
2025-08-19 16:37 ` |FAILURE| " dpdklab
2025-08-19 16:43 ` dpdklab
2025-08-19 16:55 ` dpdklab
2025-08-19 16:59 ` dpdklab
2025-08-19 17:02 ` dpdklab
2025-08-19 17:20 ` dpdklab
2025-08-21 22:08 ` |SUCCESS| " dpdklab

Reply instructions:

You may reply publicly to this message via plain-text email
using any one of the following methods:

* Save the following mbox file, import it into your mail client,
  and reply-to-all from there: mbox

  Avoid top-posting and favor interleaved quoting:
  https://en.wikipedia.org/wiki/Posting_style#Interleaved_style

* Reply using the --to, --cc, and --in-reply-to
  switches of git-send-email(1):

  git send-email \
    --in-reply-to=202508182305.57IN5xII3167522@localhost.localdomain \
    --to=qemudev@loongson.cn \
    --cc=test-report@dpdk.org \
    /path/to/YOUR_REPLY

  https://kernel.org/pub/software/scm/git/docs/git-send-email.html

* If your mail client supports setting the In-Reply-To header
  via mailto: links, try the mailto: link
Be sure your reply has a Subject: header at the top and a blank line before the message body.
This is a public inbox, see mirroring instructions
for how to clone and mirror all data and code used for this inbox;
as well as URLs for NNTP newsgroup(s).