automatic DPDK test reports
 help / color / mirror / Atom feed
From: qemudev@loongson.cn
To: test-report@dpdk.org
Subject: |SUCCESS| pw156785-156786 [PATCH 3/3] app/compress-perf: support for dictionaries and PDCP checksum
Date: Sat, 20 Sep 2025 02:19:35 +0800	[thread overview]
Message-ID: <202509191819.58JIJZfW2685132@localhost.localdomain> (raw)
In-Reply-To: <20250919184821.2567839-3-svaze@qti.qualcomm.com>

Test-Label: loongarch-compilation
Test-Status: SUCCESS
http://dpdk.org/patch/156786

_Compilation OK_

Submitter: Sameer Vaze <svaze@qti.qualcomm.com>
Date: Fri, 19 Sep 2025 12:48:18 -0600
DPDK git baseline: Repo:dpdk-next-crypto
  Branch: for-main
  CommitID: 4159ea62922ce41566c7bab44655ad78bee85458

156785-156786 --> meson & ninja build successfully

Test environment and result as below:

+---------------------+----------------+
|     Environment     | compilation    |
+---------------------+----------------+
| Loongnix-Server 8.3 | PASS           |
+---------------------+----------------+

Loongnix-Server 8.3
    Kernel: 4.19.190+
    Compiler: gcc 8.3


       reply	other threads:[~2025-09-19 18:56 UTC|newest]

Thread overview: 26+ messages / expand[flat|nested]  mbox.gz  Atom feed  top
     [not found] <20250919184821.2567839-3-svaze@qti.qualcomm.com>
2025-09-19 18:19 ` qemudev [this message]
2025-09-19 18:24 ` qemudev
2025-09-19 18:47 ` |SUCCESS| pw156786 " checkpatch
2025-09-19 19:10 ` |PENDING| pw156785-156786 [PATCH] [3/3] app/compress-perf: support f dpdklab
2025-09-19 19:12 ` dpdklab
2025-09-19 19:14 ` |SUCCESS| " dpdklab
2025-09-19 19:14 ` |FAILURE| " dpdklab
2025-09-19 19:18 ` |SUCCESS| " dpdklab
2025-09-19 19:19 ` |PENDING| " dpdklab
2025-09-19 19:30 ` dpdklab
2025-09-19 19:32 ` |SUCCESS| " dpdklab
2025-09-19 19:34 ` dpdklab
2025-09-19 19:46 ` |SUCCESS| pw156786 [PATCH 3/3] app/compress-perf: support for dictionaries and PDCP checksum 0-day Robot
2025-09-19 19:46 ` 0-day Robot
2025-09-19 19:52 ` |SUCCESS| pw156785-156786 [PATCH] [3/3] app/compress-perf: support f dpdklab
2025-09-19 20:04 ` dpdklab
2025-09-19 20:05 ` dpdklab
2025-09-19 20:11 ` dpdklab
2025-09-19 20:12 ` |FAILURE| " dpdklab
2025-09-19 20:36 ` dpdklab
2025-09-19 20:45 ` |SUCCESS| " dpdklab
2025-09-19 21:05 ` dpdklab
2025-09-19 21:28 ` dpdklab
2025-09-19 21:28 ` dpdklab
2025-09-20  0:29 ` |FAILURE| " dpdklab
2025-09-20  1:08 ` |WARNING| " dpdklab

Reply instructions:

You may reply publicly to this message via plain-text email
using any one of the following methods:

* Save the following mbox file, import it into your mail client,
  and reply-to-all from there: mbox

  Avoid top-posting and favor interleaved quoting:
  https://en.wikipedia.org/wiki/Posting_style#Interleaved_style

* Reply using the --to, --cc, and --in-reply-to
  switches of git-send-email(1):

  git send-email \
    --in-reply-to=202509191819.58JIJZfW2685132@localhost.localdomain \
    --to=qemudev@loongson.cn \
    --cc=test-report@dpdk.org \
    /path/to/YOUR_REPLY

  https://kernel.org/pub/software/scm/git/docs/git-send-email.html

* If your mail client supports setting the In-Reply-To header
  via mailto: links, try the mailto: link
Be sure your reply has a Subject: header at the top and a blank line before the message body.
This is a public inbox, see mirroring instructions
for how to clone and mirror all data and code used for this inbox;
as well as URLs for NNTP newsgroup(s).