* |FAILURE| pw127368-127367 [PATCH] [v3,2/2] app/testpmd: fix segment
@ 2023-05-25 10:09 dpdklab
0 siblings, 0 replies; 2+ messages in thread
From: dpdklab @ 2023-05-25 10:09 UTC (permalink / raw)
To: Test Report; +Cc: dpdk-test-reports, Dengdui Huang
Test-Label: iol-x86_64-unit-testing
Test-Status: FAILURE
http://dpdk.org/patch/127367
_Testing issues_
Submitter: Dengdui Huang <huangdengdui@huawei.com>
Date: Thursday, May 25 2023 07:03:02
DPDK git baseline: Repo:dpdk
Branch: master
CommitID:2d9e10932d535ea553081b489a25f6fce7ec7996
127368-127367 --> testing fail
Test environment and result as below:
+---------------------+----------------+
| Environment | dpdk_unit_test |
+=====================+================+
| Windows Server 2019 | PASS |
+---------------------+----------------+
| Ubuntu 20.04 | FAIL |
+---------------------+----------------+
==== 20 line log output for Ubuntu 20.04 (dpdk_unit_test): ====
94/104 DPDK:fast-tests / telemetry_data_autotest OK 0.17 s
95/104 DPDK:fast-tests / table_autotest OK 5.63 s
96/104 DPDK:fast-tests / ring_pmd_autotest OK 0.17 s
97/104 DPDK:fast-tests / event_eth_tx_adapter_autotest OK 0.47 s
98/104 DPDK:fast-tests / bitratestats_autotest OK 0.17 s
99/104 DPDK:fast-tests / latencystats_autotest OK 0.17 s
100/104 DPDK:fast-tests / pdump_autotest OK 5.23 s
101/104 DPDK:fast-tests / vdev_autotest OK 0.17 s
102/104 DPDK:fast-tests / rawdev_autotest OK 0.17 s
103/104 DPDK:fast-tests / compressdev_autotest SKIP 0.17 s
104/104 DPDK:fast-tests / telemetry_all OK 6.54 s
Ok: 95
Expected Fail: 0
Fail: 1
Unexpected Pass: 0
Skipped: 8
Timeout: 0
Full log written to /home-local/jenkins-local/jenkins-agent/workspace/Generic-Unit-Test-DPDK/dpdk/build/meson-logs/testlog.txt
==== End log output ====
Windows Server 2019
Kernel: 10.0
Compiler: clang 14.0 and gcc 8.1.0 (MinGW)
Ubuntu 20.04
Kernel: 4.18.0-240.10.1.el8_3.x86_64
Compiler: gcc 9.3.0-17ubuntu1~20.04
To view detailed results, visit:
https://lab.dpdk.org/results/dashboard/patchsets/26377/
UNH-IOL DPDK Community Lab
To manage your email subscriptions, visit:
https://lab.dpdk.org/results/dashboard/preferences/subscriptions/
^ permalink raw reply [flat|nested] 2+ messages in thread
* |FAILURE| pw127368-127367 [PATCH] [v3,2/2] app/testpmd: fix segment
@ 2023-05-25 9:31 dpdklab
0 siblings, 0 replies; 2+ messages in thread
From: dpdklab @ 2023-05-25 9:31 UTC (permalink / raw)
To: Test Report; +Cc: dpdk-test-reports, Dengdui Huang
Test-Label: iol-unit-testing
Test-Status: FAILURE
http://dpdk.org/patch/127367
_Testing issues_
Submitter: Dengdui Huang <huangdengdui@huawei.com>
Date: Thursday, May 25 2023 07:03:02
DPDK git baseline: Repo:dpdk
Branch: master
CommitID:2d9e10932d535ea553081b489a25f6fce7ec7996
127368-127367 --> testing fail
Test environment and result as below:
+--------------------------+----------------+
| Environment | dpdk_unit_test |
+==========================+================+
| CentOS Stream 8 | FAIL |
+--------------------------+----------------+
| Debian Buster | FAIL |
+--------------------------+----------------+
| Debian 11 (Buster) (ARM) | FAIL |
+--------------------------+----------------+
| Fedora 37 | PASS |
+--------------------------+----------------+
| Ubuntu 20.04 (ARM) | FAIL |
+--------------------------+----------------+
| Debian Bullseye | FAIL |
+--------------------------+----------------+
| RHEL8 | FAIL |
+--------------------------+----------------+
| CentOS Stream 9 (ARM) | FAIL |
+--------------------------+----------------+
| CentOS Stream 9 | PASS |
+--------------------------+----------------+
| Ubuntu 22.04 | FAIL |
+--------------------------+----------------+
| Ubuntu 20.04 | FAIL |
+--------------------------+----------------+
| openSUSE Leap 15 | PASS |
+--------------------------+----------------+
| RHEL 7 | PASS |
+--------------------------+----------------+
| Fedora 38 | PASS |
+--------------------------+----------------+
| Fedora 38 (ARM) | PASS |
+--------------------------+----------------+
| Fedora 37 (ARM) | FAIL |
+--------------------------+----------------+
==== 20 line log output for Fedora 37 (ARM) (dpdk_unit_test): ====
93/103 DPDK:fast-tests / telemetry_data_autotest OK 0.14 s
94/103 DPDK:fast-tests / table_autotest OK 13.32 s
95/103 DPDK:fast-tests / ring_pmd_autotest OK 0.14 s
96/103 DPDK:fast-tests / event_eth_tx_adapter_autotest OK 1.99 s
97/103 DPDK:fast-tests / bitratestats_autotest OK 0.14 s
98/103 DPDK:fast-tests / latencystats_autotest OK 0.14 s
99/103 DPDK:fast-tests / pdump_autotest OK 5.25 s
100/103 DPDK:fast-tests / vdev_autotest OK 0.14 s
101/103 DPDK:fast-tests / rawdev_autotest OK 0.14 s
102/103 DPDK:fast-tests / compressdev_autotest SKIP 0.14 s
103/103 DPDK:fast-tests / telemetry_all SKIP 0.02 s
Ok: 95
Expected Fail: 0
Fail: 1
Unexpected Pass: 0
Skipped: 7
Timeout: 0
Full log written to /home-local/jenkins-local/jenkins-agent/workspace/Generic-Unit-Test-DPDK/dpdk/build/meson-logs/testlog.txt
==== End log output ====
CentOS Stream 8
Kernel: 4.18.0-240.10.1.el8_3.x86_64
Compiler: gcc 8.4.1 20200928
Debian Buster
Kernel: 5.4.0-122-generic
Compiler: gcc 8.3.0-6
Debian 11 (Buster) (ARM)
Kernel: Container Host Kernel
Compiler: gcc 10.2.1
Fedora 37
Kernel: Depends on container host system
Compiler: gcc 12.3.1
Ubuntu 20.04 (ARM)
Kernel: Container Host Kernel
Compiler: gcc 9.4.0
Debian Bullseye
Kernel: 5.4.0-122-generic
Compiler: gcc 10.2.1-6
RHEL8
Kernel: 4.18.0-240.10.1.el8_3.x86_64
Compiler: gcc 8.3.1 20191121 (Red Hat 8.3.1-5)
CentOS Stream 9 (ARM)
Kernel: Container Host Kernel
Compiler: gcc 11.3.1
CentOS Stream 9
Kernel: 4.18.0-240.10.1.el8_3.x86_64
Compiler: gcc 11.3.1 20220421
Ubuntu 22.04
Kernel: 4.18.0-240.10.1.el8_3.x86_64
Compiler: gcc 11.3.0
Ubuntu 20.04
Kernel: 4.18.0-240.10.1.el8_3.x86_64
Compiler: gcc 9.3.0-17ubuntu1~20.04
openSUSE Leap 15
Kernel: 4.18.0-240.10.1.el8_3.x86_64
Compiler: gcc 7.5.0
RHEL 7
Kernel: 4.18.0-240.10.1.el8_3.x86_64
Compiler: gcc 4.8.5 20150623 (Red Hat 4.8.5-44)
Fedora 38
Kernel: Depends on container host
Compiler: gcc 13.1.1
Fedora 38 (ARM)
Kernel: Depends on container host
Compiler: gcc 13.1.1
Fedora 37 (ARM)
Kernel: Depends on container host
Compiler: gcc 12.3.1
To view detailed results, visit:
https://lab.dpdk.org/results/dashboard/patchsets/26377/
UNH-IOL DPDK Community Lab
To manage your email subscriptions, visit:
https://lab.dpdk.org/results/dashboard/preferences/subscriptions/
^ permalink raw reply [flat|nested] 2+ messages in thread
end of thread, other threads:[~2023-05-25 10:09 UTC | newest]
Thread overview: 2+ messages (download: mbox.gz / follow: Atom feed)
-- links below jump to the message on this page --
2023-05-25 10:09 |FAILURE| pw127368-127367 [PATCH] [v3,2/2] app/testpmd: fix segment dpdklab
-- strict thread matches above, loose matches on Subject: below --
2023-05-25 9:31 dpdklab
This is a public inbox, see mirroring instructions
for how to clone and mirror all data and code used for this inbox;
as well as URLs for NNTP newsgroup(s).