* |FAILURE| pw131265 [PATCH] [v3,1/1] app/graph: add example for diffe
@ 2023-09-08 15:47 dpdklab
0 siblings, 0 replies; 8+ messages in thread
From: dpdklab @ 2023-09-08 15:47 UTC (permalink / raw)
To: Test Report; +Cc: dpdk-test-reports, Sunil Kumar Kori
Test-Label: iol-compile-arm64-testing
Test-Status: FAILURE
http://dpdk.org/patch/131265
_Testing issues_
Submitter: Sunil Kumar Kori <skori@marvell.com>
Date: Friday, September 08 2023 10:49:07
DPDK git baseline: Repo:dpdk
Branch: master
CommitID:e92ba1426914db1d224dd5e9a1743657681b8814
131265 --> testing fail
Test environment and result as below:
+----------------------------------------+--------------------+
| Environment | dpdk_meson_compile |
+========================================+====================+
| Ubuntu 20.04 ARM SVE | PASS |
+----------------------------------------+--------------------+
| Fedora 38 (ARM) | FAIL |
+----------------------------------------+--------------------+
| Fedora 37 (ARM) | FAIL |
+----------------------------------------+--------------------+
| Ubuntu 20.04 (ARM) | FAIL |
+----------------------------------------+--------------------+
| Debian 11 (Buster) (ARM) | FAIL |
+----------------------------------------+--------------------+
| CentOS Stream 9 (ARM) | FAIL |
+----------------------------------------+--------------------+
| Ubuntu 20.04 ARM GCC Cross Compile | FAIL |
+----------------------------------------+--------------------+
| Ubuntu 20.04 aarch32 GCC Cross Compile | FAIL |
+----------------------------------------+--------------------+
| Ubuntu 20.04 ARM Clang Cross Compile | FAIL |
+----------------------------------------+--------------------+
==== 20 line log output for Ubuntu 20.04 ARM Clang Cross Compile (dpdk_meson_compile): ====
Ubuntu 20.04 ARM SVE
Kernel: 5.4.0-80-generic
Compiler: gcc 10.3.0 (Ubuntu 10.3.0-1ubuntu1~20.04)
Fedora 38 (ARM)
Kernel: Depends on container host
Compiler: gcc 13.1.1
Fedora 37 (ARM)
Kernel: Depends on container host
Compiler: gcc 12.3.1
Ubuntu 20.04 (ARM)
Kernel: Container Host Kernel
Compiler: gcc 9.4.0
Debian 11 (Buster) (ARM)
Kernel: Container Host Kernel
Compiler: gcc 10.2.1
CentOS Stream 9 (ARM)
Kernel: Container Host Kernel
Compiler: gcc 11.3.1
Ubuntu 20.04 ARM GCC Cross Compile
Kernel: 5.4.0-72-generic
Compiler: aarch64-linux-gnu-gcc (Ubuntu 9.3.0-17ubuntu1~20.04) 9.3.0
Ubuntu 20.04 aarch32 GCC Cross Compile
Kernel: 5.4.0-72-generic
Compiler: gcc 9.3.0
Ubuntu 20.04 ARM Clang Cross Compile
Kernel: 5.4.0-72-generic
Compiler: clang version 10.0.0-4ubuntu1
To view detailed results, visit:
https://lab.dpdk.org/results/dashboard/patchsets/27558/
UNH-IOL DPDK Community Lab
To manage your email subscriptions, visit:
https://lab.dpdk.org/results/dashboard/preferences/subscriptions/
^ permalink raw reply [flat|nested] 8+ messages in thread
* |FAILURE| pw131265 [PATCH] [v3,1/1] app/graph: add example for diffe
@ 2023-09-08 17:08 dpdklab
0 siblings, 0 replies; 8+ messages in thread
From: dpdklab @ 2023-09-08 17:08 UTC (permalink / raw)
To: Test Report; +Cc: dpdk-test-reports, Sunil Kumar Kori
Test-Label: iol-compile-arm64-testing
Test-Status: FAILURE
http://dpdk.org/patch/131265
_Testing issues_
Submitter: Sunil Kumar Kori <skori@marvell.com>
Date: Friday, September 08 2023 10:49:07
DPDK git baseline: Repo:dpdk
Branch: master
CommitID:e92ba1426914db1d224dd5e9a1743657681b8814
131265 --> testing fail
Test environment and result as below:
+----------------------------------------+--------------------+
| Environment | dpdk_meson_compile |
+========================================+====================+
| Ubuntu 20.04 ARM SVE | PASS |
+----------------------------------------+--------------------+
| Fedora 38 (ARM) | FAIL |
+----------------------------------------+--------------------+
| Fedora 37 (ARM) | FAIL |
+----------------------------------------+--------------------+
| Ubuntu 20.04 (ARM) | FAIL |
+----------------------------------------+--------------------+
| Debian 11 (Buster) (ARM) | FAIL |
+----------------------------------------+--------------------+
| CentOS Stream 9 (ARM) | FAIL |
+----------------------------------------+--------------------+
| Ubuntu 20.04 ARM GCC Cross Compile | FAIL |
+----------------------------------------+--------------------+
| Ubuntu 20.04 aarch32 GCC Cross Compile | FAIL |
+----------------------------------------+--------------------+
| Ubuntu 20.04 ARM Clang Cross Compile | FAIL |
+----------------------------------------+--------------------+
| Fedora 38 (ARM Clang) | FAIL |
+----------------------------------------+--------------------+
==== 20 line log output for Fedora 38 (ARM Clang) (dpdk_meson_compile): ====
[2756/3048] Compiling C object 'app/a172ced@@dpdk-graph@exe/graph_graph.c.o'.
[2757/3048] Compiling C object 'app/a172ced@@dpdk-graph@exe/graph_ip4_route.c.o'.
[2758/3048] Compiling C object 'app/a172ced@@dpdk-graph@exe/graph_ip6_route.c.o'.
[2759/3048] Compiling C object 'app/a172ced@@dpdk-graph@exe/graph_main.c.o'.
[2760/3048] Compiling C object 'app/a172ced@@dpdk-graph@exe/graph_mempool.c.o'.
[2761/3048] Compiling C object 'app/a172ced@@dpdk-graph@exe/graph_neigh.c.o'.
[2762/3048] Compiling C object 'app/a172ced@@dpdk-graph@exe/graph_l3fwd.c.o'.
FAILED: app/a172ced@@dpdk-graph@exe/graph_l3fwd.c.o
clang -Iapp/a172ced@@dpdk-graph@exe -Iapp -I../app -Idrivers/bus/pci -I../drivers/bus/pci -I../drivers/bus/pci/linux -I. -I../ -Iconfig -I../config -Ilib/eal/include -I../lib/eal/include -Ilib/eal/linux/include -I../lib/eal/linux/include -Ilib/eal/arm/include -I../lib/eal/arm/include -Ilib/eal/common -I../lib/eal/common -Ilib/eal -I../lib/eal -Ilib/kvargs -I../lib/kvargs -Ilib/log -I../lib/log -Ilib/telemetry/../metrics -I../lib/telemetry/../metrics -Ilib/telemetry -I../lib/telemetry -Ilib/pci -I../lib/pci -Ilib/graph -I../lib/graph -Ilib/pcapng -I../lib/pcapng -Ilib/ethdev -I../lib/ethdev -Ilib/net -I../lib/net -Ilib/mbuf -I../lib/mbuf -Ilib/mempool -I../lib/mempool -Ilib/ring -I../lib/ring -Ilib/meter -I../lib/meter -Ilib/lpm -I../lib/lpm -Ilib/hash -I../lib/hash -Ilib/rcu -I../lib/rcu -Ilib/node -I../lib/node -Ilib/cryptodev -I../lib/cryptodev -Xclang -fcolor-diagnostics -pipe -D_FILE_OFFSET_BITS=64 -Wall -Winvalid-pch -Wextra -Werror -std=c11 -O3 -include rte_config.h -Wcast-qual
-Wdeprecated -Wformat -Wformat-nonliteral -Wformat-security -Wmissing-declarations -Wmissing-prototypes -Wnested-externs -Wold-style-definition -Wpointer-arith -Wsign-compare -Wstrict-prototypes -Wundef -Wwrite-strings -Wno-address-of-packed-member -Wno-missing-field-initializers -D_GNU_SOURCE -march=armv8.1-a+crc+crypto -mcpu=thunderx2t99 -DALLOW_EXPERIMENTAL_API -MD -MQ 'app/a172ced@@dpdk-graph@exe/graph_l3fwd.c.o' -MF 'app/a172ced@@dpdk-graph@exe/graph_l3fwd.c.o.d' -o 'app/a172ced@@dpdk-graph@exe/graph_l3fwd.c.o' -c ../app/graph/l3fwd.c
../app/graph/l3fwd.c:58:30: error: result of comparison of constant 256 with expression of type 'uint8_t' (aka 'unsigned char') is always true [-Werror,-Wtautological-constant-out-of-range-compare]
for (lcore_id = 0; lcore_id < RTE_MAX_LCORE; lcore_id++) {
~~~~~~~~ ^ ~~~~~~~~~~~~~
../app/graph/l3fwd.c:123:2: error: result of comparison of constant 256 with expression of type 'uint8_t' (aka 'unsigned char') is always true [-Werror,-Wtautological-constant-out-of-range-compare]
RTE_LCORE_FOREACH_WORKER(lcore_id) {
^~~~~~~~~~~~~~~~~~~~~~~~~~~~~~~~~~
../lib/eal/include/rte_lcore.h:227:9: note: expanded from macro 'RTE_LCORE_FOREACH_WORKER'
i < RTE_MAX_LCORE; \
~ ^ ~~~~~~~~~~~~~
2 errors generated.
ninja: build stopped: subcommand failed.
==== End log output ====
Ubuntu 20.04 ARM SVE
Kernel: 5.4.0-80-generic
Compiler: gcc 10.3.0 (Ubuntu 10.3.0-1ubuntu1~20.04)
Fedora 38 (ARM)
Kernel: Depends on container host
Compiler: gcc 13.1.1
Fedora 37 (ARM)
Kernel: Depends on container host
Compiler: gcc 12.3.1
Ubuntu 20.04 (ARM)
Kernel: Container Host Kernel
Compiler: gcc 9.4.0
Debian 11 (Buster) (ARM)
Kernel: Container Host Kernel
Compiler: gcc 10.2.1
CentOS Stream 9 (ARM)
Kernel: Container Host Kernel
Compiler: gcc 11.3.1
Ubuntu 20.04 ARM GCC Cross Compile
Kernel: 5.4.0-72-generic
Compiler: aarch64-linux-gnu-gcc (Ubuntu 9.3.0-17ubuntu1~20.04) 9.3.0
Ubuntu 20.04 aarch32 GCC Cross Compile
Kernel: 5.4.0-72-generic
Compiler: gcc 9.3.0
Ubuntu 20.04 ARM Clang Cross Compile
Kernel: 5.4.0-72-generic
Compiler: clang version 10.0.0-4ubuntu1
Fedora 38 (ARM Clang)
Kernel: Depends on container host
Compiler: clang 16.0.3
To view detailed results, visit:
https://lab.dpdk.org/results/dashboard/patchsets/27558/
UNH-IOL DPDK Community Lab
To manage your email subscriptions, visit:
https://lab.dpdk.org/results/dashboard/preferences/subscriptions/
^ permalink raw reply [flat|nested] 8+ messages in thread
* |FAILURE| pw131265 [PATCH] [v3,1/1] app/graph: add example for diffe
@ 2023-09-08 15:52 dpdklab
0 siblings, 0 replies; 8+ messages in thread
From: dpdklab @ 2023-09-08 15:52 UTC (permalink / raw)
To: Test Report; +Cc: dpdk-test-reports, Sunil Kumar Kori
Test-Label: iol-compile-arm64-testing
Test-Status: FAILURE
http://dpdk.org/patch/131265
_Testing issues_
Submitter: Sunil Kumar Kori <skori@marvell.com>
Date: Friday, September 08 2023 10:49:07
DPDK git baseline: Repo:dpdk
Branch: master
CommitID:e92ba1426914db1d224dd5e9a1743657681b8814
131265 --> testing fail
Test environment and result as below:
+----------------------------------------+--------------------+
| Environment | dpdk_meson_compile |
+========================================+====================+
| Ubuntu 20.04 ARM SVE | PASS |
+----------------------------------------+--------------------+
| Fedora 38 (ARM) | FAIL |
+----------------------------------------+--------------------+
| Fedora 37 (ARM) | FAIL |
+----------------------------------------+--------------------+
| Ubuntu 20.04 (ARM) | FAIL |
+----------------------------------------+--------------------+
| Debian 11 (Buster) (ARM) | FAIL |
+----------------------------------------+--------------------+
| CentOS Stream 9 (ARM) | FAIL |
+----------------------------------------+--------------------+
| Ubuntu 20.04 ARM GCC Cross Compile | FAIL |
+----------------------------------------+--------------------+
| Ubuntu 20.04 aarch32 GCC Cross Compile | FAIL |
+----------------------------------------+--------------------+
| Ubuntu 20.04 ARM Clang Cross Compile | FAIL |
+----------------------------------------+--------------------+
==== 20 line log output for Ubuntu 20.04 ARM Clang Cross Compile (dpdk_meson_compile): ====
Ubuntu 20.04 ARM SVE
Kernel: 5.4.0-80-generic
Compiler: gcc 10.3.0 (Ubuntu 10.3.0-1ubuntu1~20.04)
Fedora 38 (ARM)
Kernel: Depends on container host
Compiler: gcc 13.1.1
Fedora 37 (ARM)
Kernel: Depends on container host
Compiler: gcc 12.3.1
Ubuntu 20.04 (ARM)
Kernel: Container Host Kernel
Compiler: gcc 9.4.0
Debian 11 (Buster) (ARM)
Kernel: Container Host Kernel
Compiler: gcc 10.2.1
CentOS Stream 9 (ARM)
Kernel: Container Host Kernel
Compiler: gcc 11.3.1
Ubuntu 20.04 ARM GCC Cross Compile
Kernel: 5.4.0-72-generic
Compiler: aarch64-linux-gnu-gcc (Ubuntu 9.3.0-17ubuntu1~20.04) 9.3.0
Ubuntu 20.04 aarch32 GCC Cross Compile
Kernel: 5.4.0-72-generic
Compiler: gcc 9.3.0
Ubuntu 20.04 ARM Clang Cross Compile
Kernel: 5.4.0-72-generic
Compiler: clang version 10.0.0-4ubuntu1
To view detailed results, visit:
https://lab.dpdk.org/results/dashboard/patchsets/27558/
UNH-IOL DPDK Community Lab
To manage your email subscriptions, visit:
https://lab.dpdk.org/results/dashboard/preferences/subscriptions/
^ permalink raw reply [flat|nested] 8+ messages in thread
* |FAILURE| pw131265 [PATCH] [v3,1/1] app/graph: add example for diffe
@ 2023-09-08 15:49 dpdklab
0 siblings, 0 replies; 8+ messages in thread
From: dpdklab @ 2023-09-08 15:49 UTC (permalink / raw)
To: Test Report; +Cc: dpdk-test-reports, Sunil Kumar Kori
Test-Label: iol-compile-arm64-testing
Test-Status: FAILURE
http://dpdk.org/patch/131265
_Testing issues_
Submitter: Sunil Kumar Kori <skori@marvell.com>
Date: Friday, September 08 2023 10:49:07
DPDK git baseline: Repo:dpdk
Branch: master
CommitID:e92ba1426914db1d224dd5e9a1743657681b8814
131265 --> testing fail
Test environment and result as below:
+----------------------------------------+--------------------+
| Environment | dpdk_meson_compile |
+========================================+====================+
| Ubuntu 20.04 ARM SVE | PASS |
+----------------------------------------+--------------------+
| Fedora 38 (ARM) | FAIL |
+----------------------------------------+--------------------+
| Fedora 37 (ARM) | FAIL |
+----------------------------------------+--------------------+
| Ubuntu 20.04 (ARM) | FAIL |
+----------------------------------------+--------------------+
| Debian 11 (Buster) (ARM) | FAIL |
+----------------------------------------+--------------------+
| CentOS Stream 9 (ARM) | FAIL |
+----------------------------------------+--------------------+
| Ubuntu 20.04 ARM GCC Cross Compile | FAIL |
+----------------------------------------+--------------------+
| Ubuntu 20.04 aarch32 GCC Cross Compile | FAIL |
+----------------------------------------+--------------------+
| Ubuntu 20.04 ARM Clang Cross Compile | FAIL |
+----------------------------------------+--------------------+
==== 20 line log output for Ubuntu 20.04 ARM Clang Cross Compile (dpdk_meson_compile): ====
Ubuntu 20.04 ARM SVE
Kernel: 5.4.0-80-generic
Compiler: gcc 10.3.0 (Ubuntu 10.3.0-1ubuntu1~20.04)
Fedora 38 (ARM)
Kernel: Depends on container host
Compiler: gcc 13.1.1
Fedora 37 (ARM)
Kernel: Depends on container host
Compiler: gcc 12.3.1
Ubuntu 20.04 (ARM)
Kernel: Container Host Kernel
Compiler: gcc 9.4.0
Debian 11 (Buster) (ARM)
Kernel: Container Host Kernel
Compiler: gcc 10.2.1
CentOS Stream 9 (ARM)
Kernel: Container Host Kernel
Compiler: gcc 11.3.1
Ubuntu 20.04 ARM GCC Cross Compile
Kernel: 5.4.0-72-generic
Compiler: aarch64-linux-gnu-gcc (Ubuntu 9.3.0-17ubuntu1~20.04) 9.3.0
Ubuntu 20.04 aarch32 GCC Cross Compile
Kernel: 5.4.0-72-generic
Compiler: gcc 9.3.0
Ubuntu 20.04 ARM Clang Cross Compile
Kernel: 5.4.0-72-generic
Compiler: clang version 10.0.0-4ubuntu1
To view detailed results, visit:
https://lab.dpdk.org/results/dashboard/patchsets/27558/
UNH-IOL DPDK Community Lab
To manage your email subscriptions, visit:
https://lab.dpdk.org/results/dashboard/preferences/subscriptions/
^ permalink raw reply [flat|nested] 8+ messages in thread
* |FAILURE| pw131265 [PATCH] [v3,1/1] app/graph: add example for diffe
@ 2023-09-08 15:46 dpdklab
0 siblings, 0 replies; 8+ messages in thread
From: dpdklab @ 2023-09-08 15:46 UTC (permalink / raw)
To: Test Report; +Cc: dpdk-test-reports, Sunil Kumar Kori
Test-Label: iol-compile-arm64-testing
Test-Status: FAILURE
http://dpdk.org/patch/131265
_Testing issues_
Submitter: Sunil Kumar Kori <skori@marvell.com>
Date: Friday, September 08 2023 10:49:07
DPDK git baseline: Repo:dpdk
Branch: master
CommitID:e92ba1426914db1d224dd5e9a1743657681b8814
131265 --> testing fail
Test environment and result as below:
+----------------------------------------+--------------------+
| Environment | dpdk_meson_compile |
+========================================+====================+
| Ubuntu 20.04 ARM SVE | PASS |
+----------------------------------------+--------------------+
| Fedora 38 (ARM) | FAIL |
+----------------------------------------+--------------------+
| Fedora 37 (ARM) | FAIL |
+----------------------------------------+--------------------+
| Ubuntu 20.04 (ARM) | FAIL |
+----------------------------------------+--------------------+
| Debian 11 (Buster) (ARM) | FAIL |
+----------------------------------------+--------------------+
| CentOS Stream 9 (ARM) | FAIL |
+----------------------------------------+--------------------+
| Ubuntu 20.04 ARM GCC Cross Compile | FAIL |
+----------------------------------------+--------------------+
| Ubuntu 20.04 aarch32 GCC Cross Compile | FAIL |
+----------------------------------------+--------------------+
| Ubuntu 20.04 ARM Clang Cross Compile | FAIL |
+----------------------------------------+--------------------+
==== 20 line log output for Ubuntu 20.04 ARM Clang Cross Compile (dpdk_meson_compile): ====
Ubuntu 20.04 ARM SVE
Kernel: 5.4.0-80-generic
Compiler: gcc 10.3.0 (Ubuntu 10.3.0-1ubuntu1~20.04)
Fedora 38 (ARM)
Kernel: Depends on container host
Compiler: gcc 13.1.1
Fedora 37 (ARM)
Kernel: Depends on container host
Compiler: gcc 12.3.1
Ubuntu 20.04 (ARM)
Kernel: Container Host Kernel
Compiler: gcc 9.4.0
Debian 11 (Buster) (ARM)
Kernel: Container Host Kernel
Compiler: gcc 10.2.1
CentOS Stream 9 (ARM)
Kernel: Container Host Kernel
Compiler: gcc 11.3.1
Ubuntu 20.04 ARM GCC Cross Compile
Kernel: 5.4.0-72-generic
Compiler: aarch64-linux-gnu-gcc (Ubuntu 9.3.0-17ubuntu1~20.04) 9.3.0
Ubuntu 20.04 aarch32 GCC Cross Compile
Kernel: 5.4.0-72-generic
Compiler: gcc 9.3.0
Ubuntu 20.04 ARM Clang Cross Compile
Kernel: 5.4.0-72-generic
Compiler: clang version 10.0.0-4ubuntu1
To view detailed results, visit:
https://lab.dpdk.org/results/dashboard/patchsets/27558/
UNH-IOL DPDK Community Lab
To manage your email subscriptions, visit:
https://lab.dpdk.org/results/dashboard/preferences/subscriptions/
^ permalink raw reply [flat|nested] 8+ messages in thread
* |FAILURE| pw131265 [PATCH] [v3,1/1] app/graph: add example for diffe
@ 2023-09-08 15:46 dpdklab
0 siblings, 0 replies; 8+ messages in thread
From: dpdklab @ 2023-09-08 15:46 UTC (permalink / raw)
To: Test Report; +Cc: dpdk-test-reports, Sunil Kumar Kori
Test-Label: iol-compile-arm64-testing
Test-Status: FAILURE
http://dpdk.org/patch/131265
_Testing issues_
Submitter: Sunil Kumar Kori <skori@marvell.com>
Date: Friday, September 08 2023 10:49:07
DPDK git baseline: Repo:dpdk
Branch: master
CommitID:e92ba1426914db1d224dd5e9a1743657681b8814
131265 --> testing fail
Test environment and result as below:
+----------------------------------------+--------------------+
| Environment | dpdk_meson_compile |
+========================================+====================+
| Ubuntu 20.04 ARM SVE | PASS |
+----------------------------------------+--------------------+
| Fedora 38 (ARM) | FAIL |
+----------------------------------------+--------------------+
| Fedora 37 (ARM) | FAIL |
+----------------------------------------+--------------------+
| Ubuntu 20.04 (ARM) | FAIL |
+----------------------------------------+--------------------+
| Debian 11 (Buster) (ARM) | FAIL |
+----------------------------------------+--------------------+
| CentOS Stream 9 (ARM) | FAIL |
+----------------------------------------+--------------------+
| Ubuntu 20.04 ARM GCC Cross Compile | FAIL |
+----------------------------------------+--------------------+
| Ubuntu 20.04 aarch32 GCC Cross Compile | FAIL |
+----------------------------------------+--------------------+
| Ubuntu 20.04 ARM Clang Cross Compile | FAIL |
+----------------------------------------+--------------------+
==== 20 line log output for Ubuntu 20.04 ARM Clang Cross Compile (dpdk_meson_compile): ====
Ubuntu 20.04 ARM SVE
Kernel: 5.4.0-80-generic
Compiler: gcc 10.3.0 (Ubuntu 10.3.0-1ubuntu1~20.04)
Fedora 38 (ARM)
Kernel: Depends on container host
Compiler: gcc 13.1.1
Fedora 37 (ARM)
Kernel: Depends on container host
Compiler: gcc 12.3.1
Ubuntu 20.04 (ARM)
Kernel: Container Host Kernel
Compiler: gcc 9.4.0
Debian 11 (Buster) (ARM)
Kernel: Container Host Kernel
Compiler: gcc 10.2.1
CentOS Stream 9 (ARM)
Kernel: Container Host Kernel
Compiler: gcc 11.3.1
Ubuntu 20.04 ARM GCC Cross Compile
Kernel: 5.4.0-72-generic
Compiler: aarch64-linux-gnu-gcc (Ubuntu 9.3.0-17ubuntu1~20.04) 9.3.0
Ubuntu 20.04 aarch32 GCC Cross Compile
Kernel: 5.4.0-72-generic
Compiler: gcc 9.3.0
Ubuntu 20.04 ARM Clang Cross Compile
Kernel: 5.4.0-72-generic
Compiler: clang version 10.0.0-4ubuntu1
To view detailed results, visit:
https://lab.dpdk.org/results/dashboard/patchsets/27558/
UNH-IOL DPDK Community Lab
To manage your email subscriptions, visit:
https://lab.dpdk.org/results/dashboard/preferences/subscriptions/
^ permalink raw reply [flat|nested] 8+ messages in thread
* |FAILURE| pw131265 [PATCH] [v3,1/1] app/graph: add example for diffe
@ 2023-09-08 15:45 dpdklab
0 siblings, 0 replies; 8+ messages in thread
From: dpdklab @ 2023-09-08 15:45 UTC (permalink / raw)
To: Test Report; +Cc: dpdk-test-reports, Sunil Kumar Kori
Test-Label: iol-compile-arm64-testing
Test-Status: FAILURE
http://dpdk.org/patch/131265
_Testing issues_
Submitter: Sunil Kumar Kori <skori@marvell.com>
Date: Friday, September 08 2023 10:49:07
DPDK git baseline: Repo:dpdk
Branch: master
CommitID:e92ba1426914db1d224dd5e9a1743657681b8814
131265 --> testing fail
Test environment and result as below:
+----------------------------------------+--------------------+
| Environment | dpdk_meson_compile |
+========================================+====================+
| Ubuntu 20.04 ARM SVE | PASS |
+----------------------------------------+--------------------+
| Fedora 38 (ARM) | FAIL |
+----------------------------------------+--------------------+
| Fedora 37 (ARM) | FAIL |
+----------------------------------------+--------------------+
| Ubuntu 20.04 (ARM) | FAIL |
+----------------------------------------+--------------------+
| Debian 11 (Buster) (ARM) | FAIL |
+----------------------------------------+--------------------+
| CentOS Stream 9 (ARM) | FAIL |
+----------------------------------------+--------------------+
| Ubuntu 20.04 ARM GCC Cross Compile | FAIL |
+----------------------------------------+--------------------+
| Ubuntu 20.04 aarch32 GCC Cross Compile | FAIL |
+----------------------------------------+--------------------+
| Ubuntu 20.04 ARM Clang Cross Compile | FAIL |
+----------------------------------------+--------------------+
==== 20 line log output for Ubuntu 20.04 ARM Clang Cross Compile (dpdk_meson_compile): ====
Ubuntu 20.04 ARM SVE
Kernel: 5.4.0-80-generic
Compiler: gcc 10.3.0 (Ubuntu 10.3.0-1ubuntu1~20.04)
Fedora 38 (ARM)
Kernel: Depends on container host
Compiler: gcc 13.1.1
Fedora 37 (ARM)
Kernel: Depends on container host
Compiler: gcc 12.3.1
Ubuntu 20.04 (ARM)
Kernel: Container Host Kernel
Compiler: gcc 9.4.0
Debian 11 (Buster) (ARM)
Kernel: Container Host Kernel
Compiler: gcc 10.2.1
CentOS Stream 9 (ARM)
Kernel: Container Host Kernel
Compiler: gcc 11.3.1
Ubuntu 20.04 ARM GCC Cross Compile
Kernel: 5.4.0-72-generic
Compiler: aarch64-linux-gnu-gcc (Ubuntu 9.3.0-17ubuntu1~20.04) 9.3.0
Ubuntu 20.04 aarch32 GCC Cross Compile
Kernel: 5.4.0-72-generic
Compiler: gcc 9.3.0
Ubuntu 20.04 ARM Clang Cross Compile
Kernel: 5.4.0-72-generic
Compiler: clang version 10.0.0-4ubuntu1
To view detailed results, visit:
https://lab.dpdk.org/results/dashboard/patchsets/27558/
UNH-IOL DPDK Community Lab
To manage your email subscriptions, visit:
https://lab.dpdk.org/results/dashboard/preferences/subscriptions/
^ permalink raw reply [flat|nested] 8+ messages in thread
* |FAILURE| pw131265 [PATCH] [v3,1/1] app/graph: add example for diffe
@ 2023-09-08 15:43 dpdklab
0 siblings, 0 replies; 8+ messages in thread
From: dpdklab @ 2023-09-08 15:43 UTC (permalink / raw)
To: Test Report; +Cc: dpdk-test-reports, Sunil Kumar Kori
Test-Label: iol-compile-arm64-testing
Test-Status: FAILURE
http://dpdk.org/patch/131265
_Testing issues_
Submitter: Sunil Kumar Kori <skori@marvell.com>
Date: Friday, September 08 2023 10:49:07
DPDK git baseline: Repo:dpdk
Branch: master
CommitID:e92ba1426914db1d224dd5e9a1743657681b8814
131265 --> testing fail
Test environment and result as below:
+----------------------------------------+--------------------+
| Environment | dpdk_meson_compile |
+========================================+====================+
| Ubuntu 20.04 ARM SVE | PASS |
+----------------------------------------+--------------------+
| Fedora 38 (ARM) | FAIL |
+----------------------------------------+--------------------+
| Fedora 37 (ARM) | FAIL |
+----------------------------------------+--------------------+
| Ubuntu 20.04 (ARM) | FAIL |
+----------------------------------------+--------------------+
| Debian 11 (Buster) (ARM) | FAIL |
+----------------------------------------+--------------------+
| CentOS Stream 9 (ARM) | FAIL |
+----------------------------------------+--------------------+
| Ubuntu 20.04 ARM GCC Cross Compile | FAIL |
+----------------------------------------+--------------------+
| Ubuntu 20.04 aarch32 GCC Cross Compile | FAIL |
+----------------------------------------+--------------------+
| Ubuntu 20.04 ARM Clang Cross Compile | FAIL |
+----------------------------------------+--------------------+
==== 20 line log output for Ubuntu 20.04 ARM Clang Cross Compile (dpdk_meson_compile): ====
Ubuntu 20.04 ARM SVE
Kernel: 5.4.0-80-generic
Compiler: gcc 10.3.0 (Ubuntu 10.3.0-1ubuntu1~20.04)
Fedora 38 (ARM)
Kernel: Depends on container host
Compiler: gcc 13.1.1
Fedora 37 (ARM)
Kernel: Depends on container host
Compiler: gcc 12.3.1
Ubuntu 20.04 (ARM)
Kernel: Container Host Kernel
Compiler: gcc 9.4.0
Debian 11 (Buster) (ARM)
Kernel: Container Host Kernel
Compiler: gcc 10.2.1
CentOS Stream 9 (ARM)
Kernel: Container Host Kernel
Compiler: gcc 11.3.1
Ubuntu 20.04 ARM GCC Cross Compile
Kernel: 5.4.0-72-generic
Compiler: aarch64-linux-gnu-gcc (Ubuntu 9.3.0-17ubuntu1~20.04) 9.3.0
Ubuntu 20.04 aarch32 GCC Cross Compile
Kernel: 5.4.0-72-generic
Compiler: gcc 9.3.0
Ubuntu 20.04 ARM Clang Cross Compile
Kernel: 5.4.0-72-generic
Compiler: clang version 10.0.0-4ubuntu1
To view detailed results, visit:
https://lab.dpdk.org/results/dashboard/patchsets/27558/
UNH-IOL DPDK Community Lab
To manage your email subscriptions, visit:
https://lab.dpdk.org/results/dashboard/preferences/subscriptions/
^ permalink raw reply [flat|nested] 8+ messages in thread
end of thread, other threads:[~2023-09-08 17:08 UTC | newest]
Thread overview: 8+ messages (download: mbox.gz / follow: Atom feed)
-- links below jump to the message on this page --
2023-09-08 15:47 |FAILURE| pw131265 [PATCH] [v3,1/1] app/graph: add example for diffe dpdklab
-- strict thread matches above, loose matches on Subject: below --
2023-09-08 17:08 dpdklab
2023-09-08 15:52 dpdklab
2023-09-08 15:49 dpdklab
2023-09-08 15:46 dpdklab
2023-09-08 15:46 dpdklab
2023-09-08 15:45 dpdklab
2023-09-08 15:43 dpdklab
This is a public inbox, see mirroring instructions
for how to clone and mirror all data and code used for this inbox;
as well as URLs for NNTP newsgroup(s).