From: dpdklab@iol.unh.edu
To: Test Report <test-report@dpdk.org>
Cc: dpdk-test-reports@iol.unh.edu, Xueming Li <xuemingl@nvidia.com>,
Christian Ehrhardt <christian.ehrhardt@canonical.com>,
Kevin Traynor <ktraynor@redhat.com>,
Luca Boccassi <bluca@debian.org>
Subject: |WARNING| [GIT MASTER] 7849366693a2a2cbc5279a6bfd39cbb457fe7c96
Date: Sun, 24 Sep 2023 22:50:53 -0700 (PDT) [thread overview]
Message-ID: <65111fbd.170a0220.37b3a.0a4bSMTPIN_ADDED_MISSING@mx.google.com> (raw)
_Testing issues_
Branch: tags/v22.11
7849366693a2a2cbc5279a6bfd39cbb457fe7c96 --> testing fail
Test environment and result as below:
+----------------------+---------------------------+------------------------------+--------------+
| Environment | cryptodev_sw_zuc_autotest | cryptodev_sw_snow3g_autotest | lpm_autotest |
+======================+===========================+==============================+==============+
| Debian 11 (arm) | PASS | PASS | SKIPPED |
+----------------------+---------------------------+------------------------------+--------------+
| Ubuntu 20.04 ARM SVE | SKIPPED | SKIPPED | FAIL |
+----------------------+---------------------------+------------------------------+--------------+
==== 20 line log output for Ubuntu 20.04 ARM SVE (lpm_autotest): ====
[683/690] Compiling C object 'app/test/3062f5d@@dpdk-test@exe/test_version.c.o'.
[684/690] Compiling C object 'app/test/3062f5d@@dpdk-test@exe/test_telemetry_data.c.o'.
[685/690] Compiling C object 'app/test/3062f5d@@dpdk-test@exe/test_pcapng.c.o'.
[686/690] Compiling C object 'app/test/3062f5d@@dpdk-test@exe/test_telemetry_json.c.o'.
[687/690] Compiling C object 'app/test/3062f5d@@dpdk-test@exe/virtual_pmd.c.o'.
[688/690] Compiling C object 'app/test/3062f5d@@dpdk-test@exe/test_trace_perf.c.o'.
[689/690] Compiling C object 'app/test/3062f5d@@dpdk-test@exe/test_compressdev.c.o'.
[690/690] Linking target app/test/dpdk-test.
ninja: Entering directory `/home-local/jenkins-local/jenkins-agent/workspace/Generic-Unit-Test-DPDK/dpdk/build'
ninja: no work to do.
1/1 DPDK:fast-tests / lpm_autotest TIMEOUT 10.18 s
Ok: 0
Expected Fail: 0
Fail: 0
Unexpected Pass: 0
Skipped: 0
Timeout: 1
Full log written to /home-local/jenkins-local/jenkins-agent/workspace/Generic-Unit-Test-DPDK/dpdk/build/meson-logs/testlog.txt
==== End log output ====
Debian 11 (arm)
Kernel: Container Host Kernel
Compiler: gcc 10.2.1
Ubuntu 20.04 ARM SVE
Kernel: 5.4.0-80-generic
Compiler: gcc 10.3.0 (Ubuntu 10.3.0-1ubuntu1~20.04)
To view detailed results, visit:
https://lab.dpdk.org/results/dashboard/tarballs/26223/
UNH-IOL DPDK Community Lab
To manage your email subscriptions, visit:
https://lab.dpdk.org/results/dashboard/preferences/subscriptions/
next reply other threads:[~2023-09-25 5:50 UTC|newest]
Thread overview: 36+ messages / expand[flat|nested] mbox.gz Atom feed top
2023-09-25 5:50 dpdklab [this message]
2023-09-27 7:38 dpdklab
2023-10-14 4:26 dpdklab
2023-10-14 4:28 dpdklab
2023-10-14 5:11 dpdklab
2023-10-14 5:17 dpdklab
2023-10-14 5:18 dpdklab
2023-10-14 5:22 dpdklab
2023-10-14 5:38 dpdklab
2023-10-14 5:41 dpdklab
2023-10-14 5:42 dpdklab
2023-10-14 5:46 dpdklab
2023-10-14 5:51 dpdklab
2023-10-14 6:00 dpdklab
2023-10-14 6:08 dpdklab
2023-10-14 6:18 dpdklab
2023-10-14 6:28 dpdklab
2023-10-15 5:37 dpdklab
2023-10-16 5:46 dpdklab
2023-11-04 5:30 dpdklab
2023-11-20 5:30 dpdklab
2023-11-20 5:31 dpdklab
2023-11-20 6:06 dpdklab
2023-11-20 6:11 dpdklab
2023-11-20 6:21 dpdklab
2023-11-20 6:34 dpdklab
2023-11-20 6:34 dpdklab
2023-11-20 6:37 dpdklab
2023-11-20 6:38 dpdklab
2023-11-20 6:40 dpdklab
2023-11-20 6:40 dpdklab
2023-11-20 6:43 dpdklab
2023-11-20 6:46 dpdklab
2023-11-20 6:48 dpdklab
2023-11-28 20:06 dpdklab
2023-12-09 7:01 dpdklab
Reply instructions:
You may reply publicly to this message via plain-text email
using any one of the following methods:
* Save the following mbox file, import it into your mail client,
and reply-to-all from there: mbox
Avoid top-posting and favor interleaved quoting:
https://en.wikipedia.org/wiki/Posting_style#Interleaved_style
* Reply using the --to, --cc, and --in-reply-to
switches of git-send-email(1):
git send-email \
--in-reply-to=65111fbd.170a0220.37b3a.0a4bSMTPIN_ADDED_MISSING@mx.google.com \
--to=dpdklab@iol.unh.edu \
--cc=bluca@debian.org \
--cc=christian.ehrhardt@canonical.com \
--cc=dpdk-test-reports@iol.unh.edu \
--cc=ktraynor@redhat.com \
--cc=test-report@dpdk.org \
--cc=xuemingl@nvidia.com \
/path/to/YOUR_REPLY
https://kernel.org/pub/software/scm/git/docs/git-send-email.html
* If your mail client supports setting the In-Reply-To header
via mailto: links, try the mailto: link
Be sure your reply has a Subject: header at the top and a blank line
before the message body.
This is a public inbox, see mirroring instructions
for how to clone and mirror all data and code used for this inbox;
as well as URLs for NNTP newsgroup(s).