From mboxrd@z Thu Jan 1 00:00:00 1970 Return-Path: Received: from mails.dpdk.org (mails.dpdk.org [217.70.189.124]) by inbox.dpdk.org (Postfix) with ESMTP id 4BFF942633 for ; Mon, 25 Sep 2023 09:17:22 +0200 (CEST) Received: from mails.dpdk.org (localhost [127.0.0.1]) by mails.dpdk.org (Postfix) with ESMTP id 2DCBB402B7; Mon, 25 Sep 2023 09:17:22 +0200 (CEST) Received: from mail-ot1-f97.google.com (mail-ot1-f97.google.com [209.85.210.97]) by mails.dpdk.org (Postfix) with ESMTP id CA748402B7 for ; Mon, 25 Sep 2023 09:17:20 +0200 (CEST) Received: by mail-ot1-f97.google.com with SMTP id 46e09a7af769-6bf04263dc8so3696908a34.3 for ; Mon, 25 Sep 2023 00:17:20 -0700 (PDT) DKIM-Signature: v=1; a=rsa-sha256; c=relaxed/relaxed; d=iol.unh.edu; s=unh-iol; t=1695626240; x=1696231040; darn=dpdk.org; h=cc:to:from:subject:message-id:date:from:to:cc:subject:date :message-id:reply-to; bh=ENBmwm1s8fl0dKYZjOeKeMy3K6ZhU7/UuPpzrl1//H8=; b=AgLgn0D4aorv4z1x3O647IGqbLHNzhoa45wo7uyE7LGDHo3xEDAVDTnWunPJBwCTCo I50si4lhb6aRuIFhBItG803MDD1Z4vfdtu0AH09fg28fUn4P00C7wjWQ7Dnj6bTDV7YL 6tIfbcInkXtiKq7vwd+sJZmwOMure9Z1TF26U= X-Google-DKIM-Signature: v=1; a=rsa-sha256; c=relaxed/relaxed; d=1e100.net; s=20230601; t=1695626240; x=1696231040; h=cc:to:from:subject:message-id:date:x-gm-message-state:from:to:cc :subject:date:message-id:reply-to; bh=ENBmwm1s8fl0dKYZjOeKeMy3K6ZhU7/UuPpzrl1//H8=; b=bHUjQ/8BerDj3jAVuYYNI2gplimNMVox6XofftpnM+AxpNunIa8qpYVrWYCHa/BO8K A7Foo7oLTZUceitwj79ddDmUtqVvpJqCRAz3Uio231t5pNJAGYldvqKrERPD/RuEUVrw XoXTjzxjxKsKB4m31dOqW5zHvLmiZU+KVwPveq44kmWwpMsf1mONpHZ07tXnxPYkRyKp m9UPehPyTKH1FxGlrMaD9xy8e37M9YgoRoBIkOggpPnccu0yLn5FP9LHFSaFJgI/9Ajv rW/DA4YG/Ud67X7f8SZKF4C/tUGdw2jrS+D6C3JQY+m0gogRfA/6P2k+otpP6DdUAQXR Gb7w== X-Gm-Message-State: AOJu0YxZuM16UO5JrvFMZM1DlAS8KBPo7eJl+zHBHQfWFca748gCJdDi obIi3m1NZqXFhWGrrm++PCrC5hTGyJvICmPvCgJm+v2qYK/omw== X-Google-Smtp-Source: AGHT+IH+CcZWViGbzAfrw/cJUnaTP3aWb9z6YOOrQCDkW2UKOPIYkeHgOBMK/236Krl+cLAE+IsGggYev8aO X-Received: by 2002:a05:6830:22ef:b0:6b9:924e:b43b with SMTP id t15-20020a05683022ef00b006b9924eb43bmr6057243otc.6.1695626240111; Mon, 25 Sep 2023 00:17:20 -0700 (PDT) Received: from postal.iol.unh.edu (postal.iol.unh.edu. [132.177.123.84]) by smtp-relay.gmail.com with ESMTPS id a29-20020aa794bd000000b0068fa67344efsm453321pfl.18.2023.09.25.00.17.19 (version=TLS1_2 cipher=ECDHE-ECDSA-AES128-GCM-SHA256 bits=128/128); Mon, 25 Sep 2023 00:17:20 -0700 (PDT) X-Relaying-Domain: iol.unh.edu Date: Mon, 25 Sep 2023 00:17:20 -0700 (PDT) Message-ID: <65113400.a70a0220.2156f.cd49SMTPIN_ADDED_MISSING@mx.google.com> Received: from [172.21.0.2] (unknown [172.18.0.240]) by postal.iol.unh.edu (Postfix) with ESMTP id AF26E6052514; Mon, 25 Sep 2023 03:17:18 -0400 (EDT) Subject: |FAILURE| [GIT MASTER] 7849366693a2a2cbc5279a6bfd39cbb457fe7c96 From: dpdklab@iol.unh.edu To: Test Report Cc: dpdk-test-reports@iol.unh.edu, Xueming Li , Christian Ehrhardt , Kevin Traynor , Luca Boccassi Content-Type: text/plain X-BeenThere: test-report@dpdk.org X-Mailman-Version: 2.1.29 Precedence: list List-Id: automatic DPDK test reports List-Unsubscribe: , List-Archive: List-Post: List-Help: List-Subscribe: , Errors-To: test-report-bounces@dpdk.org _Testing issues_ Branch: tags/v22.11 7849366693a2a2cbc5279a6bfd39cbb457fe7c96 --> testing fail Test environment and result as below: +---------------------+----------------+ | Environment | dpdk_unit_test | +=====================+================+ | Windows Server 2019 | FAIL | +---------------------+----------------+ | Debian Bullseye | PASS | +---------------------+----------------+ | Fedora 38 | PASS | +---------------------+----------------+ | Debian Buster | PASS | +---------------------+----------------+ | Fedora 37 | PASS | +---------------------+----------------+ | CentOS Stream 8 | PASS | +---------------------+----------------+ | CentOS Stream 9 | PASS | +---------------------+----------------+ | RHEL 7 | PASS | +---------------------+----------------+ ==== 20 line log output for Windows Server 2019 (dpdk_unit_test): ==== 85/93 DPDK:fast-tests / power_autotest SKIP 0.16s exit status 77 86/93 DPDK:fast-tests / power_kvm_vm_autotest SKIP 0.12s exit status 77 87/93 DPDK:fast-tests / power_intel_uncore_autotest SKIP 0.12s exit status 77 88/93 DPDK:fast-tests / reorder_autotest SKIP 0.12s exit status 77 89/93 DPDK:fast-tests / service_autotest OK 3.82s 90/93 DPDK:fast-tests / thash_autotest OK 0.12s 91/93 DPDK:fast-tests / threads_autotest OK 0.78s 92/93 DPDK:fast-tests / trace_autotest SKIP 0.12s exit status 77 93/93 DPDK:fast-tests / metrics_autotest OK 0.12s Ok: 49 Expected Fail: 0 Fail: 1 Unexpected Pass: 0 Skipped: 43 Timeout: 0 Full log written to C:\Users\builder\jenkins\workspace\Generic-VM-Unit-Test-DPDK\dpdk\build\meson-logs\testlog.txt ==== End log output ==== Windows Server 2019 Kernel: 10.0 Compiler: clang 14.0 and gcc 8.1.0 (MinGW) Debian Bullseye Kernel: 5.4.0-122-generic Compiler: gcc 10.2.1-6 Fedora 38 Kernel: Depends on container host Compiler: gcc 13.1.1 Debian Buster Kernel: 5.4.0-122-generic Compiler: gcc 8.3.0-6 Fedora 37 Kernel: Depends on container host system Compiler: gcc 12.3.1 CentOS Stream 8 Kernel: 4.18.0-240.10.1.el8_3.x86_64 Compiler: gcc 8.4.1 20200928 CentOS Stream 9 Kernel: 4.18.0-240.10.1.el8_3.x86_64 Compiler: gcc 11.3.1 20220421 RHEL 7 Kernel: 4.18.0-240.10.1.el8_3.x86_64 Compiler: gcc 4.8.5 20150623 (Red Hat 4.8.5-44) To view detailed results, visit: https://lab.dpdk.org/results/dashboard/tarballs/26223/ UNH-IOL DPDK Community Lab To manage your email subscriptions, visit: https://lab.dpdk.org/results/dashboard/preferences/subscriptions/