From mboxrd@z Thu Jan 1 00:00:00 1970 Return-Path: Received: from mails.dpdk.org (mails.dpdk.org [217.70.189.124]) by inbox.dpdk.org (Postfix) with ESMTP id 217874263E for ; Tue, 26 Sep 2023 08:02:47 +0200 (CEST) Received: from mails.dpdk.org (localhost [127.0.0.1]) by mails.dpdk.org (Postfix) with ESMTP id 1CBF54069F; Tue, 26 Sep 2023 08:02:47 +0200 (CEST) Received: from mail-pl1-f225.google.com (mail-pl1-f225.google.com [209.85.214.225]) by mails.dpdk.org (Postfix) with ESMTP id 2B92D40279 for ; Tue, 26 Sep 2023 08:02:45 +0200 (CEST) Received: by mail-pl1-f225.google.com with SMTP id d9443c01a7336-1bf6ea270b2so58956735ad.0 for ; Mon, 25 Sep 2023 23:02:45 -0700 (PDT) DKIM-Signature: v=1; a=rsa-sha256; c=relaxed/relaxed; d=iol.unh.edu; s=unh-iol; t=1695708164; x=1696312964; darn=dpdk.org; h=cc:to:from:subject:message-id:date:from:to:cc:subject:date :message-id:reply-to; bh=gIMnEuekL0nQDGtwtfh73sI6SJyTXKEZDYxdJmSw1+I=; b=R4WQ8qZYKheJT0TvvYQBjJx8wHfcJ3ydAsSR/L1W+a5IWE3rfBHZYkQRb9IHUvoDy1 4493WYYWBwMsVnQDTk8l7iG/kDkcm2dYPIzcKKaKKFMx7dCysjDbETGGHDnlrmYDu5rA X/4p4uVt8RHYfOzTGyUVXH2GxuPMnQq5WJ0q0= X-Google-DKIM-Signature: v=1; a=rsa-sha256; c=relaxed/relaxed; d=1e100.net; s=20230601; t=1695708164; x=1696312964; h=cc:to:from:subject:message-id:date:x-gm-message-state:from:to:cc :subject:date:message-id:reply-to; bh=gIMnEuekL0nQDGtwtfh73sI6SJyTXKEZDYxdJmSw1+I=; b=rPKpdMhVqhBSx1RffwG95KPodUFQgyZOmUGembBWrBZgmpyMzay/SfJhKDyjy/1uMS jCPwnXEIDaqw+k6ujqnbXMzTVs5bGR3VMEgANCodqh+aczW8IF7NC/vAo0Vj0DYHEab6 ZKXONL2T+d/wNgf0YBO9Q7GmtldFaxMsjicVpPRE4mhglIWXnMglZWelplLSf/6Aa3Gh lsmTDD8WcjoXQhkF19WV/ONeRa0EPFyOsYeg9dNfYW/M8R36CJ7xWn4sFyAJTQ4aFALX cTghXvS/qfEIZLG4Lse6RbpVGd6TR3N6SN4LGssoDaBoJBlRA9ILfJ3WOd6fq6ik5IBi Gy4A== X-Gm-Message-State: AOJu0Yyl87qW592TAck7O6U5UOupTahhkf7q1tBQJbdjpN+osVNjikT9 7zShwDfRlDjdzskFpFrXvgQAVNucDv2GNtsRLlwvIOR16L22l1MVrv+DwJgm3A0CUg== X-Google-Smtp-Source: AGHT+IH6BHMZDuce5uibIffg2E/IDqDBKXz2+jeARZnMa/XjF0gZLnybS/z6ZrK4CMr7c2zdXvq2u454Unvo X-Received: by 2002:a17:902:e992:b0:1c4:7c4:b2e9 with SMTP id f18-20020a170902e99200b001c407c4b2e9mr6305586plb.43.1695708164433; Mon, 25 Sep 2023 23:02:44 -0700 (PDT) Received: from postal.iol.unh.edu (postal.iol.unh.edu. [2606:4100:3880:1234::84]) by smtp-relay.gmail.com with ESMTPS id w10-20020a170902904a00b001bb988ac24fsm264433plz.45.2023.09.25.23.02.44 (version=TLS1_2 cipher=ECDHE-ECDSA-AES128-GCM-SHA256 bits=128/128); Mon, 25 Sep 2023 23:02:44 -0700 (PDT) X-Relaying-Domain: iol.unh.edu Date: Mon, 25 Sep 2023 23:02:44 -0700 (PDT) Message-ID: <65127404.170a0220.320c2.eecbSMTPIN_ADDED_MISSING@mx.google.com> Received: from [172.21.0.2] (unknown [172.18.0.240]) by postal.iol.unh.edu (Postfix) with ESMTP id 9DF06605C351; Tue, 26 Sep 2023 02:02:43 -0400 (EDT) Subject: |FAILURE| [GIT MASTER] 7849366693a2a2cbc5279a6bfd39cbb457fe7c96 From: dpdklab@iol.unh.edu To: Test Report Cc: dpdk-test-reports@iol.unh.edu, Xueming Li , Christian Ehrhardt , Kevin Traynor , Luca Boccassi Content-Type: text/plain X-BeenThere: test-report@dpdk.org X-Mailman-Version: 2.1.29 Precedence: list List-Id: automatic DPDK test reports List-Unsubscribe: , List-Archive: List-Post: List-Help: List-Subscribe: , Errors-To: test-report-bounces@dpdk.org _Testing issues_ Branch: tags/v22.11 7849366693a2a2cbc5279a6bfd39cbb457fe7c96 --> testing fail Test environment and result as below: +---------------------+----------------+ | Environment | dpdk_unit_test | +=====================+================+ | Windows Server 2019 | FAIL | +---------------------+----------------+ | Debian Buster | PASS | +---------------------+----------------+ | CentOS Stream 8 | PASS | +---------------------+----------------+ | CentOS Stream 9 | PASS | +---------------------+----------------+ ==== 20 line log output for Windows Server 2019 (dpdk_unit_test): ==== 85/93 DPDK:fast-tests / power_autotest SKIP 0.12s exit status 77 86/93 DPDK:fast-tests / power_kvm_vm_autotest SKIP 0.12s exit status 77 87/93 DPDK:fast-tests / power_intel_uncore_autotest SKIP 0.12s exit status 77 88/93 DPDK:fast-tests / reorder_autotest SKIP 0.12s exit status 77 89/93 DPDK:fast-tests / service_autotest OK 3.82s 90/93 DPDK:fast-tests / thash_autotest OK 0.12s 91/93 DPDK:fast-tests / threads_autotest OK 0.68s 92/93 DPDK:fast-tests / trace_autotest SKIP 0.12s exit status 77 93/93 DPDK:fast-tests / metrics_autotest OK 0.11s Ok: 49 Expected Fail: 0 Fail: 1 Unexpected Pass: 0 Skipped: 43 Timeout: 0 Full log written to C:\Users\builder\jenkins\workspace\Generic-VM-Unit-Test-DPDK\dpdk\build\meson-logs\testlog.txt ==== End log output ==== Windows Server 2019 Kernel: 10.0 Compiler: clang 14.0 and gcc 8.1.0 (MinGW) Debian Buster Kernel: 5.4.0-122-generic Compiler: gcc 8.3.0-6 CentOS Stream 8 Kernel: 4.18.0-240.10.1.el8_3.x86_64 Compiler: gcc 8.4.1 20200928 CentOS Stream 9 Kernel: 4.18.0-240.10.1.el8_3.x86_64 Compiler: gcc 11.3.1 20220421 To view detailed results, visit: https://lab.dpdk.org/results/dashboard/tarballs/26235/ UNH-IOL DPDK Community Lab To manage your email subscriptions, visit: https://lab.dpdk.org/results/dashboard/preferences/subscriptions/