From mboxrd@z Thu Jan 1 00:00:00 1970 Return-Path: Received: from mails.dpdk.org (mails.dpdk.org [217.70.189.124]) by inbox.dpdk.org (Postfix) with ESMTP id ABFC34264F for ; Wed, 27 Sep 2023 08:52:15 +0200 (CEST) Received: from mails.dpdk.org (localhost [127.0.0.1]) by mails.dpdk.org (Postfix) with ESMTP id 8C3E340271; Wed, 27 Sep 2023 08:52:15 +0200 (CEST) Received: from mail-qv1-f99.google.com (mail-qv1-f99.google.com [209.85.219.99]) by mails.dpdk.org (Postfix) with ESMTP id F248640271 for ; Wed, 27 Sep 2023 08:52:13 +0200 (CEST) Received: by mail-qv1-f99.google.com with SMTP id 6a1803df08f44-6588cc0e238so55993386d6.1 for ; Tue, 26 Sep 2023 23:52:13 -0700 (PDT) DKIM-Signature: v=1; a=rsa-sha256; c=relaxed/relaxed; d=iol.unh.edu; s=unh-iol; t=1695797533; x=1696402333; darn=dpdk.org; h=cc:to:from:subject:message-id:date:from:to:cc:subject:date :message-id:reply-to; bh=aRgSiSZXAdEF0iWp5hq3imBk2r6Z2dG3PR4/BjQvlEc=; b=O8FAlM9Cwh3c5/cxy++L1oEDgCgA8WNh/BJYjDkA6Shv4pKZT/80SHuFya+bOPmakF VgUkK+4Okg5Z32d/qpucWfRvdzuaPODu2u6uYuGuLSdLukkkcJKZBPzHna/PC5XYcIzT eHZQVZlXCGqu1WPULiO5BpdaufEOWAK38El2o= X-Google-DKIM-Signature: v=1; a=rsa-sha256; c=relaxed/relaxed; d=1e100.net; s=20230601; t=1695797533; x=1696402333; h=cc:to:from:subject:message-id:date:x-gm-message-state:from:to:cc :subject:date:message-id:reply-to; bh=aRgSiSZXAdEF0iWp5hq3imBk2r6Z2dG3PR4/BjQvlEc=; b=t4eLTOcVgafNG8Png/C+ZrAC+rTlps9KCvewIRT8gfdVz+eBB2Kni2PPkFZwzC2zN/ sZtHQDVGciEc32dSh148QJVAyOCtbFtCR5SHBMeUHIOo/KCJzCGGqwDIusFCKf3efXw0 lOPSt4WvT2YmDOl7i4byPM40pppQTnY9DNWmELX5k5ynVDt2TSjIAmPmRHv8kt/j+m1F wHprSG8rBN79gLKPKikrWJyFNm0zwWqkS1X+Huy/ssro8l61ZLKm8kyHhnYYnJFDalyb 77lhImc+oQS0+oBTsFjsQBIq+wlc2sCdudMi3CwrIwvYKgTOfHLqWYIdxtyaNSr1Jxcl kl5g== X-Gm-Message-State: AOJu0YwyaEUc/0k3sgbKDIM1h5MCFwB4hstoB3SH49N4+fMStT93AW3+ HVG2HYK6az8jw8L5w7Z5EK3xC9Md+VPrSiZ09J2zranVGb/kRSZHQaaAXSYXz3m41g== X-Google-Smtp-Source: AGHT+IHhemuW/rvCM2CUhdRjOmTAGs9JTMDMelQsAlUGGrzDVhbB6Zx/xji/R6mT/U6xEHDZAe7EffWPaL/X X-Received: by 2002:a0c:a9dd:0:b0:656:2696:9947 with SMTP id c29-20020a0ca9dd000000b0065626969947mr1203627qvb.18.1695797533337; Tue, 26 Sep 2023 23:52:13 -0700 (PDT) Received: from postal.iol.unh.edu (postal.iol.unh.edu. [2606:4100:3880:1234::84]) by smtp-relay.gmail.com with ESMTPS id r13-20020a0cb28d000000b0064cc09e9d02sm504933qve.46.2023.09.26.23.52.13 (version=TLS1_2 cipher=ECDHE-ECDSA-AES128-GCM-SHA256 bits=128/128); Tue, 26 Sep 2023 23:52:13 -0700 (PDT) X-Relaying-Domain: iol.unh.edu Date: Tue, 26 Sep 2023 23:52:13 -0700 (PDT) Message-ID: <6513d11d.0c0a0220.17c49.1ba7SMTPIN_ADDED_MISSING@mx.google.com> Received: from [172.21.0.3] (unknown [172.18.0.240]) by postal.iol.unh.edu (Postfix) with ESMTP id D352A605C351; Wed, 27 Sep 2023 02:52:12 -0400 (EDT) Subject: |FAILURE| [GIT MASTER] 7849366693a2a2cbc5279a6bfd39cbb457fe7c96 From: dpdklab@iol.unh.edu To: Test Report Cc: dpdk-test-reports@iol.unh.edu, Xueming Li , Christian Ehrhardt , Kevin Traynor , Luca Boccassi Content-Type: text/plain X-BeenThere: test-report@dpdk.org X-Mailman-Version: 2.1.29 Precedence: list List-Id: automatic DPDK test reports List-Unsubscribe: , List-Archive: List-Post: List-Help: List-Subscribe: , Errors-To: test-report-bounces@dpdk.org _Testing issues_ Branch: tags/v22.11 7849366693a2a2cbc5279a6bfd39cbb457fe7c96 --> testing fail Test environment and result as below: +---------------------+----------------+ | Environment | dpdk_unit_test | +=====================+================+ | Windows Server 2019 | FAIL | +---------------------+----------------+ | Debian Buster | PASS | +---------------------+----------------+ | CentOS Stream 9 | PASS | +---------------------+----------------+ | Debian Bullseye | PASS | +---------------------+----------------+ | CentOS Stream 8 | PASS | +---------------------+----------------+ | Fedora 38 | PASS | +---------------------+----------------+ | RHEL 7 | PASS | +---------------------+----------------+ | Fedora 37 | PASS | +---------------------+----------------+ | openSUSE Leap 15 | PASS | +---------------------+----------------+ ==== 20 line log output for Windows Server 2019 (dpdk_unit_test): ==== 85/93 DPDK:fast-tests / power_autotest SKIP 0.12s exit status 77 86/93 DPDK:fast-tests / power_kvm_vm_autotest SKIP 0.11s exit status 77 87/93 DPDK:fast-tests / power_intel_uncore_autotest SKIP 0.11s exit status 77 88/93 DPDK:fast-tests / reorder_autotest SKIP 0.11s exit status 77 89/93 DPDK:fast-tests / service_autotest OK 3.79s 90/93 DPDK:fast-tests / thash_autotest OK 0.12s 91/93 DPDK:fast-tests / threads_autotest OK 0.68s 92/93 DPDK:fast-tests / trace_autotest SKIP 0.12s exit status 77 93/93 DPDK:fast-tests / metrics_autotest OK 0.11s Ok: 49 Expected Fail: 0 Fail: 1 Unexpected Pass: 0 Skipped: 43 Timeout: 0 Full log written to C:\Users\builder\jenkins\workspace\Generic-VM-Unit-Test-DPDK\dpdk\build\meson-logs\testlog.txt ==== End log output ==== Windows Server 2019 Kernel: 10.0 Compiler: clang 14.0 and gcc 8.1.0 (MinGW) Debian Buster Kernel: 5.4.0-122-generic Compiler: gcc 8.3.0-6 CentOS Stream 9 Kernel: 4.18.0-240.10.1.el8_3.x86_64 Compiler: gcc 11.3.1 20220421 Debian Bullseye Kernel: 5.4.0-122-generic Compiler: gcc 10.2.1-6 CentOS Stream 8 Kernel: 4.18.0-240.10.1.el8_3.x86_64 Compiler: gcc 8.4.1 20200928 Fedora 38 Kernel: Depends on container host Compiler: gcc 13.1.1 RHEL 7 Kernel: 4.18.0-240.10.1.el8_3.x86_64 Compiler: gcc 4.8.5 20150623 (Red Hat 4.8.5-44) Fedora 37 Kernel: Depends on container host system Compiler: gcc 12.3.1 openSUSE Leap 15 Kernel: 4.18.0-240.10.1.el8_3.x86_64 Compiler: gcc 7.5.0 To view detailed results, visit: https://lab.dpdk.org/results/dashboard/tarballs/26256/ UNH-IOL DPDK Community Lab To manage your email subscriptions, visit: https://lab.dpdk.org/results/dashboard/preferences/subscriptions/