From mboxrd@z Thu Jan 1 00:00:00 1970 Return-Path: Received: from mails.dpdk.org (mails.dpdk.org [217.70.189.124]) by inbox.dpdk.org (Postfix) with ESMTP id C28634264F for ; Wed, 27 Sep 2023 09:12:14 +0200 (CEST) Received: from mails.dpdk.org (localhost [127.0.0.1]) by mails.dpdk.org (Postfix) with ESMTP id A3F9940271; Wed, 27 Sep 2023 09:12:14 +0200 (CEST) Received: from mail-pj1-f98.google.com (mail-pj1-f98.google.com [209.85.216.98]) by mails.dpdk.org (Postfix) with ESMTP id B4E5D40271 for ; Wed, 27 Sep 2023 09:12:13 +0200 (CEST) Received: by mail-pj1-f98.google.com with SMTP id 98e67ed59e1d1-27752a1e180so4561172a91.1 for ; Wed, 27 Sep 2023 00:12:13 -0700 (PDT) DKIM-Signature: v=1; a=rsa-sha256; c=relaxed/relaxed; d=iol.unh.edu; s=unh-iol; t=1695798733; x=1696403533; darn=dpdk.org; h=cc:to:from:subject:message-id:date:from:to:cc:subject:date :message-id:reply-to; bh=qzf2iQLio8fGj9NXaChB74oYt7s4w216P20T7v+lIEI=; b=fZkAnef5bwUd5sUEnvYLw/icNruFOt3A5hWY3BzsQerSIdSFJJdUK5u7Ypy9JNSpvA jyhtpkPLIdh122na3zZ6IYgvvKjJMjBXHYt/RwC22aBqnOSQf5nj0pEqtnjpAyI8L9AP xuQiMz/YqvcTXMTUXBPU+c1fhVKuoFIlBrd08= X-Google-DKIM-Signature: v=1; a=rsa-sha256; c=relaxed/relaxed; d=1e100.net; s=20230601; t=1695798733; x=1696403533; h=cc:to:from:subject:message-id:date:x-gm-message-state:from:to:cc :subject:date:message-id:reply-to; bh=qzf2iQLio8fGj9NXaChB74oYt7s4w216P20T7v+lIEI=; b=vRa1yPH83Vk+hwPT6foZgbVnKIqA94Z9az4TKGduHtyePg+GmYbvwfhntoNR1jpjWa MwzB4usStKVSfLINaxrtk8eihbIGW5i73RF023ngr2FjM0v3/9h6CUzpz6doMUC37rfN 8gpR0NqIXF+TMqA+auHqvpAVBWyFiTtcFrvPX/VtxMOsOPXIVwk+epPL8iW19T8CERk5 mwDsikoT72j+hB3FefSxNTzg4W2HTlWKPqPm6hBS+2XegQPBYLxh9nH73xNliPp37Dvc 2sZeIe9Icg1p734DElbeZUNYN3/0wt/khi7K1jzdRHlXgz5M6sACFzBuZd6wgvdUn24Y rTsg== X-Gm-Message-State: AOJu0YxS3IQmPxae4ruTNnF2Vw0ewa+MFGJa7NmOaR2VcRJfbBLgYjFH bhOYWXzkIB4o8n7A5nlmL8kYtE7cbQ13MJFknvvu5atk6F9Bp2PRegP5RKUZBXdDIg== X-Google-Smtp-Source: AGHT+IHec8/nDhVz938/seNLvZHCoEg1t6+owKz+ik9yI12NV19aBNwrLCzlNxMHgv7eDANFXzejZB2iDCQa X-Received: by 2002:a17:90b:2356:b0:274:111c:c14d with SMTP id ms22-20020a17090b235600b00274111cc14dmr814262pjb.13.1695798732949; Wed, 27 Sep 2023 00:12:12 -0700 (PDT) Received: from postal.iol.unh.edu (postal.iol.unh.edu. [2606:4100:3880:1234::84]) by smtp-relay.gmail.com with ESMTPS id na3-20020a17090b4c0300b002777b74a40bsm459183pjb.0.2023.09.27.00.12.12 (version=TLS1_2 cipher=ECDHE-ECDSA-AES128-GCM-SHA256 bits=128/128); Wed, 27 Sep 2023 00:12:12 -0700 (PDT) X-Relaying-Domain: iol.unh.edu Date: Wed, 27 Sep 2023 00:12:12 -0700 (PDT) Message-ID: <6513d5cc.170a0220.6eb5c.927eSMTPIN_ADDED_MISSING@mx.google.com> Received: from [172.21.0.2] (unknown [172.18.0.240]) by postal.iol.unh.edu (Postfix) with ESMTP id EA27E605C351; Wed, 27 Sep 2023 03:12:11 -0400 (EDT) Subject: |FAILURE| [GIT MASTER] 7849366693a2a2cbc5279a6bfd39cbb457fe7c96 From: dpdklab@iol.unh.edu To: Test Report Cc: dpdk-test-reports@iol.unh.edu, Xueming Li , Christian Ehrhardt , Kevin Traynor , Luca Boccassi Content-Type: text/plain X-BeenThere: test-report@dpdk.org X-Mailman-Version: 2.1.29 Precedence: list List-Id: automatic DPDK test reports List-Unsubscribe: , List-Archive: List-Post: List-Help: List-Subscribe: , Errors-To: test-report-bounces@dpdk.org _Testing issues_ Branch: tags/v22.11 7849366693a2a2cbc5279a6bfd39cbb457fe7c96 --> testing fail Test environment and result as below: +---------------------+----------------+ | Environment | dpdk_unit_test | +=====================+================+ | Windows Server 2019 | FAIL | +---------------------+----------------+ | Debian Buster | PASS | +---------------------+----------------+ | CentOS Stream 9 | PASS | +---------------------+----------------+ | Debian Bullseye | PASS | +---------------------+----------------+ | CentOS Stream 8 | PASS | +---------------------+----------------+ | Fedora 38 | PASS | +---------------------+----------------+ | RHEL 7 | PASS | +---------------------+----------------+ | Fedora 37 | PASS | +---------------------+----------------+ | openSUSE Leap 15 | PASS | +---------------------+----------------+ | RHEL8 | PASS | +---------------------+----------------+ | Ubuntu 22.04 | PASS | +---------------------+----------------+ | Ubuntu 20.04 | PASS | +---------------------+----------------+ ==== 20 line log output for Windows Server 2019 (dpdk_unit_test): ==== 85/93 DPDK:fast-tests / power_autotest SKIP 0.12s exit status 77 86/93 DPDK:fast-tests / power_kvm_vm_autotest SKIP 0.11s exit status 77 87/93 DPDK:fast-tests / power_intel_uncore_autotest SKIP 0.11s exit status 77 88/93 DPDK:fast-tests / reorder_autotest SKIP 0.11s exit status 77 89/93 DPDK:fast-tests / service_autotest OK 3.79s 90/93 DPDK:fast-tests / thash_autotest OK 0.12s 91/93 DPDK:fast-tests / threads_autotest OK 0.68s 92/93 DPDK:fast-tests / trace_autotest SKIP 0.12s exit status 77 93/93 DPDK:fast-tests / metrics_autotest OK 0.11s Ok: 49 Expected Fail: 0 Fail: 1 Unexpected Pass: 0 Skipped: 43 Timeout: 0 Full log written to C:\Users\builder\jenkins\workspace\Generic-VM-Unit-Test-DPDK\dpdk\build\meson-logs\testlog.txt ==== End log output ==== Windows Server 2019 Kernel: 10.0 Compiler: clang 14.0 and gcc 8.1.0 (MinGW) Debian Buster Kernel: 5.4.0-122-generic Compiler: gcc 8.3.0-6 CentOS Stream 9 Kernel: 4.18.0-240.10.1.el8_3.x86_64 Compiler: gcc 11.3.1 20220421 Debian Bullseye Kernel: 5.4.0-122-generic Compiler: gcc 10.2.1-6 CentOS Stream 8 Kernel: 4.18.0-240.10.1.el8_3.x86_64 Compiler: gcc 8.4.1 20200928 Fedora 38 Kernel: Depends on container host Compiler: gcc 13.1.1 RHEL 7 Kernel: 4.18.0-240.10.1.el8_3.x86_64 Compiler: gcc 4.8.5 20150623 (Red Hat 4.8.5-44) Fedora 37 Kernel: Depends on container host system Compiler: gcc 12.3.1 openSUSE Leap 15 Kernel: 4.18.0-240.10.1.el8_3.x86_64 Compiler: gcc 7.5.0 RHEL8 Kernel: 4.18.0-240.10.1.el8_3.x86_64 Compiler: gcc 8.3.1 20191121 (Red Hat 8.3.1-5) Ubuntu 22.04 Kernel: 4.18.0-240.10.1.el8_3.x86_64 Compiler: gcc 11.3.0 Ubuntu 20.04 Kernel: 5.4.0-153-generic Compiler: gcc 9.4.0-1ubuntu1~20.04.1 To view detailed results, visit: https://lab.dpdk.org/results/dashboard/tarballs/26256/ UNH-IOL DPDK Community Lab To manage your email subscriptions, visit: https://lab.dpdk.org/results/dashboard/preferences/subscriptions/