From mboxrd@z Thu Jan 1 00:00:00 1970 Return-Path: Received: from mails.dpdk.org (mails.dpdk.org [217.70.189.124]) by inbox.dpdk.org (Postfix) with ESMTP id 4C18D4266D for ; Fri, 29 Sep 2023 09:28:58 +0200 (CEST) Received: from mails.dpdk.org (localhost [127.0.0.1]) by mails.dpdk.org (Postfix) with ESMTP id 37ED14003C; Fri, 29 Sep 2023 09:28:58 +0200 (CEST) Received: from mail-yw1-f227.google.com (mail-yw1-f227.google.com [209.85.128.227]) by mails.dpdk.org (Postfix) with ESMTP id 4E20C4003C for ; Fri, 29 Sep 2023 09:28:57 +0200 (CEST) Received: by mail-yw1-f227.google.com with SMTP id 00721157ae682-5a22eaafd72so14138037b3.3 for ; Fri, 29 Sep 2023 00:28:57 -0700 (PDT) DKIM-Signature: v=1; a=rsa-sha256; c=relaxed/relaxed; d=iol.unh.edu; s=unh-iol; t=1695972536; x=1696577336; darn=dpdk.org; h=cc:to:from:subject:message-id:date:from:to:cc:subject:date :message-id:reply-to; bh=EfCNCcoCs1/h5vcSeR4qo6CCqsQFDQEFICaaHXy6yHc=; b=NeP4Txi916/k8gj1TVZMVLzDqurQgOt8xdcxYgPxueUzFz0dS4cAS+rBbvEY8BN+5r 3+hqsGIp5aHl0PYIjNPE7rt2sbZCLgnht22c5XS9AHzfKTtLxQKNzpaPf/jXf8HZpF0N jQ08IR161IqQ63ZeRNhcVaXYiOPG21YA0ENU8= X-Google-DKIM-Signature: v=1; a=rsa-sha256; c=relaxed/relaxed; d=1e100.net; s=20230601; t=1695972536; x=1696577336; h=cc:to:from:subject:message-id:date:x-gm-message-state:from:to:cc :subject:date:message-id:reply-to; bh=EfCNCcoCs1/h5vcSeR4qo6CCqsQFDQEFICaaHXy6yHc=; b=dMJerxfUcJHZFO9O4te4Yzy4whPGqk/c9sg5IEzGqauM2nLWycTTspVQ54y7yN3YBN TPSKWZr2yJ1qjwFMQzrJC1o5d3oUmLGmx3Ih+Uo/+R5wsTTtfpKIQWZGCt67+qKN1oad XUr2z/fCq6eNgRpb4CJFQcfpNOrus8NVAmlzQpnUlE+v5VEBE6+0kLkmwiVUWEGDR47s 1K3/qBjKm2iXcAtwXThC/73N8x5r2EjsxomY4I2aarD8PfKSW29Id8yjeAsf8mWuIK2b fYY0tzHyI9QeP0aiIiwPbcqEB4w2RA7qg2UvqD4IBLVbbH0qjAf6pu9D18XWBjv8HDN/ 569A== X-Gm-Message-State: AOJu0YzdtnhXH8A9nZD56adFplegNMyJv6OOjrP3cjuRYXd1nIH4PDVX PdQoFumh0YcFOke44C0ETGClurX6su67DWTaZN4QpUXGETUKLw== X-Google-Smtp-Source: AGHT+IGUxIzM6GiMHRPfOvoCJVOjSzc8lGaST7Qkg8KhZPMrkv2CDFK8rcMN2M8SvyV9azJbNxgLZwAH1dNp X-Received: by 2002:a05:6902:4e9:b0:d81:69f7:1732 with SMTP id w9-20020a05690204e900b00d8169f71732mr2958925ybs.9.1695972536587; Fri, 29 Sep 2023 00:28:56 -0700 (PDT) Received: from postal.iol.unh.edu (postal.iol.unh.edu. [132.177.123.84]) by smtp-relay.gmail.com with ESMTPS id j6-20020a253c06000000b00d1e00494cd8sm1451818yba.32.2023.09.29.00.28.56 (version=TLS1_2 cipher=ECDHE-ECDSA-AES128-GCM-SHA256 bits=128/128); Fri, 29 Sep 2023 00:28:56 -0700 (PDT) X-Relaying-Domain: iol.unh.edu Date: Fri, 29 Sep 2023 00:28:56 -0700 (PDT) Message-ID: <65167cb8.250a0220.ec53c.cf2fSMTPIN_ADDED_MISSING@mx.google.com> Received: from [172.21.0.2] (unknown [172.18.0.240]) by postal.iol.unh.edu (Postfix) with ESMTP id 2CD056052514; Fri, 29 Sep 2023 03:28:56 -0400 (EDT) Subject: |FAILURE| [GIT MASTER] 7849366693a2a2cbc5279a6bfd39cbb457fe7c96 From: dpdklab@iol.unh.edu To: Test Report Cc: dpdk-test-reports@iol.unh.edu, Xueming Li , Christian Ehrhardt , Kevin Traynor , Luca Boccassi Content-Type: text/plain X-BeenThere: test-report@dpdk.org X-Mailman-Version: 2.1.29 Precedence: list List-Id: automatic DPDK test reports List-Unsubscribe: , List-Archive: List-Post: List-Help: List-Subscribe: , Errors-To: test-report-bounces@dpdk.org _Testing issues_ Branch: tags/v22.11 7849366693a2a2cbc5279a6bfd39cbb457fe7c96 --> testing fail Test environment and result as below: +---------------------+----------------+ | Environment | dpdk_unit_test | +=====================+================+ | Windows Server 2019 | FAIL | +---------------------+----------------+ | CentOS Stream 8 | PASS | +---------------------+----------------+ | CentOS Stream 9 | PASS | +---------------------+----------------+ | Fedora 38 | PASS | +---------------------+----------------+ | Fedora 37 | PASS | +---------------------+----------------+ | Debian Bullseye | PASS | +---------------------+----------------+ | Debian Buster | PASS | +---------------------+----------------+ | Ubuntu 20.04 | PASS | +---------------------+----------------+ ==== 20 line log output for Windows Server 2019 (dpdk_unit_test): ==== 85/93 DPDK:fast-tests / power_autotest SKIP 0.11s exit status 77 86/93 DPDK:fast-tests / power_kvm_vm_autotest SKIP 0.12s exit status 77 87/93 DPDK:fast-tests / power_intel_uncore_autotest SKIP 0.12s exit status 77 88/93 DPDK:fast-tests / reorder_autotest SKIP 0.12s exit status 77 89/93 DPDK:fast-tests / service_autotest OK 3.53s 90/93 DPDK:fast-tests / thash_autotest OK 0.15s 91/93 DPDK:fast-tests / threads_autotest OK 0.68s 92/93 DPDK:fast-tests / trace_autotest SKIP 0.12s exit status 77 93/93 DPDK:fast-tests / metrics_autotest OK 0.12s Ok: 49 Expected Fail: 0 Fail: 1 Unexpected Pass: 0 Skipped: 43 Timeout: 0 Full log written to C:\Users\builder\jenkins\workspace\Generic-VM-Unit-Test-DPDK\dpdk\build\meson-logs\testlog.txt ==== End log output ==== Windows Server 2019 Kernel: 10.0 Compiler: clang 14.0 and gcc 8.1.0 (MinGW) CentOS Stream 8 Kernel: 4.18.0-240.10.1.el8_3.x86_64 Compiler: gcc 8.4.1 20200928 CentOS Stream 9 Kernel: 4.18.0-240.10.1.el8_3.x86_64 Compiler: gcc 11.3.1 20220421 Fedora 38 Kernel: Depends on container host Compiler: gcc 13.1.1 Fedora 37 Kernel: Depends on container host system Compiler: gcc 12.3.1 Debian Bullseye Kernel: 5.4.0-122-generic Compiler: gcc 10.2.1-6 Debian Buster Kernel: 5.4.0-122-generic Compiler: gcc 8.3.0-6 Ubuntu 20.04 Kernel: 5.4.0-153-generic Compiler: gcc 9.4.0-1ubuntu1~20.04.1 To view detailed results, visit: https://lab.dpdk.org/results/dashboard/tarballs/26298/ UNH-IOL DPDK Community Lab To manage your email subscriptions, visit: https://lab.dpdk.org/results/dashboard/preferences/subscriptions/