From mboxrd@z Thu Jan 1 00:00:00 1970 Return-Path: Received: from mails.dpdk.org (mails.dpdk.org [217.70.189.124]) by inbox.dpdk.org (Postfix) with ESMTP id DBBD84268E for ; Sun, 1 Oct 2023 09:20:30 +0200 (CEST) Received: from mails.dpdk.org (localhost [127.0.0.1]) by mails.dpdk.org (Postfix) with ESMTP id D0FD44026F; Sun, 1 Oct 2023 09:20:30 +0200 (CEST) Received: from mail-yw1-f227.google.com (mail-yw1-f227.google.com [209.85.128.227]) by mails.dpdk.org (Postfix) with ESMTP id 276884026F for ; Sun, 1 Oct 2023 09:20:30 +0200 (CEST) Received: by mail-yw1-f227.google.com with SMTP id 00721157ae682-59f6e6b206fso135667747b3.3 for ; Sun, 01 Oct 2023 00:20:30 -0700 (PDT) DKIM-Signature: v=1; a=rsa-sha256; c=relaxed/relaxed; d=iol.unh.edu; s=unh-iol; t=1696144829; x=1696749629; darn=dpdk.org; h=cc:to:from:subject:message-id:date:from:to:cc:subject:date :message-id:reply-to; bh=xf95gAra6Nl1ZTrxy6QCXDfnWfW1X20zeIMJzthAZKo=; b=ha59ay6H/USqknRAUWgVmKaCqGkrsAjXdhvskSf/60dKhM93ssS4D9iL4HLdtBMm1O uM0ta6RvLGiBsaGwKHYz/k+L9WnBvWQvZMyFEepd0cG7XN1TcSZ6lmBsxgAq1ZfsY6Gt GR5yFqtbH+G8LBquG2TqO9WBJG8tHBuLh+RcY= X-Google-DKIM-Signature: v=1; a=rsa-sha256; c=relaxed/relaxed; d=1e100.net; s=20230601; t=1696144829; x=1696749629; h=cc:to:from:subject:message-id:date:x-gm-message-state:from:to:cc :subject:date:message-id:reply-to; bh=xf95gAra6Nl1ZTrxy6QCXDfnWfW1X20zeIMJzthAZKo=; b=BsItPmfaYxWj/uNy1GmsfA0JlDB2H6hkE6kbpg6JEQKvQxirdiFgGMjSQb0vQXrIT8 xKTQccYvg9y3YjqOrC/iZH532JsbJyL7heAqeQqn8tD+AGjHhJV73ju4BfzWqtxNVfpT K3Vmnu2jvDzH/CeHb4q4tGDnn/U1KPFFGJ/OWqHU5+fHz+yWiW1KUoRW4h4AGEzwtpFu 8WXyF6b0c6sX6Y07BlS9ljMqAi06/Eqe9GdgWgOm6+qM7HvMf912JRYuiY9WJJPM08Re dkKoJ/Q0HYmGpmoyX7CYOukIdplWMNNAGotc6k/QSe5CJCFaiXyyxRPyodYwelf/hldg eUTw== X-Gm-Message-State: AOJu0Yw61kDF/3UtY1Fd2jxp7EgsMknKkwLmwM2u1uUMW/2IBjQ86AAM MjLOT7zgLtf7DU9uGBX//Ks9Ug9BsoLgEAbjdegwNMOHS7hfwV68oNicFVHQ5DuR0g== X-Google-Smtp-Source: AGHT+IFeW8SJgGx2iPoyUk9y00TBKiRn07j3UC0WFLZhfXqvqQCbqp5Gm2MEBfBKCS8QtiY5Q+LSxbjpWJyO X-Received: by 2002:a81:48cf:0:b0:592:58c4:1811 with SMTP id v198-20020a8148cf000000b0059258c41811mr8944277ywa.22.1696144829536; Sun, 01 Oct 2023 00:20:29 -0700 (PDT) Received: from postal.iol.unh.edu (postal.iol.unh.edu. [2606:4100:3880:1234::84]) by smtp-relay.gmail.com with ESMTPS id e1-20020a0dc201000000b005836fc8b41dsm1852616ywd.49.2023.10.01.00.20.29 (version=TLS1_2 cipher=ECDHE-ECDSA-AES128-GCM-SHA256 bits=128/128); Sun, 01 Oct 2023 00:20:29 -0700 (PDT) X-Relaying-Domain: iol.unh.edu Date: Sun, 01 Oct 2023 00:20:29 -0700 (PDT) Message-ID: <65191dbd.0d0a0220.145c0.2d5aSMTPIN_ADDED_MISSING@mx.google.com> Received: from [172.21.0.2] (unknown [172.18.0.240]) by postal.iol.unh.edu (Postfix) with ESMTP id 169E36052514; Sun, 1 Oct 2023 03:20:29 -0400 (EDT) Subject: |FAILURE| [GIT MASTER] 7849366693a2a2cbc5279a6bfd39cbb457fe7c96 From: dpdklab@iol.unh.edu To: Test Report Cc: dpdk-test-reports@iol.unh.edu, Xueming Li , Christian Ehrhardt , Kevin Traynor , Luca Boccassi Content-Type: text/plain X-BeenThere: test-report@dpdk.org X-Mailman-Version: 2.1.29 Precedence: list List-Id: automatic DPDK test reports List-Unsubscribe: , List-Archive: List-Post: List-Help: List-Subscribe: , Errors-To: test-report-bounces@dpdk.org _Testing issues_ Branch: tags/v22.11 7849366693a2a2cbc5279a6bfd39cbb457fe7c96 --> testing fail Test environment and result as below: +---------------------+----------------+ | Environment | dpdk_unit_test | +=====================+================+ | Windows Server 2019 | FAIL | +---------------------+----------------+ | Fedora 38 | PASS | +---------------------+----------------+ | Fedora 37 | PASS | +---------------------+----------------+ | CentOS Stream 9 | PASS | +---------------------+----------------+ | Debian Bullseye | PASS | +---------------------+----------------+ | CentOS Stream 8 | PASS | +---------------------+----------------+ | openSUSE Leap 15 | PASS | +---------------------+----------------+ ==== 20 line log output for Windows Server 2019 (dpdk_unit_test): ==== 85/93 DPDK:fast-tests / power_autotest SKIP 0.11s exit status 77 86/93 DPDK:fast-tests / power_kvm_vm_autotest SKIP 0.11s exit status 77 87/93 DPDK:fast-tests / power_intel_uncore_autotest SKIP 0.11s exit status 77 88/93 DPDK:fast-tests / reorder_autotest SKIP 0.11s exit status 77 89/93 DPDK:fast-tests / service_autotest OK 3.62s 90/93 DPDK:fast-tests / thash_autotest OK 0.11s 91/93 DPDK:fast-tests / threads_autotest OK 0.68s 92/93 DPDK:fast-tests / trace_autotest SKIP 0.11s exit status 77 93/93 DPDK:fast-tests / metrics_autotest OK 0.12s Ok: 49 Expected Fail: 0 Fail: 1 Unexpected Pass: 0 Skipped: 43 Timeout: 0 Full log written to C:\Users\builder\jenkins\workspace\Generic-VM-Unit-Test-DPDK\dpdk\build\meson-logs\testlog.txt ==== End log output ==== Windows Server 2019 Kernel: 10.0 Compiler: clang 14.0 and gcc 8.1.0 (MinGW) Fedora 38 Kernel: Depends on container host Compiler: gcc 13.1.1 Fedora 37 Kernel: Depends on container host system Compiler: gcc 12.3.1 CentOS Stream 9 Kernel: 4.18.0-240.10.1.el8_3.x86_64 Compiler: gcc 11.3.1 20220421 Debian Bullseye Kernel: 5.4.0-122-generic Compiler: gcc 10.2.1-6 CentOS Stream 8 Kernel: 4.18.0-240.10.1.el8_3.x86_64 Compiler: gcc 8.4.1 20200928 openSUSE Leap 15 Kernel: 4.18.0-240.10.1.el8_3.x86_64 Compiler: gcc 7.5.0 To view detailed results, visit: https://lab.dpdk.org/results/dashboard/tarballs/26318/ UNH-IOL DPDK Community Lab To manage your email subscriptions, visit: https://lab.dpdk.org/results/dashboard/preferences/subscriptions/