From mboxrd@z Thu Jan 1 00:00:00 1970 Return-Path: Received: from mails.dpdk.org (mails.dpdk.org [217.70.189.124]) by inbox.dpdk.org (Postfix) with ESMTP id 272694268E for ; Sun, 1 Oct 2023 09:31:59 +0200 (CEST) Received: from mails.dpdk.org (localhost [127.0.0.1]) by mails.dpdk.org (Postfix) with ESMTP id F2E684026F; Sun, 1 Oct 2023 09:31:58 +0200 (CEST) Received: from mail-qv1-f97.google.com (mail-qv1-f97.google.com [209.85.219.97]) by mails.dpdk.org (Postfix) with ESMTP id 1F0434026F for ; Sun, 1 Oct 2023 09:31:58 +0200 (CEST) Received: by mail-qv1-f97.google.com with SMTP id 6a1803df08f44-65d0da28fa8so23240766d6.0 for ; Sun, 01 Oct 2023 00:31:58 -0700 (PDT) DKIM-Signature: v=1; a=rsa-sha256; c=relaxed/relaxed; d=iol.unh.edu; s=unh-iol; t=1696145517; x=1696750317; darn=dpdk.org; h=cc:to:from:subject:message-id:date:from:to:cc:subject:date :message-id:reply-to; bh=amkJrRIaUPpnEUyKRXzcZ+k+LPrKc4YMbB2Mw29eh94=; b=BHd4T9YsJbJwrJnJrr19cpfZKIlw7uOtRwZs3ojJSlV2VtBWUzHIdoSdGHyRXxczOd jQI3kr8qpsHdUEoloyGA1WRjl2z7qqK6OH45NtJ5DZW5zpToFnokiQDjeXefTnWClJRU z+H4B/HM4c9KgpLUbqLl8szrFJpH+jWAbcdNs= X-Google-DKIM-Signature: v=1; a=rsa-sha256; c=relaxed/relaxed; d=1e100.net; s=20230601; t=1696145517; x=1696750317; h=cc:to:from:subject:message-id:date:x-gm-message-state:from:to:cc :subject:date:message-id:reply-to; bh=amkJrRIaUPpnEUyKRXzcZ+k+LPrKc4YMbB2Mw29eh94=; b=iNyph0MMMFvd1q1Qaci9xjdUOTkkqU7eaTvxHP3D0bC5HLGzkEgusQ4YZCKUIkmXI8 MnKlbggLoq0JZ7Dad0D/6WrYg/+53MLwYzjdF/YYd2dg3GmrYCq5AIZX0v+q2bNefj+X WBUPialLB6NulGF2UEE9fVPRXBin42pFUDzpEys+G6mwZJ4SJcGEUoeX0XVqqNN7VeFF mjnGV2QhsQJKxiWbUhHwhXrk2hI3Z8qBq9jVOZVVFDwPqKdf5fXoMgyDkQ4Q6bqbrZy3 M6qso3w3o0qjj+w+6TysF6QbWeLqNXKQ/0mbBtLyn+CW3B6DZ335o1KGV9LMemXpplXI g73g== X-Gm-Message-State: AOJu0YyRIxz6ZkGT9TlkmuoysrpCdJT3V3ztFo7TLAaTX/J23U+QqkqO 1DDeJjHyHeoPfw3xzk8u24vy1UKryqJlunUox9BIqcz6XwPvisIbpx88Jd6Oli/Cbg== X-Google-Smtp-Source: AGHT+IEgAiwo3ib4piJNeBqlJ+f7HHax6kor91f8PdcIcBaGEBrDAki22Rw+0WgCfD0HA46sRQ4sJx/nLe69 X-Received: by 2002:a0c:f5d0:0:b0:656:1fd2:3794 with SMTP id q16-20020a0cf5d0000000b006561fd23794mr7727301qvm.41.1696145517242; Sun, 01 Oct 2023 00:31:57 -0700 (PDT) Received: from postal.iol.unh.edu (postal.iol.unh.edu. [2606:4100:3880:1234::84]) by smtp-relay.gmail.com with ESMTPS id a6-20020a0ce386000000b0065d040cc4c3sm234989qvl.21.2023.10.01.00.31.57 (version=TLS1_2 cipher=ECDHE-ECDSA-AES128-GCM-SHA256 bits=128/128); Sun, 01 Oct 2023 00:31:57 -0700 (PDT) X-Relaying-Domain: iol.unh.edu Date: Sun, 01 Oct 2023 00:31:57 -0700 (PDT) Message-ID: <6519206d.0c0a0220.a4797.ffb4SMTPIN_ADDED_MISSING@mx.google.com> Received: from [172.21.0.2] (unknown [172.18.0.240]) by postal.iol.unh.edu (Postfix) with ESMTP id 8DF6E6052514; Sun, 1 Oct 2023 03:31:56 -0400 (EDT) Subject: |FAILURE| [GIT MASTER] 7849366693a2a2cbc5279a6bfd39cbb457fe7c96 From: dpdklab@iol.unh.edu To: Test Report Cc: dpdk-test-reports@iol.unh.edu, Xueming Li , Christian Ehrhardt , Kevin Traynor , Luca Boccassi Content-Type: text/plain X-BeenThere: test-report@dpdk.org X-Mailman-Version: 2.1.29 Precedence: list List-Id: automatic DPDK test reports List-Unsubscribe: , List-Archive: List-Post: List-Help: List-Subscribe: , Errors-To: test-report-bounces@dpdk.org _Testing issues_ Branch: tags/v22.11 7849366693a2a2cbc5279a6bfd39cbb457fe7c96 --> testing fail Test environment and result as below: +---------------------+----------------+ | Environment | dpdk_unit_test | +=====================+================+ | Windows Server 2019 | FAIL | +---------------------+----------------+ | Fedora 38 | PASS | +---------------------+----------------+ | Fedora 37 | PASS | +---------------------+----------------+ | CentOS Stream 9 | PASS | +---------------------+----------------+ | Debian Bullseye | PASS | +---------------------+----------------+ | CentOS Stream 8 | PASS | +---------------------+----------------+ | openSUSE Leap 15 | PASS | +---------------------+----------------+ | RHEL 7 | PASS | +---------------------+----------------+ | RHEL8 | PASS | +---------------------+----------------+ ==== 20 line log output for Windows Server 2019 (dpdk_unit_test): ==== 85/93 DPDK:fast-tests / power_autotest SKIP 0.11s exit status 77 86/93 DPDK:fast-tests / power_kvm_vm_autotest SKIP 0.11s exit status 77 87/93 DPDK:fast-tests / power_intel_uncore_autotest SKIP 0.11s exit status 77 88/93 DPDK:fast-tests / reorder_autotest SKIP 0.11s exit status 77 89/93 DPDK:fast-tests / service_autotest OK 3.62s 90/93 DPDK:fast-tests / thash_autotest OK 0.11s 91/93 DPDK:fast-tests / threads_autotest OK 0.68s 92/93 DPDK:fast-tests / trace_autotest SKIP 0.11s exit status 77 93/93 DPDK:fast-tests / metrics_autotest OK 0.12s Ok: 49 Expected Fail: 0 Fail: 1 Unexpected Pass: 0 Skipped: 43 Timeout: 0 Full log written to C:\Users\builder\jenkins\workspace\Generic-VM-Unit-Test-DPDK\dpdk\build\meson-logs\testlog.txt ==== End log output ==== Windows Server 2019 Kernel: 10.0 Compiler: clang 14.0 and gcc 8.1.0 (MinGW) Fedora 38 Kernel: Depends on container host Compiler: gcc 13.1.1 Fedora 37 Kernel: Depends on container host system Compiler: gcc 12.3.1 CentOS Stream 9 Kernel: 4.18.0-240.10.1.el8_3.x86_64 Compiler: gcc 11.3.1 20220421 Debian Bullseye Kernel: 5.4.0-122-generic Compiler: gcc 10.2.1-6 CentOS Stream 8 Kernel: 4.18.0-240.10.1.el8_3.x86_64 Compiler: gcc 8.4.1 20200928 openSUSE Leap 15 Kernel: 4.18.0-240.10.1.el8_3.x86_64 Compiler: gcc 7.5.0 RHEL 7 Kernel: 4.18.0-240.10.1.el8_3.x86_64 Compiler: gcc 4.8.5 20150623 (Red Hat 4.8.5-44) RHEL8 Kernel: 4.18.0-240.10.1.el8_3.x86_64 Compiler: gcc 8.3.1 20191121 (Red Hat 8.3.1-5) To view detailed results, visit: https://lab.dpdk.org/results/dashboard/tarballs/26318/ UNH-IOL DPDK Community Lab To manage your email subscriptions, visit: https://lab.dpdk.org/results/dashboard/preferences/subscriptions/