From mboxrd@z Thu Jan 1 00:00:00 1970 Return-Path: Received: from mails.dpdk.org (mails.dpdk.org [217.70.189.124]) by inbox.dpdk.org (Postfix) with ESMTP id F1280426AC for ; Tue, 3 Oct 2023 09:34:51 +0200 (CEST) Received: from mails.dpdk.org (localhost [127.0.0.1]) by mails.dpdk.org (Postfix) with ESMTP id D50A840262; Tue, 3 Oct 2023 09:34:51 +0200 (CEST) Received: from mail-io1-f98.google.com (mail-io1-f98.google.com [209.85.166.98]) by mails.dpdk.org (Postfix) with ESMTP id 5B3A840262 for ; Tue, 3 Oct 2023 09:34:50 +0200 (CEST) Received: by mail-io1-f98.google.com with SMTP id ca18e2360f4ac-79fa2125e19so20432839f.0 for ; Tue, 03 Oct 2023 00:34:50 -0700 (PDT) DKIM-Signature: v=1; a=rsa-sha256; c=relaxed/relaxed; d=iol.unh.edu; s=unh-iol; t=1696318489; x=1696923289; darn=dpdk.org; h=cc:to:from:subject:message-id:date:from:to:cc:subject:date :message-id:reply-to; bh=amzoyWh81cHdjupys+yGoHYIoPWl1UdhFuOLzVBQYic=; b=MKtN1hKy4oxwnUGX6k8SLdkIOXRXBDQevpUqAI2vK05UbQBkAFjiJ8PqAtxjBTymUy dkyBOAFEfO5AJOxjHq02XVMaKrupyjVaZ4LYwgoeSdIDAMOyC4iLoA1on4Q4pp9Ocv3T EiBRtnntZ78KaQo66c882P/L/DZi7NwdTDzzE= X-Google-DKIM-Signature: v=1; a=rsa-sha256; c=relaxed/relaxed; d=1e100.net; s=20230601; t=1696318489; x=1696923289; h=cc:to:from:subject:message-id:date:x-gm-message-state:from:to:cc :subject:date:message-id:reply-to; bh=amzoyWh81cHdjupys+yGoHYIoPWl1UdhFuOLzVBQYic=; b=C/EPSLcTjRDx/02SVg1hu+7Nl2ZWPBpri5CBZxWWE0+NQ9ncxCD0LeBVFECXHzcfKb /D1YR9d9fpb8LUxaPMjecxh2vPXbXO25YvZU/WpteANOnBHbD/eY/IFxW++hZgvDlmAh BUDArezGt88ldUgSpn/fIvlqATSCHTw/Uu7zVy9SijHLhanxqLqcD7K0NS9HgA+Qp1bk osPKvDnQfeLuA+LgY1KVSjxVkvca8RTnoCEh5wZdqVu8vQyCTjBpUxfxZE/W/w60mD8F zCYleRxZWK+6V0KcQIfNFB8yzfPsiHzjostqDGz+BnLnKStXF5yT0+QZwM4AjjptOhtB iQJw== X-Gm-Message-State: AOJu0YyFo6TRoa2zhwzox/NLqPgMrnR9lhDgPTY1UXJNV8w5eJuiYZ47 /CQTOUnC4JR6l+8C4/fqNSBTvQ8SScnqEoDyZURMahu09Khpm1g2VWAFrlzbjMOKaQ== X-Google-Smtp-Source: AGHT+IG1SjslZOr5A34EG+yb9iPsP/bCH5PwCvHnQ3huF2rcvrJ3czjhE/faRDSO4k5sDumte2h27RLHRBkE X-Received: by 2002:a5d:8851:0:b0:794:d7e8:d239 with SMTP id t17-20020a5d8851000000b00794d7e8d239mr15463600ios.17.1696318489537; Tue, 03 Oct 2023 00:34:49 -0700 (PDT) Received: from postal.iol.unh.edu (postal.iol.unh.edu. [2606:4100:3880:1234::84]) by smtp-relay.gmail.com with ESMTPS id l16-20020a02ccf0000000b0042b3d9e175csm56283jaq.51.2023.10.03.00.34.49 (version=TLS1_2 cipher=ECDHE-ECDSA-AES128-GCM-SHA256 bits=128/128); Tue, 03 Oct 2023 00:34:49 -0700 (PDT) X-Relaying-Domain: iol.unh.edu Date: Tue, 03 Oct 2023 00:34:49 -0700 (PDT) Message-ID: <651bc419.020a0220.5f99a.1349SMTPIN_ADDED_MISSING@mx.google.com> Received: from [172.21.0.2] (unknown [172.18.0.240]) by postal.iol.unh.edu (Postfix) with ESMTP id E198B605C380; Tue, 3 Oct 2023 03:34:48 -0400 (EDT) Subject: |FAILURE| [GIT MASTER] 7849366693a2a2cbc5279a6bfd39cbb457fe7c96 From: dpdklab@iol.unh.edu To: Test Report Cc: dpdk-test-reports@iol.unh.edu, Xueming Li , Christian Ehrhardt , Kevin Traynor , Luca Boccassi Content-Type: text/plain X-BeenThere: test-report@dpdk.org X-Mailman-Version: 2.1.29 Precedence: list List-Id: automatic DPDK test reports List-Unsubscribe: , List-Archive: List-Post: List-Help: List-Subscribe: , Errors-To: test-report-bounces@dpdk.org _Testing issues_ Branch: tags/v22.11 7849366693a2a2cbc5279a6bfd39cbb457fe7c96 --> testing fail Test environment and result as below: +---------------------+----------------+ | Environment | dpdk_unit_test | +=====================+================+ | Windows Server 2019 | FAIL | +---------------------+----------------+ | CentOS Stream 8 | PASS | +---------------------+----------------+ | CentOS Stream 9 | PASS | +---------------------+----------------+ | Debian Bullseye | PASS | +---------------------+----------------+ | Fedora 38 | PASS | +---------------------+----------------+ | Fedora 37 | PASS | +---------------------+----------------+ ==== 20 line log output for Windows Server 2019 (dpdk_unit_test): ==== 85/93 DPDK:fast-tests / power_autotest SKIP 0.11s exit status 77 86/93 DPDK:fast-tests / power_kvm_vm_autotest SKIP 0.11s exit status 77 87/93 DPDK:fast-tests / power_intel_uncore_autotest SKIP 0.11s exit status 77 88/93 DPDK:fast-tests / reorder_autotest SKIP 0.11s exit status 77 89/93 DPDK:fast-tests / service_autotest OK 3.62s 90/93 DPDK:fast-tests / thash_autotest OK 0.11s 91/93 DPDK:fast-tests / threads_autotest OK 0.69s 92/93 DPDK:fast-tests / trace_autotest SKIP 0.12s exit status 77 93/93 DPDK:fast-tests / metrics_autotest OK 0.11s Ok: 49 Expected Fail: 0 Fail: 1 Unexpected Pass: 0 Skipped: 43 Timeout: 0 Full log written to C:\Users\builder\jenkins\workspace\Generic-VM-Unit-Test-DPDK\dpdk\build\meson-logs\testlog.txt ==== End log output ==== Windows Server 2019 Kernel: 10.0 Compiler: clang 14.0 and gcc 8.1.0 (MinGW) CentOS Stream 8 Kernel: 4.18.0-240.10.1.el8_3.x86_64 Compiler: gcc 8.4.1 20200928 CentOS Stream 9 Kernel: 4.18.0-240.10.1.el8_3.x86_64 Compiler: gcc 11.3.1 20220421 Debian Bullseye Kernel: 5.4.0-122-generic Compiler: gcc 10.2.1-6 Fedora 38 Kernel: Depends on container host Compiler: gcc 13.1.1 Fedora 37 Kernel: Depends on container host system Compiler: gcc 12.3.1 To view detailed results, visit: https://lab.dpdk.org/results/dashboard/tarballs/26333/ UNH-IOL DPDK Community Lab To manage your email subscriptions, visit: https://lab.dpdk.org/results/dashboard/preferences/subscriptions/