From mboxrd@z Thu Jan 1 00:00:00 1970 Return-Path: Received: from mails.dpdk.org (mails.dpdk.org [217.70.189.124]) by inbox.dpdk.org (Postfix) with ESMTP id 89265425B7 for ; Wed, 4 Oct 2023 09:26:25 +0200 (CEST) Received: from mails.dpdk.org (localhost [127.0.0.1]) by mails.dpdk.org (Postfix) with ESMTP id 6DE4140289; Wed, 4 Oct 2023 09:26:25 +0200 (CEST) Received: from mail-oa1-f100.google.com (mail-oa1-f100.google.com [209.85.160.100]) by mails.dpdk.org (Postfix) with ESMTP id 90A1740289 for ; Wed, 4 Oct 2023 09:26:24 +0200 (CEST) Received: by mail-oa1-f100.google.com with SMTP id 586e51a60fabf-1e1a2e26afcso1206765fac.1 for ; Wed, 04 Oct 2023 00:26:24 -0700 (PDT) DKIM-Signature: v=1; a=rsa-sha256; c=relaxed/relaxed; d=iol.unh.edu; s=unh-iol; t=1696404384; x=1697009184; darn=dpdk.org; h=cc:to:from:subject:message-id:date:from:to:cc:subject:date :message-id:reply-to; bh=UbYcrYJ6ZLLtzrBiFsV/sqhwFLA0P8SR7sXgYkvFlaw=; b=UwpLgWC0GEZofwMawIqI9hNvX4/H3anbejNX3CrRm6XWf7OBZyHkZUw2GTOq1c/qIJ r/W0M6WHQj8tRxhhdbV1GPHjMynp2oGTWa7ygaNqQdmlZQtW0AXnm/slV90HuD2olA+c PkOP+5zYcEoc1O2rQkiIL+nzkcVhU0cztaMMI= X-Google-DKIM-Signature: v=1; a=rsa-sha256; c=relaxed/relaxed; d=1e100.net; s=20230601; t=1696404384; x=1697009184; h=cc:to:from:subject:message-id:date:x-gm-message-state:from:to:cc :subject:date:message-id:reply-to; bh=UbYcrYJ6ZLLtzrBiFsV/sqhwFLA0P8SR7sXgYkvFlaw=; b=hkGMX6ZGT//U0keyhy/QY4G/2sF4NFVksZnoX8g+MPX+544UQ25w7qLOYZdxjbKsFA wk+kOo5nPrOEOk6PvqEDYNhDgMyh09ovFjlvgh+Zu9s4F3ZUqwmtewQQEaTmVnBHyJjs 8MkbOytACSflFPkKKFFMBEF6FEkjPjL4jE+I66B4XhUL3kaOicVVF5SFHsioneLjwaKa MgquwJAXMdrWsUDDOg6SHsFCBUnLcoRy3BMc/1IFu82KAnS7b0vzWrzyJC4Exe8rf+Jl 7I9gkkRJDHjNSiBl3K/wNLkYP6lH7p8sDu3oq5UeWIovscZsT4WFGLl+1/yo4ra4vKFW zIkA== X-Gm-Message-State: AOJu0Yx/ce89D9oH+7o6EDxvGyRYZDlDsPaOO91dnPGz/V5a/qUwTJ9Q jSb3Wa9wE7PS+F9AaSBHniZMIjed/NU65L7YxcIdjt7E8LJ36gtZGfWH4ZsPV9qd7Q== X-Google-Smtp-Source: AGHT+IHatiVy8vLf5P8cBEZ/4r5TVGgHgnKFY6gLGo42KMn2ESJPoukyvvAHX6JSclu8AWdwjRolDMle05Fn X-Received: by 2002:a05:6870:c1d3:b0:1d6:51aa:139b with SMTP id i19-20020a056870c1d300b001d651aa139bmr1977262oad.19.1696404383923; Wed, 04 Oct 2023 00:26:23 -0700 (PDT) Received: from postal.iol.unh.edu (postal.iol.unh.edu. [2606:4100:3880:1234::84]) by smtp-relay.gmail.com with ESMTPS id hv6-20020a056871cc0600b001dd0e8824d5sm364788oac.15.2023.10.04.00.26.23 (version=TLS1_2 cipher=ECDHE-ECDSA-AES128-GCM-SHA256 bits=128/128); Wed, 04 Oct 2023 00:26:23 -0700 (PDT) X-Relaying-Domain: iol.unh.edu Date: Wed, 04 Oct 2023 00:26:23 -0700 (PDT) Message-ID: <651d139f.050a0220.353a7.b912SMTPIN_ADDED_MISSING@mx.google.com> Received: from [172.21.0.2] (unknown [172.18.0.240]) by postal.iol.unh.edu (Postfix) with ESMTP id 592F7605C351; Wed, 4 Oct 2023 03:26:23 -0400 (EDT) Subject: |FAILURE| [GIT MASTER] 7849366693a2a2cbc5279a6bfd39cbb457fe7c96 From: dpdklab@iol.unh.edu To: Test Report Cc: dpdk-test-reports@iol.unh.edu, Xueming Li , Christian Ehrhardt , Kevin Traynor , Luca Boccassi Content-Type: text/plain X-BeenThere: test-report@dpdk.org X-Mailman-Version: 2.1.29 Precedence: list List-Id: automatic DPDK test reports List-Unsubscribe: , List-Archive: List-Post: List-Help: List-Subscribe: , Errors-To: test-report-bounces@dpdk.org _Testing issues_ Branch: tags/v22.11 7849366693a2a2cbc5279a6bfd39cbb457fe7c96 --> testing fail Test environment and result as below: +---------------------+----------------+ | Environment | dpdk_unit_test | +=====================+================+ | Windows Server 2019 | FAIL | +---------------------+----------------+ | CentOS Stream 9 | PASS | +---------------------+----------------+ | CentOS Stream 8 | PASS | +---------------------+----------------+ | Fedora 38 | PASS | +---------------------+----------------+ | Debian Buster | PASS | +---------------------+----------------+ | Fedora 37 | PASS | +---------------------+----------------+ ==== 20 line log output for Windows Server 2019 (dpdk_unit_test): ==== 85/93 DPDK:fast-tests / power_autotest SKIP 0.12s exit status 77 86/93 DPDK:fast-tests / power_kvm_vm_autotest SKIP 0.12s exit status 77 87/93 DPDK:fast-tests / power_intel_uncore_autotest SKIP 0.12s exit status 77 88/93 DPDK:fast-tests / reorder_autotest SKIP 0.12s exit status 77 89/93 DPDK:fast-tests / service_autotest OK 3.63s 90/93 DPDK:fast-tests / thash_autotest OK 0.12s 91/93 DPDK:fast-tests / threads_autotest OK 0.68s 92/93 DPDK:fast-tests / trace_autotest SKIP 0.12s exit status 77 93/93 DPDK:fast-tests / metrics_autotest OK 0.11s Ok: 49 Expected Fail: 0 Fail: 1 Unexpected Pass: 0 Skipped: 43 Timeout: 0 Full log written to C:\Users\builder\jenkins\workspace\Generic-VM-Unit-Test-DPDK\dpdk\build\meson-logs\testlog.txt ==== End log output ==== Windows Server 2019 Kernel: 10.0 Compiler: clang 14.0 and gcc 8.1.0 (MinGW) CentOS Stream 9 Kernel: 4.18.0-240.10.1.el8_3.x86_64 Compiler: gcc 11.3.1 20220421 CentOS Stream 8 Kernel: 4.18.0-240.10.1.el8_3.x86_64 Compiler: gcc 8.4.1 20200928 Fedora 38 Kernel: Depends on container host Compiler: clang 16.0.3 Debian Buster Kernel: 5.4.0-122-generic Compiler: gcc 8.3.0-6 Fedora 37 Kernel: Depends on container host system Compiler: gcc 12.3.1 To view detailed results, visit: https://lab.dpdk.org/results/dashboard/tarballs/26343/ UNH-IOL DPDK Community Lab To manage your email subscriptions, visit: https://lab.dpdk.org/results/dashboard/preferences/subscriptions/