From mboxrd@z Thu Jan 1 00:00:00 1970 Return-Path: Received: from mails.dpdk.org (mails.dpdk.org [217.70.189.124]) by inbox.dpdk.org (Postfix) with ESMTP id 1DFEA426CC for ; Fri, 6 Oct 2023 09:08:31 +0200 (CEST) Received: from mails.dpdk.org (localhost [127.0.0.1]) by mails.dpdk.org (Postfix) with ESMTP id DEFE0402A8; Fri, 6 Oct 2023 09:08:30 +0200 (CEST) Received: from mail-il1-f225.google.com (mail-il1-f225.google.com [209.85.166.225]) by mails.dpdk.org (Postfix) with ESMTP id 0C1A5402A8 for ; Fri, 6 Oct 2023 09:08:30 +0200 (CEST) Received: by mail-il1-f225.google.com with SMTP id e9e14a558f8ab-3512b425662so7691105ab.0 for ; Fri, 06 Oct 2023 00:08:29 -0700 (PDT) DKIM-Signature: v=1; a=rsa-sha256; c=relaxed/relaxed; d=iol.unh.edu; s=unh-iol; t=1696576109; x=1697180909; darn=dpdk.org; h=cc:to:from:subject:message-id:date:from:to:cc:subject:date :message-id:reply-to; bh=pMYoHBYu0dIYHyxrfW3z+b9XuGkacu7lpu7Fjr9r8sY=; b=h0J+UMe1pPB5sL3WmgpUTO3Gf175iBFdc2MJ9H/LwWiWrUuonfKiDRDh7emjRJbLiU 6kvD8Ad+P4L5tWmFWPqDaxAf8jAjRrFGA+S9YMDWwQCyN28dgsKCQ1T5708bOMBFThkp CO7oNKND6Id0BATRL2ecxHA6wUTUdy71HXIlw= X-Google-DKIM-Signature: v=1; a=rsa-sha256; c=relaxed/relaxed; d=1e100.net; s=20230601; t=1696576109; x=1697180909; h=cc:to:from:subject:message-id:date:x-gm-message-state:from:to:cc :subject:date:message-id:reply-to; bh=pMYoHBYu0dIYHyxrfW3z+b9XuGkacu7lpu7Fjr9r8sY=; b=kb7ExBsMy6mqsMZtjH34B5E2CEC1HwZVKkprEwHLu3lfrwNZeWmQrfNWt2WKeMmhv1 8u2F8iUUnDjki0IUBwDYjGQQ/tzfaspByp2VIGwhbZ142UojNs4FlPW/jthVqkFLzV2q mg+M3SoN988TdtM0yuW5IjR794gbaAdmt0Gb3R85nGX9g6QpnkN0xeQQWg8r0wwHKpSV H7zo/+XzN/vtuj56OfPeQxhvhMVMAXCeBsi9jXe4Q0pNuGcmKscKtj3XLXIiTF8Ouy+p YvbgdFTFl2s+0LOP1oZcF1Kwi/MJ0eP0yeT32o/0L3zNp0UxHYMM8Q7GOIrugnBMpnog XDAQ== X-Gm-Message-State: AOJu0YxFGzP+LZ/ELoz9Osc0Q7h0NfeKjtt8zvzo/JheRUhsMgVfXasC 3P8U8Cpe3FLmqrvi2Z6UBdubed7B9LhEXunY0aeGcUc28kb+bEmCqQQ83vxVDF13/Q== X-Google-Smtp-Source: AGHT+IF6fA3ymDkHl2XiAtwlbyGtIDqJLA2nZfx9XGdgdu+b0OyWhn9LIYJ9qFot71DvLZTRTbr8Fi765Qq1 X-Received: by 2002:a92:cd8f:0:b0:34d:f390:4882 with SMTP id r15-20020a92cd8f000000b0034df3904882mr9125762ilb.29.1696576109395; Fri, 06 Oct 2023 00:08:29 -0700 (PDT) Received: from postal.iol.unh.edu (postal.iol.unh.edu. [2606:4100:3880:1234::84]) by smtp-relay.gmail.com with ESMTPS id y3-20020a92d803000000b0034feb407cc8sm141006ilm.63.2023.10.06.00.08.29 (version=TLS1_2 cipher=ECDHE-ECDSA-AES128-GCM-SHA256 bits=128/128); Fri, 06 Oct 2023 00:08:29 -0700 (PDT) X-Relaying-Domain: iol.unh.edu Date: Fri, 06 Oct 2023 00:08:29 -0700 (PDT) Message-ID: <651fb26d.920a0220.c4913.5e59SMTPIN_ADDED_MISSING@mx.google.com> Received: from [172.21.0.2] (unknown [172.18.0.240]) by postal.iol.unh.edu (Postfix) with ESMTP id B8762605C351; Fri, 6 Oct 2023 03:08:28 -0400 (EDT) Subject: |FAILURE| [GIT MASTER] 7849366693a2a2cbc5279a6bfd39cbb457fe7c96 From: dpdklab@iol.unh.edu To: Test Report Cc: dpdk-test-reports@iol.unh.edu, Xueming Li , Christian Ehrhardt , Kevin Traynor , Luca Boccassi Content-Type: text/plain X-BeenThere: test-report@dpdk.org X-Mailman-Version: 2.1.29 Precedence: list List-Id: automatic DPDK test reports List-Unsubscribe: , List-Archive: List-Post: List-Help: List-Subscribe: , Errors-To: test-report-bounces@dpdk.org _Testing issues_ Branch: tags/v22.11 7849366693a2a2cbc5279a6bfd39cbb457fe7c96 --> testing fail Test environment and result as below: +---------------------+----------------+ | Environment | dpdk_unit_test | +=====================+================+ | Windows Server 2019 | FAIL | +---------------------+----------------+ | CentOS Stream 8 | PASS | +---------------------+----------------+ | Debian Bullseye | PASS | +---------------------+----------------+ | Debian Buster | PASS | +---------------------+----------------+ | CentOS Stream 9 | PASS | +---------------------+----------------+ | Fedora 38 | PASS | +---------------------+----------------+ | RHEL 7 | PASS | +---------------------+----------------+ | openSUSE Leap 15 | PASS | +---------------------+----------------+ ==== 20 line log output for Windows Server 2019 (dpdk_unit_test): ==== 85/93 DPDK:fast-tests / power_autotest SKIP 0.11s exit status 77 86/93 DPDK:fast-tests / power_kvm_vm_autotest SKIP 0.12s exit status 77 87/93 DPDK:fast-tests / power_intel_uncore_autotest SKIP 0.12s exit status 77 88/93 DPDK:fast-tests / reorder_autotest SKIP 0.11s exit status 77 89/93 DPDK:fast-tests / service_autotest OK 3.62s 90/93 DPDK:fast-tests / thash_autotest OK 0.12s 91/93 DPDK:fast-tests / threads_autotest OK 0.68s 92/93 DPDK:fast-tests / trace_autotest SKIP 0.12s exit status 77 93/93 DPDK:fast-tests / metrics_autotest OK 0.12s Ok: 49 Expected Fail: 0 Fail: 1 Unexpected Pass: 0 Skipped: 43 Timeout: 0 Full log written to C:\Users\builder\jenkins\workspace\Generic-VM-Unit-Test-DPDK\dpdk\build\meson-logs\testlog.txt ==== End log output ==== Windows Server 2019 Kernel: 10.0 Compiler: clang 14.0 and gcc 8.1.0 (MinGW) CentOS Stream 8 Kernel: 4.18.0-240.10.1.el8_3.x86_64 Compiler: gcc 8.4.1 20200928 Debian Bullseye Kernel: 5.4.0-122-generic Compiler: gcc 10.2.1-6 Debian Buster Kernel: 5.4.0-122-generic Compiler: gcc 8.3.0-6 CentOS Stream 9 Kernel: 4.18.0-240.10.1.el8_3.x86_64 Compiler: gcc 11.3.1 20220421 Fedora 38 Kernel: Depends on container host Compiler: clang 16.0.3 RHEL 7 Kernel: 4.18.0-240.10.1.el8_3.x86_64 Compiler: gcc 4.8.5 20150623 (Red Hat 4.8.5-44) openSUSE Leap 15 Kernel: 4.18.0-240.10.1.el8_3.x86_64 Compiler: gcc 7.5.0 To view detailed results, visit: https://lab.dpdk.org/results/dashboard/tarballs/26373/ UNH-IOL DPDK Community Lab To manage your email subscriptions, visit: https://lab.dpdk.org/results/dashboard/preferences/subscriptions/