From mboxrd@z Thu Jan 1 00:00:00 1970 Return-Path: Received: from mails.dpdk.org (mails.dpdk.org [217.70.189.124]) by inbox.dpdk.org (Postfix) with ESMTP id B3C6841F08 for ; Sun, 8 Oct 2023 10:16:56 +0200 (CEST) Received: from mails.dpdk.org (localhost [127.0.0.1]) by mails.dpdk.org (Postfix) with ESMTP id 8F34640263; Sun, 8 Oct 2023 10:16:56 +0200 (CEST) Received: from mail-oi1-f226.google.com (mail-oi1-f226.google.com [209.85.167.226]) by mails.dpdk.org (Postfix) with ESMTP id 3409140263 for ; Sun, 8 Oct 2023 10:16:55 +0200 (CEST) Received: by mail-oi1-f226.google.com with SMTP id 5614622812f47-3af8b4a557dso2488981b6e.0 for ; Sun, 08 Oct 2023 01:16:55 -0700 (PDT) DKIM-Signature: v=1; a=rsa-sha256; c=relaxed/relaxed; d=iol.unh.edu; s=unh-iol; t=1696753014; x=1697357814; darn=dpdk.org; h=cc:to:from:subject:message-id:date:from:to:cc:subject:date :message-id:reply-to; bh=A2tZUPs2RsH7+x/lpBHh3D3GVwKoIDkZ2vN2LeRGbZc=; b=Wzi/hYGpsMK6z2UPHMcGumCAfzkm2yxLfHNz9v2YQDDT0kmN75S8JtPXbfHsoABt+m p+z1VIefwE3nwwIYNIAbYf8zFSrnlkOqek0dSeMR8TX36AXLX/AXn2DOMPeRpkl3md0t rme4q5nTlPze2ZAlONfux5Gz+RI/cFRWfHosc= X-Google-DKIM-Signature: v=1; a=rsa-sha256; c=relaxed/relaxed; d=1e100.net; s=20230601; t=1696753014; x=1697357814; h=cc:to:from:subject:message-id:date:x-gm-message-state:from:to:cc :subject:date:message-id:reply-to; bh=A2tZUPs2RsH7+x/lpBHh3D3GVwKoIDkZ2vN2LeRGbZc=; b=flGilpN7zGwg6VJZ6fyWJWF8SJkA3vjF/NbEdTAkVp4NVQpF/ggyUk24zlzPUmbvKn 2e8md1ykEr9w6dJiwsgTIxvEM5MdEU3JiqJwuaZp9G0Zg6K/aQwOTuTD3GIJgAQ2+PxV s3fE6Js7b95dcIBPK3ksETT8LlF6uGDHMGphrM1wePXszSwdE4dtBJBxi4GKXVlr/Khr 3haz8jkolkXHslrdrB2SQl3SPN4uI3+phjyYbr9RZTwLUEsjrRslBud20CakK+eOa9Nr LnQpEWpoAjYekKyBsvWThynbt4gWNBAF0vbXsWAQWSmxNesGZO6/sMTqFgx5PWK/iKjZ yTGg== X-Gm-Message-State: AOJu0Yz22mEgWsRMDRqoqbS47z1d7YUjZa5EW9dSX0UDWchSaiigQoIR 5K1L2w5fs3j9bCXVi1YI/UquVmO7BFWa2DzVBttI5zW7oimw+Q== X-Google-Smtp-Source: AGHT+IH1x2A8c4UeNLd3ZYjZL+/49Xhqv9/hI4nRO/3Ea3YAx3JCKqDxR3Iuuw0RJgr6Iw2FyWXQtIEvuqBG X-Received: by 2002:a05:6808:1442:b0:3a7:6ff5:c628 with SMTP id x2-20020a056808144200b003a76ff5c628mr17323423oiv.11.1696753014461; Sun, 08 Oct 2023 01:16:54 -0700 (PDT) Received: from postal.iol.unh.edu (postal.iol.unh.edu. [132.177.123.84]) by smtp-relay.gmail.com with ESMTPS id q26-20020a631f5a000000b00578e2d3c8f4sm340419pgm.24.2023.10.08.01.16.54 (version=TLS1_2 cipher=ECDHE-ECDSA-AES128-GCM-SHA256 bits=128/128); Sun, 08 Oct 2023 01:16:54 -0700 (PDT) X-Relaying-Domain: iol.unh.edu Date: Sun, 08 Oct 2023 01:16:54 -0700 (PDT) Message-ID: <65226576.630a0220.23c2f.0b40SMTPIN_ADDED_MISSING@mx.google.com> Received: from [172.21.0.2] (unknown [172.18.0.240]) by postal.iol.unh.edu (Postfix) with ESMTP id 6FCBD6052514; Sun, 8 Oct 2023 04:16:53 -0400 (EDT) Subject: |FAILURE| [GIT MASTER] 7849366693a2a2cbc5279a6bfd39cbb457fe7c96 From: dpdklab@iol.unh.edu To: Test Report Cc: dpdk-test-reports@iol.unh.edu, Xueming Li , Christian Ehrhardt , Kevin Traynor , Luca Boccassi Content-Type: text/plain X-BeenThere: test-report@dpdk.org X-Mailman-Version: 2.1.29 Precedence: list List-Id: automatic DPDK test reports List-Unsubscribe: , List-Archive: List-Post: List-Help: List-Subscribe: , Errors-To: test-report-bounces@dpdk.org _Testing issues_ Branch: tags/v22.11 7849366693a2a2cbc5279a6bfd39cbb457fe7c96 --> testing fail Test environment and result as below: +---------------------+----------------+ | Environment | dpdk_unit_test | +=====================+================+ | Windows Server 2019 | FAIL | +---------------------+----------------+ | CentOS Stream 8 | PASS | +---------------------+----------------+ | CentOS Stream 9 | PASS | +---------------------+----------------+ | Debian Bullseye | PASS | +---------------------+----------------+ | Fedora 37 | PASS | +---------------------+----------------+ | Fedora 38 | PASS | +---------------------+----------------+ | Debian Buster | PASS | +---------------------+----------------+ | RHEL 7 | PASS | +---------------------+----------------+ | openSUSE Leap 15 | PASS | +---------------------+----------------+ | RHEL8 | PASS | +---------------------+----------------+ ==== 20 line log output for Windows Server 2019 (dpdk_unit_test): ==== 85/93 DPDK:fast-tests / power_autotest SKIP 0.11s exit status 77 86/93 DPDK:fast-tests / power_kvm_vm_autotest SKIP 0.21s exit status 77 87/93 DPDK:fast-tests / power_intel_uncore_autotest SKIP 0.12s exit status 77 88/93 DPDK:fast-tests / reorder_autotest SKIP 0.18s exit status 77 89/93 DPDK:fast-tests / service_autotest OK 4.77s 90/93 DPDK:fast-tests / thash_autotest OK 0.19s 91/93 DPDK:fast-tests / threads_autotest OK 1.03s 92/93 DPDK:fast-tests / trace_autotest SKIP 0.45s exit status 77 93/93 DPDK:fast-tests / metrics_autotest OK 0.24s Ok: 49 Expected Fail: 0 Fail: 1 Unexpected Pass: 0 Skipped: 43 Timeout: 0 Full log written to C:\Users\builder\jenkins\workspace\Generic-VM-Unit-Test-DPDK\dpdk\build\meson-logs\testlog.txt ==== End log output ==== Windows Server 2019 Kernel: 10.0 Compiler: clang 14.0 and gcc 8.1.0 (MinGW) CentOS Stream 8 Kernel: 4.18.0-240.10.1.el8_3.x86_64 Compiler: gcc 8.4.1 20200928 CentOS Stream 9 Kernel: 4.18.0-240.10.1.el8_3.x86_64 Compiler: gcc 11.3.1 20220421 Debian Bullseye Kernel: 5.4.0-122-generic Compiler: gcc 10.2.1-6 Fedora 37 Kernel: Depends on container host system Compiler: gcc 12.3.1 Fedora 38 Kernel: Depends on container host Compiler: gcc 13.1.1 Debian Buster Kernel: 5.4.0-122-generic Compiler: gcc 8.3.0-6 RHEL 7 Kernel: 4.18.0-240.10.1.el8_3.x86_64 Compiler: gcc 4.8.5 20150623 (Red Hat 4.8.5-44) openSUSE Leap 15 Kernel: 4.18.0-240.10.1.el8_3.x86_64 Compiler: gcc 7.5.0 RHEL8 Kernel: 4.18.0-240.10.1.el8_3.x86_64 Compiler: gcc 8.3.1 20191121 (Red Hat 8.3.1-5) To view detailed results, visit: https://lab.dpdk.org/results/dashboard/tarballs/26388/ UNH-IOL DPDK Community Lab To manage your email subscriptions, visit: https://lab.dpdk.org/results/dashboard/preferences/subscriptions/