From mboxrd@z Thu Jan 1 00:00:00 1970 Return-Path: Received: from mails.dpdk.org (mails.dpdk.org [217.70.189.124]) by inbox.dpdk.org (Postfix) with ESMTP id 89C0E42338 for ; Mon, 9 Oct 2023 10:11:56 +0200 (CEST) Received: from mails.dpdk.org (localhost [127.0.0.1]) by mails.dpdk.org (Postfix) with ESMTP id 84E234021F; Mon, 9 Oct 2023 10:11:56 +0200 (CEST) Received: from mail-ot1-f98.google.com (mail-ot1-f98.google.com [209.85.210.98]) by mails.dpdk.org (Postfix) with ESMTP id 7B6CA4021F for ; Mon, 9 Oct 2023 10:11:54 +0200 (CEST) Received: by mail-ot1-f98.google.com with SMTP id 46e09a7af769-6c4a25f6390so2872112a34.2 for ; Mon, 09 Oct 2023 01:11:54 -0700 (PDT) DKIM-Signature: v=1; a=rsa-sha256; c=relaxed/relaxed; d=iol.unh.edu; s=unh-iol; t=1696839114; x=1697443914; darn=dpdk.org; h=cc:to:from:subject:message-id:date:from:to:cc:subject:date :message-id:reply-to; bh=4FrUCmzBZBx19zoZudj2llEd/X2cqckjRtKIxrDqJwY=; b=QcubnHXux74H97/z4/eekWYMg7QGW3sLetvJ2mzMAdrqzxdab5L/IZWsndXd0ExfpZ QwbCGDBX/yogQ8/Gncs7j8lwva772Xepxwpgc8sA/Oq3sPm/b+WLwdLg/vaWmNKfkkZv 2UnafJuYmudhwH/3Kkptazd+dMvnU2VCi2urI= X-Google-DKIM-Signature: v=1; a=rsa-sha256; c=relaxed/relaxed; d=1e100.net; s=20230601; t=1696839114; x=1697443914; h=cc:to:from:subject:message-id:date:x-gm-message-state:from:to:cc :subject:date:message-id:reply-to; bh=4FrUCmzBZBx19zoZudj2llEd/X2cqckjRtKIxrDqJwY=; b=ZVnNxFgdOeh2ZyiM56GFNY5CdztY1jnuuJHPolGTc4YcgiQMoAbS4iFQi0XoCGhTH4 jY+vABrexN7SFEVtYkgK0qZUi+Rzyl2K+Rnoz4MCRO91MS8MD1IFfRSkGb5QcD9b5adF XFIQ8NZH1h16G+iBhraXjEYYOUKJgSvJD8BuP7RxWbW7rncb/nFf18p/1Thw8NJ9ofzz FXqlvE/jFfAUTY6p6oQLhdSBoJU/vLst56QMhyNvuBao+fQVTuJSHLk93Tq5XBRocWaW g/frnNZaeW1WRCVJwub0gWNjxGZQY/smdCSvgd6726vDJh3L18ffErPuGahNYlTfL3G4 l2xA== X-Gm-Message-State: AOJu0YwBWdx1r8XFie7hiVyk5z0uK5gn1xrtqsuY7IfFo2WfAWoLihkM 4tLTzk5giog1YR3I4d2hK0XxVqVkmVfZUL2UOqRd2ryPdowlxDhr1P1TebGx6VEixA== X-Google-Smtp-Source: AGHT+IHfJzBJO5qHDTnWMyDtF1ZOo1w09lhBzBJjmCda3cHanEPrR9znOGTAiaHmN6eUm4gdEsuWJCbCwA9s X-Received: by 2002:a05:6830:1608:b0:6c4:b339:2528 with SMTP id g8-20020a056830160800b006c4b3392528mr15321518otr.16.1696839113872; Mon, 09 Oct 2023 01:11:53 -0700 (PDT) Received: from postal.iol.unh.edu (postal.iol.unh.edu. [2606:4100:3880:1234::84]) by smtp-relay.gmail.com with ESMTPS id o2-20020a4a2c02000000b0057b73fcec61sm621417ooo.9.2023.10.09.01.11.53 (version=TLS1_2 cipher=ECDHE-ECDSA-AES128-GCM-SHA256 bits=128/128); Mon, 09 Oct 2023 01:11:53 -0700 (PDT) X-Relaying-Domain: iol.unh.edu Date: Mon, 09 Oct 2023 01:11:53 -0700 (PDT) Message-ID: <6523b5c9.4a0a0220.24b5b.1182SMTPIN_ADDED_MISSING@mx.google.com> Received: from [172.21.0.2] (unknown [172.18.0.240]) by postal.iol.unh.edu (Postfix) with ESMTP id D71B86052514; Mon, 9 Oct 2023 04:11:52 -0400 (EDT) Subject: |FAILURE| [GIT MASTER] 7849366693a2a2cbc5279a6bfd39cbb457fe7c96 From: dpdklab@iol.unh.edu To: Test Report Cc: dpdk-test-reports@iol.unh.edu, Xueming Li , Christian Ehrhardt , Kevin Traynor , Luca Boccassi Content-Type: text/plain X-BeenThere: test-report@dpdk.org X-Mailman-Version: 2.1.29 Precedence: list List-Id: automatic DPDK test reports List-Unsubscribe: , List-Archive: List-Post: List-Help: List-Subscribe: , Errors-To: test-report-bounces@dpdk.org _Testing issues_ Branch: tags/v22.11 7849366693a2a2cbc5279a6bfd39cbb457fe7c96 --> testing fail Test environment and result as below: +---------------------+----------------+ | Environment | dpdk_unit_test | +=====================+================+ | Windows Server 2019 | FAIL | +---------------------+----------------+ | CentOS Stream 8 | PASS | +---------------------+----------------+ | Fedora 38 | PASS | +---------------------+----------------+ | Fedora 37 | PASS | +---------------------+----------------+ ==== 20 line log output for Windows Server 2019 (dpdk_unit_test): ==== 85/93 DPDK:fast-tests / power_autotest SKIP 0.31s exit status 77 86/93 DPDK:fast-tests / power_kvm_vm_autotest SKIP 0.22s exit status 77 87/93 DPDK:fast-tests / power_intel_uncore_autotest SKIP 0.12s exit status 77 88/93 DPDK:fast-tests / reorder_autotest SKIP 0.20s exit status 77 89/93 DPDK:fast-tests / service_autotest OK 3.97s 90/93 DPDK:fast-tests / thash_autotest OK 0.26s 91/93 DPDK:fast-tests / threads_autotest OK 0.86s 92/93 DPDK:fast-tests / trace_autotest SKIP 0.21s exit status 77 93/93 DPDK:fast-tests / metrics_autotest OK 0.11s Ok: 49 Expected Fail: 0 Fail: 1 Unexpected Pass: 0 Skipped: 43 Timeout: 0 Full log written to C:\Users\builder\jenkins\workspace\Generic-VM-Unit-Test-DPDK\dpdk\build\meson-logs\testlog.txt ==== End log output ==== Windows Server 2019 Kernel: 10.0 Compiler: clang 14.0 and gcc 8.1.0 (MinGW) CentOS Stream 8 Kernel: 4.18.0-240.10.1.el8_3.x86_64 Compiler: gcc 8.4.1 20200928 Fedora 38 Kernel: Depends on container host Compiler: gcc 13.1.1 Fedora 37 Kernel: Depends on container host system Compiler: gcc 12.3.1 To view detailed results, visit: https://lab.dpdk.org/results/dashboard/tarballs/26393/ UNH-IOL DPDK Community Lab To manage your email subscriptions, visit: https://lab.dpdk.org/results/dashboard/preferences/subscriptions/