From mboxrd@z Thu Jan 1 00:00:00 1970 Return-Path: Received: from mails.dpdk.org (mails.dpdk.org [217.70.189.124]) by inbox.dpdk.org (Postfix) with ESMTP id CAACA42338 for ; Mon, 9 Oct 2023 11:35:48 +0200 (CEST) Received: from mails.dpdk.org (localhost [127.0.0.1]) by mails.dpdk.org (Postfix) with ESMTP id A7EBE4026B; Mon, 9 Oct 2023 11:35:48 +0200 (CEST) Received: from mail-oo1-f97.google.com (mail-oo1-f97.google.com [209.85.161.97]) by mails.dpdk.org (Postfix) with ESMTP id 751C64026B for ; Mon, 9 Oct 2023 11:35:47 +0200 (CEST) Received: by mail-oo1-f97.google.com with SMTP id 006d021491bc7-57d086365f7so2527524eaf.0 for ; Mon, 09 Oct 2023 02:35:47 -0700 (PDT) DKIM-Signature: v=1; a=rsa-sha256; c=relaxed/relaxed; d=iol.unh.edu; s=unh-iol; t=1696844146; x=1697448946; darn=dpdk.org; h=cc:to:from:subject:message-id:date:from:to:cc:subject:date :message-id:reply-to; bh=HIuLfCcKCMFI+BmQD1s5RlLPuYrOEeiqKpDb9OuRyj0=; b=ism4YHvFMRuAPrGefQdG8UcdHgnBkfSzv1EuRBRvvkjkVQI7V6zF698B8qkN0knNdr PbE1KU8pZjFEO2FI1xZnpqCt345Lqtu8NsKSmOpbWam1tbQ9o31vGG0WlAhYBmrYpRGL XhYep8HCXPQ7K198ZgdBwiRHuCdr8WYRo7AF8= X-Google-DKIM-Signature: v=1; a=rsa-sha256; c=relaxed/relaxed; d=1e100.net; s=20230601; t=1696844146; x=1697448946; h=cc:to:from:subject:message-id:date:x-gm-message-state:from:to:cc :subject:date:message-id:reply-to; bh=HIuLfCcKCMFI+BmQD1s5RlLPuYrOEeiqKpDb9OuRyj0=; b=EpttvcqsBAXQmTtHCzWc0YekFzFl+YHbtT6ePRiD+jMYSShpudmxaAzkg8X3hWi90K qJ8zedfN+T1yn1cYZ5F8bWZTCCTkeeYygmMDfiPq9EvW2klUfjyIdM1cfj1sxSYv//WT fI6DlO3ns9/ru+TFl1/pYt76p5W1/jQWAHngsG/SWaQTTUsBt+SFxVeP9C+/8HmbEfom Qa0cms42uJoa86a6z6GV+T9Du75kTD5zgwESnJZIBeRM/6uMcce0OOYObNE4iuIFccvF yxnMzuBwNJmRvR1l4UpC1lQ80wnzjQzPfgtLhqrkaYVjDtM61Ll5QX23lXnRD4UyPCAX Plnw== X-Gm-Message-State: AOJu0YySEXdvtqZt+IR/xNnPGfgnI6+Qpx1oU8MSTnMJKzbIPpRmMRWC yr0hQM//a5SmxBdeQB55ce5GoHQMHJTlhnJNuq/EvB/NGOP/4yqtHkCQbiq+AFlLnw== X-Google-Smtp-Source: AGHT+IFLN0Dl6rEiDu/ymftJIfQ/jhAHZBF8ZOF0rhg8Prnxqvf51LjpcGLuLzL/cOHNUBnpuj0f/LOYQteY X-Received: by 2002:a05:6358:33a5:b0:143:5180:1700 with SMTP id i37-20020a05635833a500b0014351801700mr14745124rwd.27.1696844146529; Mon, 09 Oct 2023 02:35:46 -0700 (PDT) Received: from postal.iol.unh.edu (postal.iol.unh.edu. [2606:4100:3880:1234::84]) by smtp-relay.gmail.com with ESMTPS id k21-20020a637b55000000b00578d1b590b8sm485524pgn.28.2023.10.09.02.35.46 (version=TLS1_2 cipher=ECDHE-ECDSA-AES128-GCM-SHA256 bits=128/128); Mon, 09 Oct 2023 02:35:46 -0700 (PDT) X-Relaying-Domain: iol.unh.edu Date: Mon, 09 Oct 2023 02:35:46 -0700 (PDT) Message-ID: <6523c972.630a0220.503e1.91e0SMTPIN_ADDED_MISSING@mx.google.com> Received: from [172.21.0.2] (unknown [172.18.0.240]) by postal.iol.unh.edu (Postfix) with ESMTP id 8A4346052514; Mon, 9 Oct 2023 05:35:45 -0400 (EDT) Subject: |FAILURE| [GIT MASTER] 7849366693a2a2cbc5279a6bfd39cbb457fe7c96 From: dpdklab@iol.unh.edu To: Test Report Cc: dpdk-test-reports@iol.unh.edu, Xueming Li , Christian Ehrhardt , Kevin Traynor , Luca Boccassi Content-Type: text/plain X-BeenThere: test-report@dpdk.org X-Mailman-Version: 2.1.29 Precedence: list List-Id: automatic DPDK test reports List-Unsubscribe: , List-Archive: List-Post: List-Help: List-Subscribe: , Errors-To: test-report-bounces@dpdk.org _Testing issues_ Branch: tags/v22.11 7849366693a2a2cbc5279a6bfd39cbb457fe7c96 --> testing fail Test environment and result as below: +---------------------+----------------+ | Environment | dpdk_unit_test | +=====================+================+ | Windows Server 2019 | FAIL | +---------------------+----------------+ | CentOS Stream 8 | PASS | +---------------------+----------------+ | Fedora 38 | PASS | +---------------------+----------------+ | Fedora 37 | PASS | +---------------------+----------------+ | Debian Buster | PASS | +---------------------+----------------+ | Debian Bullseye | PASS | +---------------------+----------------+ | CentOS Stream 9 | PASS | +---------------------+----------------+ | Ubuntu 22.04 | PASS | +---------------------+----------------+ | RHEL8 | PASS | +---------------------+----------------+ | RHEL 7 | PASS | +---------------------+----------------+ | Ubuntu 20.04 | PASS | +---------------------+----------------+ ==== 20 line log output for Windows Server 2019 (dpdk_unit_test): ==== 85/93 DPDK:fast-tests / power_autotest SKIP 0.31s exit status 77 86/93 DPDK:fast-tests / power_kvm_vm_autotest SKIP 0.22s exit status 77 87/93 DPDK:fast-tests / power_intel_uncore_autotest SKIP 0.12s exit status 77 88/93 DPDK:fast-tests / reorder_autotest SKIP 0.20s exit status 77 89/93 DPDK:fast-tests / service_autotest OK 3.97s 90/93 DPDK:fast-tests / thash_autotest OK 0.26s 91/93 DPDK:fast-tests / threads_autotest OK 0.86s 92/93 DPDK:fast-tests / trace_autotest SKIP 0.21s exit status 77 93/93 DPDK:fast-tests / metrics_autotest OK 0.11s Ok: 49 Expected Fail: 0 Fail: 1 Unexpected Pass: 0 Skipped: 43 Timeout: 0 Full log written to C:\Users\builder\jenkins\workspace\Generic-VM-Unit-Test-DPDK\dpdk\build\meson-logs\testlog.txt ==== End log output ==== Windows Server 2019 Kernel: 10.0 Compiler: clang 14.0 and gcc 8.1.0 (MinGW) CentOS Stream 8 Kernel: 4.18.0-240.10.1.el8_3.x86_64 Compiler: gcc 8.4.1 20200928 Fedora 38 Kernel: Depends on container host Compiler: gcc 13.1.1 Fedora 37 Kernel: Depends on container host system Compiler: gcc 12.3.1 Debian Buster Kernel: 5.4.0-122-generic Compiler: gcc 8.3.0-6 Debian Bullseye Kernel: 5.4.0-122-generic Compiler: gcc 10.2.1-6 CentOS Stream 9 Kernel: 4.18.0-240.10.1.el8_3.x86_64 Compiler: gcc 11.3.1 20220421 Ubuntu 22.04 Kernel: 4.18.0-240.10.1.el8_3.x86_64 Compiler: gcc 11.3.0 RHEL8 Kernel: 4.18.0-240.10.1.el8_3.x86_64 Compiler: gcc 8.3.1 20191121 (Red Hat 8.3.1-5) RHEL 7 Kernel: 4.18.0-240.10.1.el8_3.x86_64 Compiler: gcc 4.8.5 20150623 (Red Hat 4.8.5-44) Ubuntu 20.04 Kernel: 5.4.0-153-generic Compiler: gcc 9.4.0-1ubuntu1~20.04.1 To view detailed results, visit: https://lab.dpdk.org/results/dashboard/tarballs/26393/ UNH-IOL DPDK Community Lab To manage your email subscriptions, visit: https://lab.dpdk.org/results/dashboard/preferences/subscriptions/