From mboxrd@z Thu Jan 1 00:00:00 1970 Return-Path: Received: from mails.dpdk.org (mails.dpdk.org [217.70.189.124]) by inbox.dpdk.org (Postfix) with ESMTP id 0ED7842348 for ; Tue, 10 Oct 2023 08:50:06 +0200 (CEST) Received: from mails.dpdk.org (localhost [127.0.0.1]) by mails.dpdk.org (Postfix) with ESMTP id 08176402CB; Tue, 10 Oct 2023 08:50:06 +0200 (CEST) Received: from mail-oa1-f97.google.com (mail-oa1-f97.google.com [209.85.160.97]) by mails.dpdk.org (Postfix) with ESMTP id 80943402CB for ; Tue, 10 Oct 2023 08:50:04 +0200 (CEST) Received: by mail-oa1-f97.google.com with SMTP id 586e51a60fabf-1dcf357deedso3450872fac.0 for ; Mon, 09 Oct 2023 23:50:04 -0700 (PDT) DKIM-Signature: v=1; a=rsa-sha256; c=relaxed/relaxed; d=iol.unh.edu; s=unh-iol; t=1696920604; x=1697525404; darn=dpdk.org; h=cc:to:from:subject:message-id:date:from:to:cc:subject:date :message-id:reply-to; bh=cwITsjpOD/wHyHgm+qITeVHGlmgypRevxtoA/gWKDYU=; b=WlgczKbbmMR/fzrh2VkTSwvFE3mXWs39jTXN1VFms2OUYqHee85+DTzWguyyaW2ZC0 lSg1j05O3Zekr5rjyldViJdqNL6bQOyPB3CEtvPX4iq2NZjvmfzyc4YEyjhg/t5DOyMz xnEJijoP7ksllbAsTK5pzBGyNk8u3lAJRXa/M= X-Google-DKIM-Signature: v=1; a=rsa-sha256; c=relaxed/relaxed; d=1e100.net; s=20230601; t=1696920604; x=1697525404; h=cc:to:from:subject:message-id:date:x-gm-message-state:from:to:cc :subject:date:message-id:reply-to; bh=cwITsjpOD/wHyHgm+qITeVHGlmgypRevxtoA/gWKDYU=; b=nPz/ds60qYHB6of/GyeQmhgoQwzzXGhILAoGFqoJHiU7FBSF1M9c7M101RhRjclJpJ /qOEVFYP8hx3U1SDc/bJK18SrytoS9gnM4Go9z5Q7apfqDQtTRC/BmOQvP3Nn3gXTJ14 S/yRp+MkIH33L2W8hC3N3/40hIMXjPk9dcPJWe2RoBeDZH76aoN2Ut9Ou4XDbJBMyMYr zdRY432mg6HTZd/V+TJY/LUp6qdVW/HPNRgt+PGRf7WljSdEj/8QLr8eS0QCpLGgxX2D VYx8LcBPX44DD942J17O9S/GY4b67zMYJjan6PILCKD6N0DzN3R9ZEZFHV/oGDJikFyv E/DA== X-Gm-Message-State: AOJu0YzLLtBRG9utSgQDtkUybpYsnliMuwuxRrHkhJRXF2Z227+m8UiH lwcG0jfpMmD4qhbB/YXKvuzJCHrjz4bMNdHoZiKjYAcOH/IL1g== X-Google-Smtp-Source: AGHT+IGTSoVqlCq7SbLHIsk6AoBBU1jQQ5g7uz+zzFRjoYBVCMjcyHbGwQs+46fy4UH6UXxehDbsq6fwXZWV X-Received: by 2002:a05:6870:14c1:b0:1b0:89e0:114f with SMTP id l1-20020a05687014c100b001b089e0114fmr20828973oab.31.1696920603568; Mon, 09 Oct 2023 23:50:03 -0700 (PDT) Received: from postal.iol.unh.edu (postal.iol.unh.edu. [132.177.123.84]) by smtp-relay.gmail.com with ESMTPS id n21-20020a056870a45500b001dd08f33989sm822338oal.34.2023.10.09.23.50.03 (version=TLS1_2 cipher=ECDHE-ECDSA-AES128-GCM-SHA256 bits=128/128); Mon, 09 Oct 2023 23:50:03 -0700 (PDT) X-Relaying-Domain: iol.unh.edu Date: Mon, 09 Oct 2023 23:50:03 -0700 (PDT) Message-ID: <6524f41b.050a0220.dbd7a.d4aeSMTPIN_ADDED_MISSING@mx.google.com> Received: from [172.21.0.2] (unknown [172.18.0.240]) by postal.iol.unh.edu (Postfix) with ESMTP id 0F5FE605C351; Tue, 10 Oct 2023 02:50:03 -0400 (EDT) Subject: |FAILURE| [GIT MASTER] 7849366693a2a2cbc5279a6bfd39cbb457fe7c96 From: dpdklab@iol.unh.edu To: Test Report Cc: dpdk-test-reports@iol.unh.edu, Xueming Li , Christian Ehrhardt , Kevin Traynor , Luca Boccassi Content-Type: text/plain X-BeenThere: test-report@dpdk.org X-Mailman-Version: 2.1.29 Precedence: list List-Id: automatic DPDK test reports List-Unsubscribe: , List-Archive: List-Post: List-Help: List-Subscribe: , Errors-To: test-report-bounces@dpdk.org _Testing issues_ Branch: tags/v22.11 7849366693a2a2cbc5279a6bfd39cbb457fe7c96 --> testing fail Test environment and result as below: +---------------------+----------------+ | Environment | dpdk_unit_test | +=====================+================+ | Windows Server 2019 | FAIL | +---------------------+----------------+ | CentOS Stream 8 | PASS | +---------------------+----------------+ | Debian Buster | PASS | +---------------------+----------------+ | Fedora 37 | PASS | +---------------------+----------------+ | CentOS Stream 9 | FAIL | +---------------------+----------------+ | Debian Bullseye | PASS | +---------------------+----------------+ | Fedora 38 | PASS | +---------------------+----------------+ | RHEL 7 | PASS | +---------------------+----------------+ | Ubuntu 20.04 | PASS | +---------------------+----------------+ | RHEL8 | PASS | +---------------------+----------------+ | openSUSE Leap 15 | PASS | +---------------------+----------------+ | Ubuntu 22.04 | PASS | +---------------------+----------------+ ==== 20 line log output for CentOS Stream 9 (dpdk_unit_test): ==== 95/105 DPDK:fast-tests / telemetry_json_autotest OK 0.31 s 96/105 DPDK:fast-tests / telemetry_data_autotest OK 0.24 s 97/105 DPDK:fast-tests / table_autotest OK 24.23 s 98/105 DPDK:fast-tests / ring_pmd_autotest OK 0.23 s 99/105 DPDK:fast-tests / event_eth_tx_adapter_autotest OK 1.11 s 100/105 DPDK:fast-tests / bitratestats_autotest OK 0.21 s 101/105 DPDK:fast-tests / latencystats_autotest OK 0.36 s 102/105 DPDK:fast-tests / pdump_autotest OK 5.58 s 103/105 DPDK:fast-tests / vdev_autotest OK 0.27 s 104/105 DPDK:fast-tests / compressdev_autotest SKIP 0.30 s 105/105 DPDK:fast-tests / telemetry_all SKIP 0.04 s Ok: 95 Expected Fail: 0 Fail: 0 Unexpected Pass: 0 Skipped: 9 Timeout: 1 Full log written to /home-local/jenkins-local/jenkins-agent/workspace/Generic-Unit-Test-DPDK/dpdk/build/meson-logs/testlog.txt ==== End log output ==== Windows Server 2019 Kernel: 10.0 Compiler: clang 14.0 and gcc 8.1.0 (MinGW) CentOS Stream 8 Kernel: 4.18.0-240.10.1.el8_3.x86_64 Compiler: gcc 8.4.1 20200928 Debian Buster Kernel: 5.4.0-122-generic Compiler: gcc 8.3.0-6 Fedora 37 Kernel: Depends on container host system Compiler: gcc 12.3.1 CentOS Stream 9 Kernel: 4.18.0-240.10.1.el8_3.x86_64 Compiler: gcc 11.3.1 20220421 Debian Bullseye Kernel: 5.4.0-122-generic Compiler: gcc 10.2.1-6 Fedora 38 Kernel: Depends on container host Compiler: gcc 13.1.1 RHEL 7 Kernel: 4.18.0-240.10.1.el8_3.x86_64 Compiler: gcc 4.8.5 20150623 (Red Hat 4.8.5-44) Ubuntu 20.04 Kernel: 5.4.0-153-generic Compiler: gcc 9.4.0-1ubuntu1~20.04.1 RHEL8 Kernel: 4.18.0-240.10.1.el8_3.x86_64 Compiler: gcc 8.3.1 20191121 (Red Hat 8.3.1-5) openSUSE Leap 15 Kernel: 4.18.0-240.10.1.el8_3.x86_64 Compiler: gcc 7.5.0 Ubuntu 22.04 Kernel: 4.18.0-240.10.1.el8_3.x86_64 Compiler: gcc 11.3.0 To view detailed results, visit: https://lab.dpdk.org/results/dashboard/tarballs/26410/ UNH-IOL DPDK Community Lab To manage your email subscriptions, visit: https://lab.dpdk.org/results/dashboard/preferences/subscriptions/