From mboxrd@z Thu Jan 1 00:00:00 1970 Return-Path: Received: from mails.dpdk.org (mails.dpdk.org [217.70.189.124]) by inbox.dpdk.org (Postfix) with ESMTP id DC2D54314E for ; Thu, 12 Oct 2023 12:11:48 +0200 (CEST) Received: from mails.dpdk.org (localhost [127.0.0.1]) by mails.dpdk.org (Postfix) with ESMTP id B91314028C; Thu, 12 Oct 2023 12:11:48 +0200 (CEST) Received: from mail-ot1-f98.google.com (mail-ot1-f98.google.com [209.85.210.98]) by mails.dpdk.org (Postfix) with ESMTP id AE5484028C for ; Thu, 12 Oct 2023 12:11:47 +0200 (CEST) Received: by mail-ot1-f98.google.com with SMTP id 46e09a7af769-6c646b5028dso492782a34.3 for ; Thu, 12 Oct 2023 03:11:47 -0700 (PDT) DKIM-Signature: v=1; a=rsa-sha256; c=relaxed/relaxed; d=iol.unh.edu; s=unh-iol; t=1697105507; x=1697710307; darn=dpdk.org; h=cc:to:from:subject:message-id:date:from:to:cc:subject:date :message-id:reply-to; bh=tcpZEdkZSIsQN1zYY/moQ/kQtUaochwRekICb0gbRkQ=; b=XbaNiiA0CoabDJLxmpyW5y9ggJm2kl2h14iq/5OFaJZMhjbIJdRRBOwbwrR7t7P/vV bgYQIu0ADAEPcw3oSM20zR01NQYBQDRCMLBQy+YER40yRPOB94dLUmUhoYdLGocP0Hvc pBw8tLHd5Mi7ax5p2TpFyGgC2Spl8tewn0Cg4= X-Google-DKIM-Signature: v=1; a=rsa-sha256; c=relaxed/relaxed; d=1e100.net; s=20230601; t=1697105507; x=1697710307; h=cc:to:from:subject:message-id:date:x-gm-message-state:from:to:cc :subject:date:message-id:reply-to; bh=tcpZEdkZSIsQN1zYY/moQ/kQtUaochwRekICb0gbRkQ=; b=FkqP2MekPpK3gXtV4wrt3yzO4xm20QGgn+Wqf49L2mLLAfB6cIMHmUnA4HVVK+gYXQ rrtlVXprhMF0jjeMo3HIDf63LHLpqj+BZyYJdWeHsVSA4hPSn0zNhWLp2rJnwXOBL/Oq CqvomGnKdp+5cQTgEIzyzExD5jrRyK9X1Y7nOujqu33vuX4VVd8PxTFA8hX6y12yeh0T dol0KI5pvXR/29sZNVArhfEYH/m3FSTxB6qFKcdH7zzeH8cbEAtGe4F153aN4ahPGGzm moJ5ucqyfhT7BoUCOV/JPTXnMNIh1+wpien9HbLsktRNPNDDLgIN5XHY5ErRitGRpmAc 2wZw== X-Gm-Message-State: AOJu0YwuUoQYSlp1877xYJzcrEwhAkDCpA/Jj5IuPzrXiQydGtnnsX74 3AhU67EapSyz4jvsgaF5OJj50BXQ/0zL4AvgIQoosZRDIZn91bifiDa9s/1I5XATSA== X-Google-Smtp-Source: AGHT+IECJCe9xrIj+M5sWqZIowMLmMusok5LtfEBqINbQCQQ23QENH2ju0/zraP9FR0fhZBFyL/eNLjRVQwt X-Received: by 2002:a05:6830:92:b0:6c4:da7d:c546 with SMTP id a18-20020a056830009200b006c4da7dc546mr24041118oto.27.1697105506956; Thu, 12 Oct 2023 03:11:46 -0700 (PDT) Received: from postal.iol.unh.edu (postal.iol.unh.edu. [2606:4100:3880:1234::84]) by smtp-relay.gmail.com with ESMTPS id o9-20020a9d4109000000b006bcb229d752sm155498ote.12.2023.10.12.03.11.46 (version=TLS1_2 cipher=ECDHE-ECDSA-AES128-GCM-SHA256 bits=128/128); Thu, 12 Oct 2023 03:11:46 -0700 (PDT) X-Relaying-Domain: iol.unh.edu Date: Thu, 12 Oct 2023 03:11:46 -0700 (PDT) Message-ID: <6527c662.9d0a0220.2951b.7980SMTPIN_ADDED_MISSING@mx.google.com> Received: from [172.21.0.2] (unknown [172.18.0.240]) by postal.iol.unh.edu (Postfix) with ESMTP id 472E86052514; Thu, 12 Oct 2023 06:11:46 -0400 (EDT) Subject: |FAILURE| [GIT MASTER] 7849366693a2a2cbc5279a6bfd39cbb457fe7c96 From: dpdklab@iol.unh.edu To: Test Report Cc: dpdk-test-reports@iol.unh.edu, Xueming Li , Christian Ehrhardt , Kevin Traynor , Luca Boccassi Content-Type: text/plain X-BeenThere: test-report@dpdk.org X-Mailman-Version: 2.1.29 Precedence: list List-Id: automatic DPDK test reports List-Unsubscribe: , List-Archive: List-Post: List-Help: List-Subscribe: , Errors-To: test-report-bounces@dpdk.org _Testing issues_ Branch: tags/v22.11 7849366693a2a2cbc5279a6bfd39cbb457fe7c96 --> testing fail Test environment and result as below: +---------------------+----------------+ | Environment | dpdk_unit_test | +=====================+================+ | CentOS Stream 8 | PASS | +---------------------+----------------+ | CentOS Stream 9 | PASS | +---------------------+----------------+ | Fedora 37 | PASS | +---------------------+----------------+ | Fedora 38 | PASS | +---------------------+----------------+ | Debian Buster | PASS | +---------------------+----------------+ | Debian Bullseye | PASS | +---------------------+----------------+ | RHEL 7 | PASS | +---------------------+----------------+ | RHEL8 | PASS | +---------------------+----------------+ | openSUSE Leap 15 | PASS | +---------------------+----------------+ | Ubuntu 20.04 | PASS | +---------------------+----------------+ | Windows Server 2019 | FAIL | +---------------------+----------------+ ==== 20 line log output for Windows Server 2019 (dpdk_unit_test): ==== 85/93 DPDK:fast-tests / power_autotest SKIP 0.17s exit status 77 86/93 DPDK:fast-tests / power_kvm_vm_autotest SKIP 0.49s exit status 77 87/93 DPDK:fast-tests / power_intel_uncore_autotest SKIP 0.17s exit status 77 88/93 DPDK:fast-tests / reorder_autotest SKIP 0.19s exit status 77 89/93 DPDK:fast-tests / service_autotest OK 5.72s 90/93 DPDK:fast-tests / thash_autotest OK 0.13s 91/93 DPDK:fast-tests / threads_autotest OK 1.03s 92/93 DPDK:fast-tests / trace_autotest SKIP 0.22s exit status 77 93/93 DPDK:fast-tests / metrics_autotest OK 0.12s Ok: 49 Expected Fail: 0 Fail: 1 Unexpected Pass: 0 Skipped: 43 Timeout: 0 Full log written to C:\Users\builder\jenkins\workspace\Generic-VM-Unit-Test-DPDK\dpdk\build\meson-logs\testlog.txt ==== End log output ==== CentOS Stream 8 Kernel: 4.18.0-240.10.1.el8_3.x86_64 Compiler: gcc 8.4.1 20200928 CentOS Stream 9 Kernel: 4.18.0-240.10.1.el8_3.x86_64 Compiler: gcc 11.3.1 20220421 Fedora 37 Kernel: Depends on container host system Compiler: gcc 12.3.1 Fedora 38 Kernel: Depends on container host Compiler: clang 16.0.3 Debian Buster Kernel: 5.4.0-122-generic Compiler: gcc 8.3.0-6 Debian Bullseye Kernel: 5.4.0-122-generic Compiler: gcc 10.2.1-6 RHEL 7 Kernel: 4.18.0-240.10.1.el8_3.x86_64 Compiler: gcc 4.8.5 20150623 (Red Hat 4.8.5-44) RHEL8 Kernel: 4.18.0-240.10.1.el8_3.x86_64 Compiler: gcc 8.3.1 20191121 (Red Hat 8.3.1-5) openSUSE Leap 15 Kernel: 4.18.0-240.10.1.el8_3.x86_64 Compiler: gcc 7.5.0 Ubuntu 20.04 Kernel: 5.4.0-153-generic Compiler: gcc 9.4.0-1ubuntu1~20.04.1 Windows Server 2019 Kernel: 10.0 Compiler: clang 14.0 and gcc 8.1.0 (MinGW) To view detailed results, visit: https://lab.dpdk.org/results/dashboard/tarballs/26444/ UNH-IOL DPDK Community Lab To manage your email subscriptions, visit: https://lab.dpdk.org/results/dashboard/preferences/subscriptions/