From mboxrd@z Thu Jan 1 00:00:00 1970 Return-Path: Received: from mails.dpdk.org (mails.dpdk.org [217.70.189.124]) by inbox.dpdk.org (Postfix) with ESMTP id 798404314E for ; Thu, 12 Oct 2023 12:17:31 +0200 (CEST) Received: from mails.dpdk.org (localhost [127.0.0.1]) by mails.dpdk.org (Postfix) with ESMTP id 72AF94028A; Thu, 12 Oct 2023 12:17:31 +0200 (CEST) Received: from mail-io1-f97.google.com (mail-io1-f97.google.com [209.85.166.97]) by mails.dpdk.org (Postfix) with ESMTP id CF6004028A for ; Thu, 12 Oct 2023 12:17:29 +0200 (CEST) Received: by mail-io1-f97.google.com with SMTP id ca18e2360f4ac-79f8e4108c3so33161439f.3 for ; Thu, 12 Oct 2023 03:17:29 -0700 (PDT) DKIM-Signature: v=1; a=rsa-sha256; c=relaxed/relaxed; d=iol.unh.edu; s=unh-iol; t=1697105849; x=1697710649; darn=dpdk.org; h=cc:to:from:subject:message-id:date:from:to:cc:subject:date :message-id:reply-to; bh=tcpZEdkZSIsQN1zYY/moQ/kQtUaochwRekICb0gbRkQ=; b=HwaCI6LyLf9+zRfbn2BsTVLl+8F0if4WJ1wYy6P7HfTVkRkP6fV604eIDxgUfEPRS7 CydkPRFs+sx9sRU2GQjl5DsG5kp00ru/VHffrwFweCVsmUpCI0lZQP9U1UY/+KARuXim kruISWKiRJIxOSpkC9D/qoRU30EcLdUZtj69c= X-Google-DKIM-Signature: v=1; a=rsa-sha256; c=relaxed/relaxed; d=1e100.net; s=20230601; t=1697105849; x=1697710649; h=cc:to:from:subject:message-id:date:x-gm-message-state:from:to:cc :subject:date:message-id:reply-to; bh=tcpZEdkZSIsQN1zYY/moQ/kQtUaochwRekICb0gbRkQ=; b=DWFU5SMbbTqnjipCEQu1QS+u7YUdV+F5lB8pAiZhoOK8uUrrsWWn28YMFyzQK5CXAT DqYYA91X7Zl1keG6ZFdA+3FVsY36ApCVUEKUMs+nAVhU6+o6rc6dmnxB1mc32R9itVbV x21kYWFc4l0+7n6XFooybEkWYaGX+ga0siStYikO8c9+y3Pz+ZszQqfmesc1Y6TkbiuE sfAd0jYKOrb4qWoho/kINhgR1gTaRRgz1NeZORBRpQyXIMTIXbc0zhKi0ixl71IJiHHd 1Ko8DQ2niiHuVeKdPAt8JZ4ot8v/UhyU0a5Ez8PtzGhqbXur/Ii5RtAEWAFnQ9NE0KHA 37WA== X-Gm-Message-State: AOJu0YzM2fqRMetemf6sVRUxPYYy1Bxy/QPrtpn0qXYFmQY1OFm7eumH i5z+qIQXpM83Laz1nvdfmRU0HvQ3UIS/+zY3/dNOgPccQZYTIA== X-Google-Smtp-Source: AGHT+IH/Phyg/2Ck8rbdQmURmRZFF9wVb4cNweEz4vYg5/Og6UyQVAaS80KQ28M6FvcjasnGH7ZIhANLaWWE X-Received: by 2002:a5e:a801:0:b0:787:1697:1b3b with SMTP id c1-20020a5ea801000000b0078716971b3bmr26806101ioa.8.1697105849219; Thu, 12 Oct 2023 03:17:29 -0700 (PDT) Received: from postal.iol.unh.edu (postal.iol.unh.edu. [132.177.123.84]) by smtp-relay.gmail.com with ESMTPS id z1-20020a5e8601000000b007836030ff13sm573307ioj.35.2023.10.12.03.17.29 (version=TLS1_2 cipher=ECDHE-ECDSA-AES128-GCM-SHA256 bits=128/128); Thu, 12 Oct 2023 03:17:29 -0700 (PDT) X-Relaying-Domain: iol.unh.edu Date: Thu, 12 Oct 2023 03:17:29 -0700 (PDT) Message-ID: <6527c7b9.5e0a0220.542df.b849SMTPIN_ADDED_MISSING@mx.google.com> Received: from [172.21.0.2] (unknown [172.18.0.240]) by postal.iol.unh.edu (Postfix) with ESMTP id 4E9F66052514; Thu, 12 Oct 2023 06:17:28 -0400 (EDT) Subject: |FAILURE| [GIT MASTER] 7849366693a2a2cbc5279a6bfd39cbb457fe7c96 From: dpdklab@iol.unh.edu To: Test Report Cc: dpdk-test-reports@iol.unh.edu, Xueming Li , Christian Ehrhardt , Kevin Traynor , Luca Boccassi Content-Type: text/plain X-BeenThere: test-report@dpdk.org X-Mailman-Version: 2.1.29 Precedence: list List-Id: automatic DPDK test reports List-Unsubscribe: , List-Archive: List-Post: List-Help: List-Subscribe: , Errors-To: test-report-bounces@dpdk.org _Testing issues_ Branch: tags/v22.11 7849366693a2a2cbc5279a6bfd39cbb457fe7c96 --> testing fail Test environment and result as below: +---------------------+----------------+ | Environment | dpdk_unit_test | +=====================+================+ | CentOS Stream 8 | PASS | +---------------------+----------------+ | CentOS Stream 9 | PASS | +---------------------+----------------+ | Fedora 37 | PASS | +---------------------+----------------+ | Fedora 38 | PASS | +---------------------+----------------+ | Debian Buster | PASS | +---------------------+----------------+ | Debian Bullseye | PASS | +---------------------+----------------+ | RHEL 7 | PASS | +---------------------+----------------+ | RHEL8 | PASS | +---------------------+----------------+ | openSUSE Leap 15 | PASS | +---------------------+----------------+ | Ubuntu 20.04 | PASS | +---------------------+----------------+ | Windows Server 2019 | FAIL | +---------------------+----------------+ ==== 20 line log output for Windows Server 2019 (dpdk_unit_test): ==== 85/93 DPDK:fast-tests / power_autotest SKIP 0.17s exit status 77 86/93 DPDK:fast-tests / power_kvm_vm_autotest SKIP 0.49s exit status 77 87/93 DPDK:fast-tests / power_intel_uncore_autotest SKIP 0.17s exit status 77 88/93 DPDK:fast-tests / reorder_autotest SKIP 0.19s exit status 77 89/93 DPDK:fast-tests / service_autotest OK 5.72s 90/93 DPDK:fast-tests / thash_autotest OK 0.13s 91/93 DPDK:fast-tests / threads_autotest OK 1.03s 92/93 DPDK:fast-tests / trace_autotest SKIP 0.22s exit status 77 93/93 DPDK:fast-tests / metrics_autotest OK 0.12s Ok: 49 Expected Fail: 0 Fail: 1 Unexpected Pass: 0 Skipped: 43 Timeout: 0 Full log written to C:\Users\builder\jenkins\workspace\Generic-VM-Unit-Test-DPDK\dpdk\build\meson-logs\testlog.txt ==== End log output ==== CentOS Stream 8 Kernel: 4.18.0-240.10.1.el8_3.x86_64 Compiler: gcc 8.4.1 20200928 CentOS Stream 9 Kernel: 4.18.0-240.10.1.el8_3.x86_64 Compiler: gcc 11.3.1 20220421 Fedora 37 Kernel: Depends on container host system Compiler: gcc 12.3.1 Fedora 38 Kernel: Depends on container host Compiler: clang 16.0.3 Debian Buster Kernel: 5.4.0-122-generic Compiler: gcc 8.3.0-6 Debian Bullseye Kernel: 5.4.0-122-generic Compiler: gcc 10.2.1-6 RHEL 7 Kernel: 4.18.0-240.10.1.el8_3.x86_64 Compiler: gcc 4.8.5 20150623 (Red Hat 4.8.5-44) RHEL8 Kernel: 4.18.0-240.10.1.el8_3.x86_64 Compiler: gcc 8.3.1 20191121 (Red Hat 8.3.1-5) openSUSE Leap 15 Kernel: 4.18.0-240.10.1.el8_3.x86_64 Compiler: gcc 7.5.0 Ubuntu 20.04 Kernel: 5.4.0-153-generic Compiler: gcc 9.4.0-1ubuntu1~20.04.1 Windows Server 2019 Kernel: 10.0 Compiler: clang 14.0 and gcc 8.1.0 (MinGW) To view detailed results, visit: https://lab.dpdk.org/results/dashboard/tarballs/26444/ UNH-IOL DPDK Community Lab To manage your email subscriptions, visit: https://lab.dpdk.org/results/dashboard/preferences/subscriptions/