From mboxrd@z Thu Jan 1 00:00:00 1970 Return-Path: Received: from mails.dpdk.org (mails.dpdk.org [217.70.189.124]) by inbox.dpdk.org (Postfix) with ESMTP id E59FB42354 for ; Fri, 13 Oct 2023 08:27:27 +0200 (CEST) Received: from mails.dpdk.org (localhost [127.0.0.1]) by mails.dpdk.org (Postfix) with ESMTP id C649E402A1; Fri, 13 Oct 2023 08:27:27 +0200 (CEST) Received: from mail-pf1-f228.google.com (mail-pf1-f228.google.com [209.85.210.228]) by mails.dpdk.org (Postfix) with ESMTP id C5175402A1 for ; Fri, 13 Oct 2023 08:27:26 +0200 (CEST) Received: by mail-pf1-f228.google.com with SMTP id d2e1a72fcca58-690bc3f82a7so1520604b3a.0 for ; Thu, 12 Oct 2023 23:27:26 -0700 (PDT) DKIM-Signature: v=1; a=rsa-sha256; c=relaxed/relaxed; d=iol.unh.edu; s=unh-iol; t=1697178446; x=1697783246; darn=dpdk.org; h=cc:to:from:subject:message-id:date:from:to:cc:subject:date :message-id:reply-to; bh=ttD43IP88aTTuad2zhXNk3uQRtP6m2Ll14/JMkdRmeE=; b=jFja5N5iMUBVOjjQ0k0NJhRKklAURoQrIRuUvZ/ubwWSWZjNVEtxnlMdvMx13WgJtv i5tzzOHfwPsWG3LI007BFqeDR2x95Ckt58uOTVghzoGci1SF+BvlVyG5L5a2XhqzkbxV qY+VCiriTo2ry/FkC6ClB/zhws1+4O1zToa0s= X-Google-DKIM-Signature: v=1; a=rsa-sha256; c=relaxed/relaxed; d=1e100.net; s=20230601; t=1697178446; x=1697783246; h=cc:to:from:subject:message-id:date:x-gm-message-state:from:to:cc :subject:date:message-id:reply-to; bh=ttD43IP88aTTuad2zhXNk3uQRtP6m2Ll14/JMkdRmeE=; b=aKgHLUsDxpGy72ounHENrvqbyOkqeTTf3yST/uxIxDYAD4ZhaffMyVD1cRX6R6gpOk CW4wWF1btGQDntEE0T3PnrbBcrAAWDDfPflIcQYPuC1M6l0T/4SYVW2atlSvejCUSO26 xHLs7jVaZSFqgCNpb4zv+x37vaKAMHBsuK21ZB32h4zTN0tMXY8By1ZjGE5COuLASuE9 QHqRUKoUSOsjkRXt6c1UdGsNNIQcFZPCf1C5bLRwEf9kzDqpbM+x71NX6xp0N/F+L1/z +bOEjjxoKIj1ZB0buE6dEHboma/yOnNDOpG30ync3Y/ULe1/xpQZMP5x9Sv+lLIpusoC 7ceg== X-Gm-Message-State: AOJu0YxrFahvfdGkk4zr/e/HEGLKsL/aiO/2H7hYJ2w7ZwQTPXTBHzGe DFh3YcO0D1v6bxGG9pOCV9yMdbsS4vbFrUlZIAfPRTp+vcK6uw== X-Google-Smtp-Source: AGHT+IGPYEMQDusyxY6tNSYuVqKlK3ZwAFpYGG2Q/Izp0mfqRicGsztk7AMTc7ImbY0Y8yqSrTjZcZaIUgZe X-Received: by 2002:a05:6a20:7291:b0:157:b453:dbb9 with SMTP id o17-20020a056a20729100b00157b453dbb9mr28246373pzk.6.1697178445733; Thu, 12 Oct 2023 23:27:25 -0700 (PDT) Received: from postal.iol.unh.edu (postal.iol.unh.edu. [132.177.123.84]) by smtp-relay.gmail.com with ESMTPS id h6-20020a170902748600b001bbc690e283sm155940pll.123.2023.10.12.23.27.25 (version=TLS1_2 cipher=ECDHE-ECDSA-AES128-GCM-SHA256 bits=128/128); Thu, 12 Oct 2023 23:27:25 -0700 (PDT) X-Relaying-Domain: iol.unh.edu Date: Thu, 12 Oct 2023 23:27:25 -0700 (PDT) Message-ID: <6528e34d.170a0220.b1674.664aSMTPIN_ADDED_MISSING@mx.google.com> Received: from [172.21.0.2] (unknown [172.18.0.240]) by postal.iol.unh.edu (Postfix) with ESMTP id C20D0605C351; Fri, 13 Oct 2023 02:27:22 -0400 (EDT) Subject: |FAILURE| [GIT MASTER] 7849366693a2a2cbc5279a6bfd39cbb457fe7c96 From: dpdklab@iol.unh.edu To: Test Report Cc: dpdk-test-reports@iol.unh.edu, Xueming Li , Christian Ehrhardt , Kevin Traynor , Luca Boccassi Content-Type: text/plain X-BeenThere: test-report@dpdk.org X-Mailman-Version: 2.1.29 Precedence: list List-Id: automatic DPDK test reports List-Unsubscribe: , List-Archive: List-Post: List-Help: List-Subscribe: , Errors-To: test-report-bounces@dpdk.org _Testing issues_ Branch: tags/v22.11 7849366693a2a2cbc5279a6bfd39cbb457fe7c96 --> testing fail Test environment and result as below: +---------------------+----------------+ | Environment | dpdk_unit_test | +=====================+================+ | Windows Server 2019 | FAIL | +---------------------+----------------+ | CentOS Stream 8 | PASS | +---------------------+----------------+ | CentOS Stream 9 | PASS | +---------------------+----------------+ ==== 20 line log output for Windows Server 2019 (dpdk_unit_test): ==== 85/93 DPDK:fast-tests / power_autotest SKIP 0.11s exit status 77 86/93 DPDK:fast-tests / power_kvm_vm_autotest SKIP 0.12s exit status 77 87/93 DPDK:fast-tests / power_intel_uncore_autotest SKIP 0.11s exit status 77 88/93 DPDK:fast-tests / reorder_autotest SKIP 0.11s exit status 77 89/93 DPDK:fast-tests / service_autotest OK 3.76s 90/93 DPDK:fast-tests / thash_autotest OK 0.12s 91/93 DPDK:fast-tests / threads_autotest OK 0.78s 92/93 DPDK:fast-tests / trace_autotest SKIP 0.12s exit status 77 93/93 DPDK:fast-tests / metrics_autotest OK 0.11s Ok: 49 Expected Fail: 0 Fail: 1 Unexpected Pass: 0 Skipped: 43 Timeout: 0 Full log written to C:\Users\builder\jenkins\workspace\Generic-VM-Unit-Test-DPDK\dpdk\build\meson-logs\testlog.txt ==== End log output ==== Windows Server 2019 Kernel: 10.0 Compiler: clang 14.0 and gcc 8.1.0 (MinGW) CentOS Stream 8 Kernel: 4.18.0-240.10.1.el8_3.x86_64 Compiler: gcc 8.4.1 20200928 CentOS Stream 9 Kernel: 4.18.0-240.10.1.el8_3.x86_64 Compiler: gcc 11.3.1 20220421 To view detailed results, visit: https://lab.dpdk.org/results/dashboard/tarballs/26459/ UNH-IOL DPDK Community Lab To manage your email subscriptions, visit: https://lab.dpdk.org/results/dashboard/preferences/subscriptions/