From mboxrd@z Thu Jan 1 00:00:00 1970 Return-Path: Received: from mails.dpdk.org (mails.dpdk.org [217.70.189.124]) by inbox.dpdk.org (Postfix) with ESMTP id 2E4A943168 for ; Sun, 15 Oct 2023 08:42:53 +0200 (CEST) Received: from mails.dpdk.org (localhost [127.0.0.1]) by mails.dpdk.org (Postfix) with ESMTP id 03D4940281; Sun, 15 Oct 2023 08:42:53 +0200 (CEST) Received: from mail-yb1-f226.google.com (mail-yb1-f226.google.com [209.85.219.226]) by mails.dpdk.org (Postfix) with ESMTP id D88AB40281 for ; Sun, 15 Oct 2023 08:42:51 +0200 (CEST) Received: by mail-yb1-f226.google.com with SMTP id 3f1490d57ef6-d9ac45092e7so3777482276.2 for ; Sat, 14 Oct 2023 23:42:51 -0700 (PDT) DKIM-Signature: v=1; a=rsa-sha256; c=relaxed/relaxed; d=iol.unh.edu; s=unh-iol; t=1697352171; x=1697956971; darn=dpdk.org; h=cc:to:from:subject:message-id:date:from:to:cc:subject:date :message-id:reply-to; bh=vtIY3eHJedAo/xJMja8EC1xyfdY+RG8tcCUgxC1K/sY=; b=M/lN9egG+t395ZL5+WbmqN2ou1qkJxZdA0XAFQQerjWeBReZqsNfcNS/hShXSWVzac rH2HjAv/jIgaAfvteMGBjbfBkZdK9Jzt9OcMSbULVIV6twpczOys6HzhIaR3f5b2sZmV Rh/wenQ6792mlbSEm9B6WlUVJsC595S1u3OQE= X-Google-DKIM-Signature: v=1; a=rsa-sha256; c=relaxed/relaxed; d=1e100.net; s=20230601; t=1697352171; x=1697956971; h=cc:to:from:subject:message-id:date:x-gm-message-state:from:to:cc :subject:date:message-id:reply-to; bh=vtIY3eHJedAo/xJMja8EC1xyfdY+RG8tcCUgxC1K/sY=; b=ePHJ/IIMglsXpd4tnpAq30oVIgC89XtPAZEO5PNc3NOCoV2K5Y1xxr75tqRFJVJaKd LFYxsf6WiQUvt8ZV2P+PzE8Djaz7dpYcRasmRnmoSs2DzSuNoiOE88O3v0iMm6+qw7IQ /aV5WIu//RSbe5i+rU28H+CnywBNLBbCtkQt1zJbj1qWekZt0As4hOJ4I0OepG6RFiYo P4E+sz2vDp8WKsFXclYSLRiwGTwjI2J7wM7SkJBTEsfXZJvqriZylh1ZXynuzLgPQwH+ jbDWj3gjZQJQKpScY1mO4AHaDVEvz8kJkTeCCJRN70kn0rnznprrvVjNx0612I7B5PY9 A8DA== X-Gm-Message-State: AOJu0Yxv69tUMyin/dGjgwzT/PoMKubzUg0jW+/Ej6rpHkEBU4BatIqa lx6+4Kla0QGP6J83eO0G/GzYsZmSno4Ra/IwrS/FY46EcBYOTsc8gWOysmY2bLh7mQ== X-Google-Smtp-Source: AGHT+IE4wIomFcwSSzs257PrhQSzFldMtL2hKq3xZGVeSvb0LVtcSA47ty9jVGfar4wJmIFYb/elBa/e328i X-Received: by 2002:a0d:e64a:0:b0:5a7:da0d:e4ee with SMTP id p71-20020a0de64a000000b005a7da0de4eemr13853526ywe.16.1697352171210; Sat, 14 Oct 2023 23:42:51 -0700 (PDT) Received: from postal.iol.unh.edu (postal.iol.unh.edu. [2606:4100:3880:1234::84]) by smtp-relay.gmail.com with ESMTPS id z127-20020a0dd785000000b0059f7caff2d7sm232283ywd.2.2023.10.14.23.42.51 (version=TLS1_2 cipher=ECDHE-ECDSA-AES128-GCM-SHA256 bits=128/128); Sat, 14 Oct 2023 23:42:51 -0700 (PDT) X-Relaying-Domain: iol.unh.edu Date: Sat, 14 Oct 2023 23:42:51 -0700 (PDT) Message-ID: <652b89eb.0d0a0220.e504.2b04SMTPIN_ADDED_MISSING@mx.google.com> Received: from [172.21.0.2] (unknown [172.18.0.240]) by postal.iol.unh.edu (Postfix) with ESMTP id CF1FA6052514; Sun, 15 Oct 2023 02:42:50 -0400 (EDT) Subject: |FAILURE| [GIT MASTER] 7849366693a2a2cbc5279a6bfd39cbb457fe7c96 From: dpdklab@iol.unh.edu To: Test Report Cc: dpdk-test-reports@iol.unh.edu, Xueming Li , Christian Ehrhardt , Kevin Traynor , Luca Boccassi Content-Type: text/plain X-BeenThere: test-report@dpdk.org X-Mailman-Version: 2.1.29 Precedence: list List-Id: automatic DPDK test reports List-Unsubscribe: , List-Archive: List-Post: List-Help: List-Subscribe: , Errors-To: test-report-bounces@dpdk.org _Testing issues_ Branch: tags/v22.11 7849366693a2a2cbc5279a6bfd39cbb457fe7c96 --> testing fail Test environment and result as below: +---------------------+----------------+ | Environment | dpdk_unit_test | +=====================+================+ | Windows Server 2019 | FAIL | +---------------------+----------------+ | Fedora 38 | PASS | +---------------------+----------------+ | CentOS Stream 8 | PASS | +---------------------+----------------+ | Debian Bullseye | PASS | +---------------------+----------------+ | CentOS Stream 9 | PASS | +---------------------+----------------+ | openSUSE Leap 15 | PASS | +---------------------+----------------+ | Ubuntu 22.04 | PASS | +---------------------+----------------+ | Ubuntu 20.04 | PASS | +---------------------+----------------+ | Debian Buster | PASS | +---------------------+----------------+ | RHEL 7 | PASS | +---------------------+----------------+ | Fedora 37 | PASS | +---------------------+----------------+ | RHEL8 | PASS | +---------------------+----------------+ ==== 20 line log output for Windows Server 2019 (dpdk_unit_test): ==== 85/93 DPDK:fast-tests / power_autotest SKIP 0.15s exit status 77 86/93 DPDK:fast-tests / power_kvm_vm_autotest SKIP 0.11s exit status 77 87/93 DPDK:fast-tests / power_intel_uncore_autotest SKIP 0.11s exit status 77 88/93 DPDK:fast-tests / reorder_autotest SKIP 0.11s exit status 77 89/93 DPDK:fast-tests / service_autotest OK 4.08s 90/93 DPDK:fast-tests / thash_autotest OK 0.12s 91/93 DPDK:fast-tests / threads_autotest OK 0.74s 92/93 DPDK:fast-tests / trace_autotest SKIP 0.11s exit status 77 93/93 DPDK:fast-tests / metrics_autotest OK 0.17s Ok: 49 Expected Fail: 0 Fail: 1 Unexpected Pass: 0 Skipped: 43 Timeout: 0 Full log written to C:\Users\builder\jenkins\workspace\Generic-VM-Unit-Test-DPDK\dpdk\build\meson-logs\testlog.txt ==== End log output ==== Windows Server 2019 Kernel: 10.0 Compiler: clang 14.0 and gcc 8.1.0 (MinGW) Fedora 38 Kernel: Depends on container host Compiler: gcc 13.1.1 CentOS Stream 8 Kernel: 4.18.0-240.10.1.el8_3.x86_64 Compiler: gcc 8.4.1 20200928 Debian Bullseye Kernel: 5.4.0-122-generic Compiler: gcc 10.2.1-6 CentOS Stream 9 Kernel: 4.18.0-240.10.1.el8_3.x86_64 Compiler: gcc 11.3.1 20220421 openSUSE Leap 15 Kernel: 4.18.0-240.10.1.el8_3.x86_64 Compiler: gcc 7.5.0 Ubuntu 22.04 Kernel: 4.18.0-240.10.1.el8_3.x86_64 Compiler: gcc 11.3.0 Ubuntu 20.04 Kernel: 5.4.0-153-generic Compiler: gcc 9.4.0-1ubuntu1~20.04.1 Debian Buster Kernel: 5.4.0-122-generic Compiler: gcc 8.3.0-6 RHEL 7 Kernel: 4.18.0-240.10.1.el8_3.x86_64 Compiler: gcc 4.8.5 20150623 (Red Hat 4.8.5-44) Fedora 37 Kernel: Depends on container host system Compiler: gcc 12.3.1 RHEL8 Kernel: 4.18.0-240.10.1.el8_3.x86_64 Compiler: gcc 8.3.1 20191121 (Red Hat 8.3.1-5) To view detailed results, visit: https://lab.dpdk.org/results/dashboard/tarballs/26478/ UNH-IOL DPDK Community Lab To manage your email subscriptions, visit: https://lab.dpdk.org/results/dashboard/preferences/subscriptions/