From mboxrd@z Thu Jan 1 00:00:00 1970 Return-Path: Received: from mails.dpdk.org (mails.dpdk.org [217.70.189.124]) by inbox.dpdk.org (Postfix) with ESMTP id 85CDF43188 for ; Tue, 17 Oct 2023 09:03:00 +0200 (CEST) Received: from mails.dpdk.org (localhost [127.0.0.1]) by mails.dpdk.org (Postfix) with ESMTP id 6F8B140279; Tue, 17 Oct 2023 09:03:00 +0200 (CEST) Received: from mail-il1-f228.google.com (mail-il1-f228.google.com [209.85.166.228]) by mails.dpdk.org (Postfix) with ESMTP id 8E3CB40279 for ; Tue, 17 Oct 2023 09:02:58 +0200 (CEST) Received: by mail-il1-f228.google.com with SMTP id e9e14a558f8ab-35749556444so15848845ab.1 for ; Tue, 17 Oct 2023 00:02:58 -0700 (PDT) DKIM-Signature: v=1; a=rsa-sha256; c=relaxed/relaxed; d=iol.unh.edu; s=unh-iol; t=1697526178; x=1698130978; darn=dpdk.org; h=cc:to:from:subject:message-id:date:from:to:cc:subject:date :message-id:reply-to; bh=t+og3XMsGRQ6JlBPEnTRXhcWfwfv04BYik2QfvcULlo=; b=K2QxMraZWa/BBLy7u66hCzK41BeVNDs9rlj66a+5WHb3ocrt+tumNsvokWbGi0OeqJ 6rMIgO9r3f32miOoRkD1Ol+dk4PSpuQbqZoapoyFz5ZvUd8Wg/cGFvJQkuljDlILGOf5 WeY8HFpk0g/IhI8fHTzfG6/8SfSNyG0iwMIso= X-Google-DKIM-Signature: v=1; a=rsa-sha256; c=relaxed/relaxed; d=1e100.net; s=20230601; t=1697526178; x=1698130978; h=cc:to:from:subject:message-id:date:x-gm-message-state:from:to:cc :subject:date:message-id:reply-to; bh=t+og3XMsGRQ6JlBPEnTRXhcWfwfv04BYik2QfvcULlo=; b=kJyFA8qoL1lR5y+EAZFaHxH5wZFbt2e0E3G5ihilH5o5RGDIoMQvqA7Kr4IktdVbQw 5JHHe5FN+84JTxeNxJySeLSQEIn9gWC8gG3GbcB47+fEgERP2zPGJPZ/ocqH5sTIeBiy zB9wZ91eGXjyKHgktqKbkKG3I1l97LndTYuO0gPuQ4cJn/zNpac0weqHvBSiwwm1vncq 9wzBP9E+C3LneEI8Gh4vsGAGijrJMy4Luz6ijn11yj0dTb3Cuxk7Oe9M8OHn2+5cY/DP VeJrPwVOj1ZOvN4+7wzrImY2EwO74Ai7Mx5hPM5wdTi7sfFUYMVPyCMURWzqvOM9q+EZ K5WA== X-Gm-Message-State: AOJu0YwLthcsc2g9BHv89SCyA3vX/mA7PBDwLUXWMGGVMM7/DY9yQjwX MC7NBjbgxLrOFospGqq6Nv0BMTMlsFDOmNd6sBT8F3APwRLnVeh07qWWETjsrSXVDg== X-Google-Smtp-Source: AGHT+IGXFLHJBjQCtAKbE742nPAyrmv6mUXQTNZ7pi1X1mbHQCne62n0ZUDpScR47bvnP2/6b0P0wjjyFJR0 X-Received: by 2002:a05:6e02:4cd:b0:352:a16b:7c0d with SMTP id f13-20020a056e0204cd00b00352a16b7c0dmr1024197ils.14.1697526177939; Tue, 17 Oct 2023 00:02:57 -0700 (PDT) Received: from postal.iol.unh.edu (postal.iol.unh.edu. [2606:4100:3880:1234::84]) by smtp-relay.gmail.com with ESMTPS id ep25-20020a0566384e1900b0045a2a09fc00sm110469jab.28.2023.10.17.00.02.57 (version=TLS1_2 cipher=ECDHE-ECDSA-AES128-GCM-SHA256 bits=128/128); Tue, 17 Oct 2023 00:02:57 -0700 (PDT) X-Relaying-Domain: iol.unh.edu Date: Tue, 17 Oct 2023 00:02:57 -0700 (PDT) Message-ID: <652e31a1.050a0220.ad52e.24fbSMTPIN_ADDED_MISSING@mx.google.com> Received: from [172.21.0.2] (unknown [172.18.0.240]) by postal.iol.unh.edu (Postfix) with ESMTP id 811946029EE4; Tue, 17 Oct 2023 03:02:57 -0400 (EDT) Subject: |FAILURE| [GIT MASTER] 7849366693a2a2cbc5279a6bfd39cbb457fe7c96 From: dpdklab@iol.unh.edu To: Test Report Cc: dpdk-test-reports@iol.unh.edu, Xueming Li , Christian Ehrhardt , Kevin Traynor , Luca Boccassi Content-Type: text/plain X-BeenThere: test-report@dpdk.org X-Mailman-Version: 2.1.29 Precedence: list List-Id: automatic DPDK test reports List-Unsubscribe: , List-Archive: List-Post: List-Help: List-Subscribe: , Errors-To: test-report-bounces@dpdk.org _Testing issues_ Branch: tags/v22.11 7849366693a2a2cbc5279a6bfd39cbb457fe7c96 --> testing fail Test environment and result as below: +---------------------+----------------+ | Environment | dpdk_unit_test | +=====================+================+ | Windows Server 2019 | FAIL | +---------------------+----------------+ | CentOS Stream 9 | PASS | +---------------------+----------------+ | Debian Bullseye | PASS | +---------------------+----------------+ | Debian Buster | PASS | +---------------------+----------------+ | RHEL 7 | PASS | +---------------------+----------------+ | Fedora 37 | PASS | +---------------------+----------------+ | Fedora 38 | PASS | +---------------------+----------------+ | CentOS Stream 8 | PASS | +---------------------+----------------+ | Ubuntu 20.04 | PASS | +---------------------+----------------+ | openSUSE Leap 15 | PASS | +---------------------+----------------+ ==== 20 line log output for Windows Server 2019 (dpdk_unit_test): ==== 85/93 DPDK:fast-tests / power_autotest SKIP 0.15s exit status 77 86/93 DPDK:fast-tests / power_kvm_vm_autotest SKIP 0.12s exit status 77 87/93 DPDK:fast-tests / power_intel_uncore_autotest SKIP 0.16s exit status 77 88/93 DPDK:fast-tests / reorder_autotest SKIP 0.12s exit status 77 89/93 DPDK:fast-tests / service_autotest OK 4.03s 90/93 DPDK:fast-tests / thash_autotest OK 0.12s 91/93 DPDK:fast-tests / threads_autotest OK 0.60s 92/93 DPDK:fast-tests / trace_autotest SKIP 0.20s exit status 77 93/93 DPDK:fast-tests / metrics_autotest OK 0.11s Ok: 49 Expected Fail: 0 Fail: 1 Unexpected Pass: 0 Skipped: 43 Timeout: 0 Full log written to C:\Users\builder\jenkins\workspace\Generic-VM-Unit-Test-DPDK\dpdk\build\meson-logs\testlog.txt ==== End log output ==== Windows Server 2019 Kernel: 10.0 Compiler: clang 14.0 and gcc 8.1.0 (MinGW) CentOS Stream 9 Kernel: 4.18.0-240.10.1.el8_3.x86_64 Compiler: gcc 11.3.1 20220421 Debian Bullseye Kernel: 5.4.0-122-generic Compiler: gcc 10.2.1-6 Debian Buster Kernel: 5.4.0-122-generic Compiler: gcc 8.3.0-6 RHEL 7 Kernel: 4.18.0-240.10.1.el8_3.x86_64 Compiler: gcc 4.8.5 20150623 (Red Hat 4.8.5-44) Fedora 37 Kernel: Depends on container host system Compiler: gcc 12.3.1 Fedora 38 Kernel: Depends on container host Compiler: clang 16.0.3 CentOS Stream 8 Kernel: 4.18.0-240.10.1.el8_3.x86_64 Compiler: gcc 8.4.1 20200928 Ubuntu 20.04 Kernel: 5.4.0-153-generic Compiler: gcc 9.4.0-1ubuntu1~20.04.1 openSUSE Leap 15 Kernel: 4.18.0-240.10.1.el8_3.x86_64 Compiler: gcc 7.5.0 To view detailed results, visit: https://lab.dpdk.org/results/dashboard/tarballs/26506/ UNH-IOL DPDK Community Lab To manage your email subscriptions, visit: https://lab.dpdk.org/results/dashboard/preferences/subscriptions/