From mboxrd@z Thu Jan 1 00:00:00 1970 Return-Path: Received: from mails.dpdk.org (mails.dpdk.org [217.70.189.124]) by inbox.dpdk.org (Postfix) with ESMTP id 3405B431B7 for ; Fri, 20 Oct 2023 08:03:45 +0200 (CEST) Received: from mails.dpdk.org (localhost [127.0.0.1]) by mails.dpdk.org (Postfix) with ESMTP id 2F55F402B7; Fri, 20 Oct 2023 08:03:45 +0200 (CEST) Received: from mail-qv1-f97.google.com (mail-qv1-f97.google.com [209.85.219.97]) by mails.dpdk.org (Postfix) with ESMTP id C6311402B7 for ; Fri, 20 Oct 2023 08:03:43 +0200 (CEST) Received: by mail-qv1-f97.google.com with SMTP id 6a1803df08f44-66d09b6d007so3544266d6.1 for ; Thu, 19 Oct 2023 23:03:43 -0700 (PDT) DKIM-Signature: v=1; a=rsa-sha256; c=relaxed/relaxed; d=iol.unh.edu; s=unh-iol; t=1697781823; x=1698386623; darn=dpdk.org; h=cc:to:from:subject:message-id:date:from:to:cc:subject:date :message-id:reply-to; bh=rGaQjK4TigBpfhLN/cEUcZ4w7N3Q3qKlwV7dy8jSeBM=; b=AiwifP1BGPEMpUrL4mDczwFjCJmAOX8BsaNSJc7ncibzAuSvdHmTuv/6ZM9cq38qu1 Cg3IpNHXPzOsVxTXgcDy8sSBG9MUnTqSNjXlXh+2/myxyqo2O+EfYCMhDy6XCTy6KwJN gE46ExV//UG0ZsuyVt1TpaunUpavjoVBWcEAc= X-Google-DKIM-Signature: v=1; a=rsa-sha256; c=relaxed/relaxed; d=1e100.net; s=20230601; t=1697781823; x=1698386623; h=cc:to:from:subject:message-id:date:x-gm-message-state:from:to:cc :subject:date:message-id:reply-to; bh=rGaQjK4TigBpfhLN/cEUcZ4w7N3Q3qKlwV7dy8jSeBM=; b=xSxVWowr8pUEcwO+xECZJHs4ylXhEGW6N/oUhU2oLGvoHzZ5+Axlp31OwLixB5d/fY 3+mnJiqilMnlPtiJAVcQKzvt7G+JnxOwjrQ72E3Nu3kap1NfT1kJ3JMRnWZKlaawVlnf PeJ0rFgUwtLcsVUUkezx5SprRTtM8uzmdLmp6Ll8FPAEM4Po03oasl5ftS9m7fyJbyol Yz5zUFq1vYEyTB2Aw1qEeU80puH7Z71ONNdDWxMl/naAC7qrghVFJvG4owMF5jg0aBhe 6FRB4/bgUVDb6NTnP2Gj5FW5x0L/TWOTCljsYzfnDft2OGxylS+FiFtEczyuZz6KG9Ig 6Xtg== X-Gm-Message-State: AOJu0Yx3JiXTr5RcuU8up/9nKwQqjAQNgTYJ5dh9OIy1dgdLkzFoYNqo YPBBiIyOnc6ifx99ukXWA+f69qDAnDAWVjYjq6IBUhsdQCLOmA== X-Google-Smtp-Source: AGHT+IHK7tjlthCvVzfEjoFF9yJQZatSbzbf/IsYOHhJOjtkd97KGkG2bvjz1/DJuUId1HyKQfNdTAKOMzi0 X-Received: by 2002:a0c:ed21:0:b0:66d:1b62:5c22 with SMTP id u1-20020a0ced21000000b0066d1b625c22mr787528qvq.0.1697781823275; Thu, 19 Oct 2023 23:03:43 -0700 (PDT) Received: from postal.iol.unh.edu (postal.iol.unh.edu. [132.177.123.84]) by smtp-relay.gmail.com with ESMTPS id d27-20020a0cb2db000000b0066d502e2015sm111895qvf.78.2023.10.19.23.03.43 (version=TLS1_2 cipher=ECDHE-ECDSA-AES128-GCM-SHA256 bits=128/128); Thu, 19 Oct 2023 23:03:43 -0700 (PDT) X-Relaying-Domain: iol.unh.edu Date: Thu, 19 Oct 2023 23:03:43 -0700 (PDT) Message-ID: <6532183f.0c0a0220.9a87f.3c3eSMTPIN_ADDED_MISSING@mx.google.com> Received: from [172.21.0.2] (unknown [172.18.0.240]) by postal.iol.unh.edu (Postfix) with ESMTP id F1958602A042; Fri, 20 Oct 2023 02:03:42 -0400 (EDT) Subject: |FAILURE| [GIT MASTER] 7849366693a2a2cbc5279a6bfd39cbb457fe7c96 From: dpdklab@iol.unh.edu To: Test Report Cc: dpdk-test-reports@iol.unh.edu, Xueming Li , Christian Ehrhardt , Kevin Traynor , Luca Boccassi Content-Type: text/plain X-BeenThere: test-report@dpdk.org X-Mailman-Version: 2.1.29 Precedence: list List-Id: automatic DPDK test reports List-Unsubscribe: , List-Archive: List-Post: List-Help: List-Subscribe: , Errors-To: test-report-bounces@dpdk.org _Testing issues_ Branch: tags/v22.11 7849366693a2a2cbc5279a6bfd39cbb457fe7c96 --> testing fail Test environment and result as below: +---------------------+----------------+ | Environment | dpdk_unit_test | +=====================+================+ | Windows Server 2019 | FAIL | +---------------------+----------------+ | Debian Bullseye | PASS | +---------------------+----------------+ | Fedora 37 | PASS | +---------------------+----------------+ | Debian Buster | PASS | +---------------------+----------------+ | Ubuntu 22.04 | PASS | +---------------------+----------------+ | CentOS Stream 9 | PASS | +---------------------+----------------+ | CentOS Stream 8 | PASS | +---------------------+----------------+ | Ubuntu 20.04 | PASS | +---------------------+----------------+ ==== 20 line log output for Windows Server 2019 (dpdk_unit_test): ==== 85/93 DPDK:fast-tests / power_autotest SKIP 0.11s exit status 77 86/93 DPDK:fast-tests / power_kvm_vm_autotest SKIP 0.11s exit status 77 87/93 DPDK:fast-tests / power_intel_uncore_autotest SKIP 0.11s exit status 77 88/93 DPDK:fast-tests / reorder_autotest SKIP 0.12s exit status 77 89/93 DPDK:fast-tests / service_autotest OK 3.65s 90/93 DPDK:fast-tests / thash_autotest OK 0.12s 91/93 DPDK:fast-tests / threads_autotest OK 0.68s 92/93 DPDK:fast-tests / trace_autotest SKIP 0.21s exit status 77 93/93 DPDK:fast-tests / metrics_autotest OK 0.11s Ok: 49 Expected Fail: 0 Fail: 1 Unexpected Pass: 0 Skipped: 43 Timeout: 0 Full log written to C:\Users\builder\jenkins\workspace\Generic-VM-Unit-Test-DPDK\dpdk\build\meson-logs\testlog.txt ==== End log output ==== Windows Server 2019 Kernel: 10.0 Compiler: clang 14.0 and gcc 8.1.0 (MinGW) Debian Bullseye Kernel: 5.4.0-122-generic Compiler: gcc 10.2.1-6 Fedora 37 Kernel: Depends on container host system Compiler: gcc 12.3.1 Debian Buster Kernel: 5.4.0-122-generic Compiler: gcc 8.3.0-6 Ubuntu 22.04 Kernel: 4.18.0-240.10.1.el8_3.x86_64 Compiler: gcc 11.3.0 CentOS Stream 9 Kernel: 4.18.0-240.10.1.el8_3.x86_64 Compiler: gcc 11.3.1 20220421 CentOS Stream 8 Kernel: 4.18.0-240.10.1.el8_3.x86_64 Compiler: gcc 8.4.1 20200928 Ubuntu 20.04 Kernel: 5.4.0-153-generic Compiler: gcc 9.4.0-1ubuntu1~20.04.1 To view detailed results, visit: https://lab.dpdk.org/results/dashboard/tarballs/26575/ UNH-IOL DPDK Community Lab To manage your email subscriptions, visit: https://lab.dpdk.org/results/dashboard/preferences/subscriptions/