From mboxrd@z Thu Jan 1 00:00:00 1970 Return-Path: Received: from mails.dpdk.org (mails.dpdk.org [217.70.189.124]) by inbox.dpdk.org (Postfix) with ESMTP id EDD4E431B8 for ; Fri, 20 Oct 2023 08:21:50 +0200 (CEST) Received: from mails.dpdk.org (localhost [127.0.0.1]) by mails.dpdk.org (Postfix) with ESMTP id CA475402B7; Fri, 20 Oct 2023 08:21:50 +0200 (CEST) Received: from mail-il1-f227.google.com (mail-il1-f227.google.com [209.85.166.227]) by mails.dpdk.org (Postfix) with ESMTP id CF753402B7 for ; Fri, 20 Oct 2023 08:21:49 +0200 (CEST) Received: by mail-il1-f227.google.com with SMTP id e9e14a558f8ab-352a1a0348fso1482775ab.1 for ; Thu, 19 Oct 2023 23:21:49 -0700 (PDT) DKIM-Signature: v=1; a=rsa-sha256; c=relaxed/relaxed; d=iol.unh.edu; s=unh-iol; t=1697782909; x=1698387709; darn=dpdk.org; h=cc:to:from:subject:message-id:date:from:to:cc:subject:date :message-id:reply-to; bh=kpMpoDLcKVIvZgg8ia9gNYHwEEnxub5vMTjC3ptUDSk=; b=h1JE7Ubejm1wDvuFNVw03sBVjw681rT9hHto7HGWGgzFfHLqqx4XOIv9ONxcRrBk/W bNFNnOPkbLMUJN9DL276SzIFkN9CKAiS9BjhE5Vzxe6cokn34FBXHHm+Jdij1NCeCvEm y8aBso1J6/ICNBrFyO3p5WTbNn0peKR38e2Ik= X-Google-DKIM-Signature: v=1; a=rsa-sha256; c=relaxed/relaxed; d=1e100.net; s=20230601; t=1697782909; x=1698387709; h=cc:to:from:subject:message-id:date:x-gm-message-state:from:to:cc :subject:date:message-id:reply-to; bh=kpMpoDLcKVIvZgg8ia9gNYHwEEnxub5vMTjC3ptUDSk=; b=oCXZpFXlCGTyHkwIO2PD2huHZdkyYOFRxIhUl/MH+eDtiebRSRMpwrMrnsCAmN8JAu C9wxpmIyUckdBIa0LphMnrmd/HsmoDCiesym0meScDM2Z98lsG/2kPIfvoOdMBzsv7dV YMELQ80oSxLZda0Q9GbgE6mdSKNZ9FMvWkS309TCqktMxtb1R6wc4YecLh8gQY6EYHD5 3hmXHgmqScVg3tPPgbSvXfkfmxFYpknd2oDWeaMisVD1ZEYqZjUsxQrE48k5cgmlknQ8 ScRYKvGhjNPG116yXbQYWHCGADBp654FnqRAKZm4+gnr0Xj2JDnwwRuL1WJRuRwl4dPd G2UA== X-Gm-Message-State: AOJu0Yws8JRQfOnqdYg6aHzXIl+n79Trb74uPrzaHESzIAfw9FkFGZi9 4jXIhujHlcBUZo1hh1f25LpN/DV0YYYti3AfJXfxJhZ+4CNgszl7b0xTfzHWd0Nmtg== X-Google-Smtp-Source: AGHT+IHVw9PaPy9HZsyV+dZ8n+78JfCiihuybAn1Mns9IJVLe1XfIG3y+z/KjBKZKizI4oajGglIhbyk2xxg X-Received: by 2002:a05:6e02:1d8d:b0:357:7cca:418d with SMTP id h13-20020a056e021d8d00b003577cca418dmr1406578ila.14.1697782909184; Thu, 19 Oct 2023 23:21:49 -0700 (PDT) Received: from postal.iol.unh.edu (postal.iol.unh.edu. [2606:4100:3880:1234::84]) by smtp-relay.gmail.com with ESMTPS id r6-20020a056e0219c600b00357a3554f3fsm124899ill.23.2023.10.19.23.21.49 (version=TLS1_2 cipher=ECDHE-ECDSA-AES128-GCM-SHA256 bits=128/128); Thu, 19 Oct 2023 23:21:49 -0700 (PDT) X-Relaying-Domain: iol.unh.edu Date: Thu, 19 Oct 2023 23:21:49 -0700 (PDT) Message-ID: <65321c7d.050a0220.b4dad.3730SMTPIN_ADDED_MISSING@mx.google.com> Received: from [172.21.0.2] (unknown [172.18.0.240]) by postal.iol.unh.edu (Postfix) with ESMTP id 4EEBE602A042; Fri, 20 Oct 2023 02:21:48 -0400 (EDT) Subject: |FAILURE| [GIT MASTER] 7849366693a2a2cbc5279a6bfd39cbb457fe7c96 From: dpdklab@iol.unh.edu To: Test Report Cc: dpdk-test-reports@iol.unh.edu, Xueming Li , Christian Ehrhardt , Kevin Traynor , Luca Boccassi Content-Type: text/plain X-BeenThere: test-report@dpdk.org X-Mailman-Version: 2.1.29 Precedence: list List-Id: automatic DPDK test reports List-Unsubscribe: , List-Archive: List-Post: List-Help: List-Subscribe: , Errors-To: test-report-bounces@dpdk.org _Testing issues_ Branch: tags/v22.11 7849366693a2a2cbc5279a6bfd39cbb457fe7c96 --> testing fail Test environment and result as below: +---------------------+----------------+ | Environment | dpdk_unit_test | +=====================+================+ | Windows Server 2019 | FAIL | +---------------------+----------------+ | Debian Bullseye | PASS | +---------------------+----------------+ | Fedora 37 | PASS | +---------------------+----------------+ | Debian Buster | PASS | +---------------------+----------------+ | Ubuntu 22.04 | PASS | +---------------------+----------------+ | CentOS Stream 9 | PASS | +---------------------+----------------+ | CentOS Stream 8 | PASS | +---------------------+----------------+ | Ubuntu 20.04 | PASS | +---------------------+----------------+ | Fedora 38 | PASS | +---------------------+----------------+ | RHEL 7 | PASS | +---------------------+----------------+ | openSUSE Leap 15 | PASS | +---------------------+----------------+ ==== 20 line log output for Windows Server 2019 (dpdk_unit_test): ==== 85/93 DPDK:fast-tests / power_autotest SKIP 0.11s exit status 77 86/93 DPDK:fast-tests / power_kvm_vm_autotest SKIP 0.11s exit status 77 87/93 DPDK:fast-tests / power_intel_uncore_autotest SKIP 0.11s exit status 77 88/93 DPDK:fast-tests / reorder_autotest SKIP 0.12s exit status 77 89/93 DPDK:fast-tests / service_autotest OK 3.65s 90/93 DPDK:fast-tests / thash_autotest OK 0.12s 91/93 DPDK:fast-tests / threads_autotest OK 0.68s 92/93 DPDK:fast-tests / trace_autotest SKIP 0.21s exit status 77 93/93 DPDK:fast-tests / metrics_autotest OK 0.11s Ok: 49 Expected Fail: 0 Fail: 1 Unexpected Pass: 0 Skipped: 43 Timeout: 0 Full log written to C:\Users\builder\jenkins\workspace\Generic-VM-Unit-Test-DPDK\dpdk\build\meson-logs\testlog.txt ==== End log output ==== Windows Server 2019 Kernel: 10.0 Compiler: clang 14.0 and gcc 8.1.0 (MinGW) Debian Bullseye Kernel: 5.4.0-122-generic Compiler: gcc 10.2.1-6 Fedora 37 Kernel: Depends on container host system Compiler: gcc 12.3.1 Debian Buster Kernel: 5.4.0-122-generic Compiler: gcc 8.3.0-6 Ubuntu 22.04 Kernel: 4.18.0-240.10.1.el8_3.x86_64 Compiler: gcc 11.3.0 CentOS Stream 9 Kernel: 4.18.0-240.10.1.el8_3.x86_64 Compiler: gcc 11.3.1 20220421 CentOS Stream 8 Kernel: 4.18.0-240.10.1.el8_3.x86_64 Compiler: gcc 8.4.1 20200928 Ubuntu 20.04 Kernel: 5.4.0-153-generic Compiler: gcc 9.4.0-1ubuntu1~20.04.1 Fedora 38 Kernel: Depends on container host Compiler: gcc 13.1.1 RHEL 7 Kernel: 4.18.0-240.10.1.el8_3.x86_64 Compiler: gcc 4.8.5 20150623 (Red Hat 4.8.5-44) openSUSE Leap 15 Kernel: 4.18.0-240.10.1.el8_3.x86_64 Compiler: gcc 7.5.0 To view detailed results, visit: https://lab.dpdk.org/results/dashboard/tarballs/26575/ UNH-IOL DPDK Community Lab To manage your email subscriptions, visit: https://lab.dpdk.org/results/dashboard/preferences/subscriptions/