From mboxrd@z Thu Jan 1 00:00:00 1970 Return-Path: Received: from mails.dpdk.org (mails.dpdk.org [217.70.189.124]) by inbox.dpdk.org (Postfix) with ESMTP id 948EA431C0 for ; Sat, 21 Oct 2023 07:44:41 +0200 (CEST) Received: from mails.dpdk.org (localhost [127.0.0.1]) by mails.dpdk.org (Postfix) with ESMTP id 70E564026F; Sat, 21 Oct 2023 07:44:41 +0200 (CEST) Received: from mail-oa1-f99.google.com (mail-oa1-f99.google.com [209.85.160.99]) by mails.dpdk.org (Postfix) with ESMTP id DB0E94026F for ; Sat, 21 Oct 2023 07:44:39 +0200 (CEST) Received: by mail-oa1-f99.google.com with SMTP id 586e51a60fabf-1dc9c2b2b79so959953fac.0 for ; Fri, 20 Oct 2023 22:44:39 -0700 (PDT) DKIM-Signature: v=1; a=rsa-sha256; c=relaxed/relaxed; d=iol.unh.edu; s=unh-iol; t=1697867079; x=1698471879; darn=dpdk.org; h=cc:to:from:subject:message-id:date:from:to:cc:subject:date :message-id:reply-to; bh=6EuYd1fGVnMz6z/9NV8YwiHSCGp5AZnotkjuAKiWV7A=; b=Gv5ltBzYJaak/rEW3OiAjnPOao3yF1Bq6j31Bd6tlxD+2NpMqy0KZr675LnXlqL5EQ YGcCubpfY8x5HuuicDbeKsk3Uenw5ezRe4GnwhfBNeZ9v5yoAVMNLeLwbyWvyCY5OPqC Sqd3K5ifBWCUNUjgdnhLlKzapgslD8F3vg58I= X-Google-DKIM-Signature: v=1; a=rsa-sha256; c=relaxed/relaxed; d=1e100.net; s=20230601; t=1697867079; x=1698471879; h=cc:to:from:subject:message-id:date:x-gm-message-state:from:to:cc :subject:date:message-id:reply-to; bh=6EuYd1fGVnMz6z/9NV8YwiHSCGp5AZnotkjuAKiWV7A=; b=XDaDPDqV6QxzJmfew/waHjFZWPj416nqU7W2mNNUju6xbdCWZRk/KYqcCtMtM70tma 3VQufsdEBLURk9yuAv0Ov+TCDc00G5zQzvKLhfrSrTF9Z06EJYGpWpH+ZSHpK7Gj0okE Acf51205iH2rikLQEXLE+e4yqnmi2TJ/Kg9LJ9N5+jM3V19304va08kQms53XAI/3f8t iTMoX4cFaoo53TCRZqDi47DFbbABJYREw01ZvNOC05lV1QQNUcb97nbUJyCsr3zVnfzo 83+NyvJ6Osq9qIww+R8n6MOaTGlyUs2MuyYtHuLGdnD7HfwN3suOgO1wcrvwY7NymSWc b4bA== X-Gm-Message-State: AOJu0Yy9dePBp4NiNGE82nNMEzNozH1IPqtiOKLBwcdTuuXbQYRHvsHP vDkhHIF1WEIiH33PT9w5xO6c/RmDUC8YKmwO7A8MKWvuV92hxw== X-Google-Smtp-Source: AGHT+IE2ae8eo4a3J4iW8zLT/n6q2sZoUDDu3zKnkt0ulOSpgzhw4c1kmTuorC8O7PDuYQa1+RDOWqi7Jwsn X-Received: by 2002:a05:6870:b10:b0:1e9:8e4f:30dd with SMTP id lh16-20020a0568700b1000b001e98e4f30ddmr4775870oab.6.1697867079077; Fri, 20 Oct 2023 22:44:39 -0700 (PDT) Received: from postal.iol.unh.edu (postal.iol.unh.edu. [132.177.123.84]) by smtp-relay.gmail.com with ESMTPS id e1-20020a056870944100b001e9b02b00e3sm297987oal.49.2023.10.20.22.44.38 (version=TLS1_2 cipher=ECDHE-ECDSA-AES128-GCM-SHA256 bits=128/128); Fri, 20 Oct 2023 22:44:39 -0700 (PDT) X-Relaying-Domain: iol.unh.edu Date: Fri, 20 Oct 2023 22:44:39 -0700 (PDT) Message-ID: <65336547.050a0220.8a821.9787SMTPIN_ADDED_MISSING@mx.google.com> Received: from [172.21.0.3] (unknown [172.18.0.240]) by postal.iol.unh.edu (Postfix) with ESMTP id 7B1A36050A61; Sat, 21 Oct 2023 01:44:38 -0400 (EDT) Subject: |FAILURE| [GIT MASTER] 7849366693a2a2cbc5279a6bfd39cbb457fe7c96 From: dpdklab@iol.unh.edu To: Test Report Cc: dpdk-test-reports@iol.unh.edu, Xueming Li , Christian Ehrhardt , Kevin Traynor , Luca Boccassi Content-Type: text/plain X-BeenThere: test-report@dpdk.org X-Mailman-Version: 2.1.29 Precedence: list List-Id: automatic DPDK test reports List-Unsubscribe: , List-Archive: List-Post: List-Help: List-Subscribe: , Errors-To: test-report-bounces@dpdk.org _Testing issues_ Branch: tags/v22.11 7849366693a2a2cbc5279a6bfd39cbb457fe7c96 --> testing fail Test environment and result as below: +---------------------+----------------+ | Environment | dpdk_unit_test | +=====================+================+ | Windows Server 2019 | FAIL | +---------------------+----------------+ | CentOS Stream 8 | PASS | +---------------------+----------------+ | CentOS Stream 9 | PASS | +---------------------+----------------+ | Debian Bullseye | PASS | +---------------------+----------------+ | Debian Buster | PASS | +---------------------+----------------+ | Fedora 37 | PASS | +---------------------+----------------+ | Fedora 38 | PASS | +---------------------+----------------+ | openSUSE Leap 15 | PASS | +---------------------+----------------+ | RHEL 7 | PASS | +---------------------+----------------+ | Ubuntu 20.04 | PASS | +---------------------+----------------+ ==== 20 line log output for Windows Server 2019 (dpdk_unit_test): ==== 85/93 DPDK:fast-tests / power_autotest SKIP 0.12s exit status 77 86/93 DPDK:fast-tests / power_kvm_vm_autotest SKIP 0.11s exit status 77 87/93 DPDK:fast-tests / power_intel_uncore_autotest SKIP 0.11s exit status 77 88/93 DPDK:fast-tests / reorder_autotest SKIP 0.11s exit status 77 89/93 DPDK:fast-tests / service_autotest OK 3.48s 90/93 DPDK:fast-tests / thash_autotest OK 0.11s 91/93 DPDK:fast-tests / threads_autotest OK 0.68s 92/93 DPDK:fast-tests / trace_autotest SKIP 0.11s exit status 77 93/93 DPDK:fast-tests / metrics_autotest OK 0.12s Ok: 49 Expected Fail: 0 Fail: 1 Unexpected Pass: 0 Skipped: 43 Timeout: 0 Full log written to C:\Users\builder\jenkins\workspace\Generic-VM-Unit-Test-DPDK\dpdk\build\meson-logs\testlog.txt ==== End log output ==== Windows Server 2019 Kernel: 10.0 Compiler: clang 14.0 and gcc 8.1.0 (MinGW) CentOS Stream 8 Kernel: 4.18.0-240.10.1.el8_3.x86_64 Compiler: gcc 8.4.1 20200928 CentOS Stream 9 Kernel: 4.18.0-240.10.1.el8_3.x86_64 Compiler: gcc 11.3.1 20220421 Debian Bullseye Kernel: 5.4.0-122-generic Compiler: gcc 10.2.1-6 Debian Buster Kernel: 5.4.0-122-generic Compiler: gcc 8.3.0-6 Fedora 37 Kernel: Depends on container host system Compiler: gcc 12.3.1 Fedora 38 Kernel: Depends on container host Compiler: clang 16.0.3 openSUSE Leap 15 Kernel: 4.18.0-240.10.1.el8_3.x86_64 Compiler: gcc 7.5.0 RHEL 7 Kernel: 4.18.0-240.10.1.el8_3.x86_64 Compiler: gcc 4.8.5 20150623 (Red Hat 4.8.5-44) Ubuntu 20.04 Kernel: 5.4.0-153-generic Compiler: gcc 9.4.0-1ubuntu1~20.04.1 To view detailed results, visit: https://lab.dpdk.org/results/dashboard/tarballs/26588/ UNH-IOL DPDK Community Lab To manage your email subscriptions, visit: https://lab.dpdk.org/results/dashboard/preferences/subscriptions/