From mboxrd@z Thu Jan 1 00:00:00 1970 Return-Path: Received: from mails.dpdk.org (mails.dpdk.org [217.70.189.124]) by inbox.dpdk.org (Postfix) with ESMTP id 4B07D43202 for ; Thu, 26 Oct 2023 07:38:03 +0200 (CEST) Received: from mails.dpdk.org (localhost [127.0.0.1]) by mails.dpdk.org (Postfix) with ESMTP id 463D54029A; Thu, 26 Oct 2023 07:38:03 +0200 (CEST) Received: from mail-yb1-f228.google.com (mail-yb1-f228.google.com [209.85.219.228]) by mails.dpdk.org (Postfix) with ESMTP id B88B34029A for ; Thu, 26 Oct 2023 07:37:30 +0200 (CEST) Received: by mail-yb1-f228.google.com with SMTP id 3f1490d57ef6-d865854ef96so359516276.2 for ; Wed, 25 Oct 2023 22:37:30 -0700 (PDT) DKIM-Signature: v=1; a=rsa-sha256; c=relaxed/relaxed; d=iol.unh.edu; s=unh-iol; t=1698298650; x=1698903450; darn=dpdk.org; h=cc:to:from:subject:message-id:date:from:to:cc:subject:date :message-id:reply-to; bh=IDdnedeVrSHZBZnmQ5QeZsvn4xUUQn7M3BOPcYxw0mo=; b=PuteHEatTh8Oj4aaZkJi5CFk2vQj4bSXdeBc8pNW1zAQf1g2bgDRna/arf+LWPd5+m KWbP2r6fvnWDoc556q8HFX9IntTkVrq6Ev8qMHRLLwTCZqnPuqN79cT//qzBcygGq1HP kuQ161DPW1Hywy3jc0N8mGIXJ04AWlWn36pec= X-Google-DKIM-Signature: v=1; a=rsa-sha256; c=relaxed/relaxed; d=1e100.net; s=20230601; t=1698298650; x=1698903450; h=cc:to:from:subject:message-id:date:x-gm-message-state:from:to:cc :subject:date:message-id:reply-to; bh=IDdnedeVrSHZBZnmQ5QeZsvn4xUUQn7M3BOPcYxw0mo=; b=Xwk1XMn4q7cgeA0QsfpVIi3KILndWbCQbMbPnMLsoZQNjNrIP5Z3ZXgwpQH9sTA+In z2BS7g01o+8GwzqeVwYRdRr0XRc6f1bplvDrfE51Z2rf8y7Eu36QHyhDX7GS3LyFDPbg bUPwtKjYSxdAomqcrXr31Do9X/g5hzLoWBb+N4tab8wTQyX8V4zfwNky4b1zuBJC0Laj mC6jEryjXEt7zpSP0xMUEdDCX8RG1lNxQ3xnzuYGkQTko5sMZbqBtXkVAgk+Mzalbrlh nudEzh5/IJLUAOfyLwrTujRY/ifkel5+8cruj8fv4v7KUstY/TVVCfe3FB+glUko/1AL KMzw== X-Gm-Message-State: AOJu0YxYUKHrk0Jec61YNzSajIpEhYh5nnKVQ5qAmGqvyPFjlGD1spRm Y9Tznut/VZPiqMJnFsp1dlKS7kOXPswcJXxB3YB6w0f03pDjhA== X-Google-Smtp-Source: AGHT+IF6F3+oKjeHRvrw6zfm33GHiCzOA6jstvw+jZ1n8T4d5EkvovG+xqf6wCj2MdjT0wQ/FbxLoWHapO2J X-Received: by 2002:a81:a090:0:b0:5a7:baac:7b34 with SMTP id x138-20020a81a090000000b005a7baac7b34mr17679668ywg.28.1698298650147; Wed, 25 Oct 2023 22:37:30 -0700 (PDT) Received: from postal.iol.unh.edu (postal.iol.unh.edu. [132.177.123.84]) by smtp-relay.gmail.com with ESMTPS id l71-20020a0de24a000000b005a7c92d7745sm1540971ywe.13.2023.10.25.22.37.30 (version=TLS1_2 cipher=ECDHE-ECDSA-AES128-GCM-SHA256 bits=128/128); Wed, 25 Oct 2023 22:37:30 -0700 (PDT) X-Relaying-Domain: iol.unh.edu Date: Wed, 25 Oct 2023 22:37:30 -0700 (PDT) Message-ID: <6539fb1a.0d0a0220.e59a9.e0c9SMTPIN_ADDED_MISSING@mx.google.com> Received: from [172.21.0.4] (unknown [172.18.0.240]) by postal.iol.unh.edu (Postfix) with ESMTP id 752FF602A042; Thu, 26 Oct 2023 01:37:29 -0400 (EDT) Subject: |FAILURE| [GIT MASTER] 7849366693a2a2cbc5279a6bfd39cbb457fe7c96 From: dpdklab@iol.unh.edu To: Test Report Cc: dpdk-test-reports@iol.unh.edu, Xueming Li , Christian Ehrhardt , Kevin Traynor , Luca Boccassi Content-Type: text/plain X-BeenThere: test-report@dpdk.org X-Mailman-Version: 2.1.29 Precedence: list List-Id: automatic DPDK test reports List-Unsubscribe: , List-Archive: List-Post: List-Help: List-Subscribe: , Errors-To: test-report-bounces@dpdk.org _Testing issues_ Branch: tags/v22.11 7849366693a2a2cbc5279a6bfd39cbb457fe7c96 --> testing fail Test environment and result as below: +---------------------+----------------+ | Environment | dpdk_unit_test | +=====================+================+ | Windows Server 2019 | FAIL | +---------------------+----------------+ | Ubuntu 22.04 | PASS | +---------------------+----------------+ | openSUSE Leap 15 | PASS | +---------------------+----------------+ ==== 20 line log output for Windows Server 2019 (dpdk_unit_test): ==== 85/93 DPDK:fast-tests / power_autotest SKIP 0.12s exit status 77 86/93 DPDK:fast-tests / power_kvm_vm_autotest SKIP 0.12s exit status 77 87/93 DPDK:fast-tests / power_intel_uncore_autotest SKIP 0.11s exit status 77 88/93 DPDK:fast-tests / reorder_autotest SKIP 0.12s exit status 77 89/93 DPDK:fast-tests / service_autotest OK 3.66s 90/93 DPDK:fast-tests / thash_autotest OK 0.12s 91/93 DPDK:fast-tests / threads_autotest OK 0.68s 92/93 DPDK:fast-tests / trace_autotest SKIP 0.12s exit status 77 93/93 DPDK:fast-tests / metrics_autotest OK 0.12s Ok: 49 Expected Fail: 0 Fail: 1 Unexpected Pass: 0 Skipped: 43 Timeout: 0 Full log written to C:\Users\builder\jenkins\workspace\Generic-VM-Unit-Test-DPDK\dpdk\build\meson-logs\testlog.txt ==== End log output ==== Windows Server 2019 Kernel: 10.0 Compiler: clang 14.0 and gcc 8.1.0 (MinGW) Ubuntu 22.04 Kernel: 4.18.0-240.10.1.el8_3.x86_64 Compiler: gcc 11.3.0 openSUSE Leap 15 Kernel: 4.18.0-240.10.1.el8_3.x86_64 Compiler: gcc 7.5.0 To view detailed results, visit: https://lab.dpdk.org/results/dashboard/tarballs/26655/ UNH-IOL DPDK Community Lab To manage your email subscriptions, visit: https://lab.dpdk.org/results/dashboard/preferences/subscriptions/