From mboxrd@z Thu Jan 1 00:00:00 1970 Return-Path: Received: from mails.dpdk.org (mails.dpdk.org [217.70.189.124]) by inbox.dpdk.org (Postfix) with ESMTP id A6FD343204 for ; Thu, 26 Oct 2023 08:12:23 +0200 (CEST) Received: from mails.dpdk.org (localhost [127.0.0.1]) by mails.dpdk.org (Postfix) with ESMTP id A1C2A4029A; Thu, 26 Oct 2023 08:12:23 +0200 (CEST) Received: from mail-oo1-f100.google.com (mail-oo1-f100.google.com [209.85.161.100]) by mails.dpdk.org (Postfix) with ESMTP id 7B1E94029A for ; Thu, 26 Oct 2023 08:12:22 +0200 (CEST) Received: by mail-oo1-f100.google.com with SMTP id 006d021491bc7-58441865ffaso328725eaf.1 for ; Wed, 25 Oct 2023 23:12:22 -0700 (PDT) DKIM-Signature: v=1; a=rsa-sha256; c=relaxed/relaxed; d=iol.unh.edu; s=unh-iol; t=1698300742; x=1698905542; darn=dpdk.org; h=cc:to:from:subject:message-id:date:from:to:cc:subject:date :message-id:reply-to; bh=KxkRbUBK5oSvLp7PkN5YX88eVIf/0oX4dYdsF7Ld/3k=; b=YolMdvvSkeeWXAC5IwpQ0FN+cX7nUDiDul8fGGlUJdLXvyEyGodB+9jQsuu4i+pG2S rCOFsaWBvOSLVOetlMy1FiTvM1E3pavkhCJyJOyXwcnlHMltM6rzy9r1NWoM0ZoAbgN7 gu+Q+q6OWV7prQu+rl2UWGMQw/M5HEBow9rmQ= X-Google-DKIM-Signature: v=1; a=rsa-sha256; c=relaxed/relaxed; d=1e100.net; s=20230601; t=1698300742; x=1698905542; h=cc:to:from:subject:message-id:date:x-gm-message-state:from:to:cc :subject:date:message-id:reply-to; bh=KxkRbUBK5oSvLp7PkN5YX88eVIf/0oX4dYdsF7Ld/3k=; b=kwH23vNUu3e8dkQiIE9sN+WxfAa8zqzsyngvy0SQFtuDsiRKr/ipJoNiqAJjOAbYST ZXIaiHu3lUs+6SNeJjxByBIE8f+Qxxflg9rwORp5WRUbOM55cZfhpmB9lBWSn7HeLLZ/ A3l9pV2tk90kF5o2y8aC6FYC/HgKaQDrqZGP1kTklmFci6lsJbpkB0h+U7IUaJw7ZUnX dwboAJKFWSTjv5AVnjIMxF3FNfiSIxOcHouYfbwft74JPLdaPCm8h6jDObVVZ8AsEawi NkB/WyzjP6P4EUS3s8ih1t7bhlq9W76AUdnI2QxqCNAwNDmKI8g06h/fge12zTKmB4+7 Yb7Q== X-Gm-Message-State: AOJu0Yx3b2pDl2DZ/3pKc+B56Z1m0MjaOxi4j7yvtrZ8a917Xcp3aPkA eb7AR7dmj7QlTX3VSRoXuwIJCrASv+rtKKdeEBLiG1ttIqJWWt4asrtdLMQSRBMpKA== X-Google-Smtp-Source: AGHT+IE6BUh4MK80/QXLb4JICgms8mqzdVgxRJP36X7sDBpPpbFLNsCDu52B+CqQqUp6Fgdj9J3Wtypq+Gsz X-Received: by 2002:a4a:e9e2:0:b0:581:e819:cac5 with SMTP id w2-20020a4ae9e2000000b00581e819cac5mr15593863ooc.9.1698300741857; Wed, 25 Oct 2023 23:12:21 -0700 (PDT) Received: from postal.iol.unh.edu (postal.iol.unh.edu. [2606:4100:3880:1234::84]) by smtp-relay.gmail.com with ESMTPS id z47-20020a4a9872000000b0057b7b1c8775sm142399ooi.21.2023.10.25.23.12.21 (version=TLS1_2 cipher=ECDHE-ECDSA-AES128-GCM-SHA256 bits=128/128); Wed, 25 Oct 2023 23:12:21 -0700 (PDT) X-Relaying-Domain: iol.unh.edu Date: Wed, 25 Oct 2023 23:12:21 -0700 (PDT) Message-ID: <653a0345.4a0a0220.8fca1.5619SMTPIN_ADDED_MISSING@mx.google.com> Received: from [172.21.0.2] (unknown [172.18.0.240]) by postal.iol.unh.edu (Postfix) with ESMTP id 55FC4602A042; Thu, 26 Oct 2023 02:12:21 -0400 (EDT) Subject: |FAILURE| [GIT MASTER] 7849366693a2a2cbc5279a6bfd39cbb457fe7c96 From: dpdklab@iol.unh.edu To: Test Report Cc: dpdk-test-reports@iol.unh.edu, Xueming Li , Christian Ehrhardt , Kevin Traynor , Luca Boccassi Content-Type: text/plain X-BeenThere: test-report@dpdk.org X-Mailman-Version: 2.1.29 Precedence: list List-Id: automatic DPDK test reports List-Unsubscribe: , List-Archive: List-Post: List-Help: List-Subscribe: , Errors-To: test-report-bounces@dpdk.org _Testing issues_ Branch: tags/v22.11 7849366693a2a2cbc5279a6bfd39cbb457fe7c96 --> testing fail Test environment and result as below: +---------------------+----------------+ | Environment | dpdk_unit_test | +=====================+================+ | Windows Server 2019 | FAIL | +---------------------+----------------+ | Ubuntu 22.04 | PASS | +---------------------+----------------+ | openSUSE Leap 15 | PASS | +---------------------+----------------+ | CentOS Stream 8 | PASS | +---------------------+----------------+ | CentOS Stream 9 | PASS | +---------------------+----------------+ | Fedora 37 | PASS | +---------------------+----------------+ | RHEL8 | PASS | +---------------------+----------------+ | Debian Buster | PASS | +---------------------+----------------+ | Ubuntu 20.04 | PASS | +---------------------+----------------+ | Fedora 38 | PASS | +---------------------+----------------+ | RHEL 7 | PASS | +---------------------+----------------+ ==== 20 line log output for Windows Server 2019 (dpdk_unit_test): ==== 85/93 DPDK:fast-tests / power_autotest SKIP 0.12s exit status 77 86/93 DPDK:fast-tests / power_kvm_vm_autotest SKIP 0.12s exit status 77 87/93 DPDK:fast-tests / power_intel_uncore_autotest SKIP 0.11s exit status 77 88/93 DPDK:fast-tests / reorder_autotest SKIP 0.12s exit status 77 89/93 DPDK:fast-tests / service_autotest OK 3.66s 90/93 DPDK:fast-tests / thash_autotest OK 0.12s 91/93 DPDK:fast-tests / threads_autotest OK 0.68s 92/93 DPDK:fast-tests / trace_autotest SKIP 0.12s exit status 77 93/93 DPDK:fast-tests / metrics_autotest OK 0.12s Ok: 49 Expected Fail: 0 Fail: 1 Unexpected Pass: 0 Skipped: 43 Timeout: 0 Full log written to C:\Users\builder\jenkins\workspace\Generic-VM-Unit-Test-DPDK\dpdk\build\meson-logs\testlog.txt ==== End log output ==== Windows Server 2019 Kernel: 10.0 Compiler: clang 14.0 and gcc 8.1.0 (MinGW) Ubuntu 22.04 Kernel: 4.18.0-240.10.1.el8_3.x86_64 Compiler: gcc 11.3.0 openSUSE Leap 15 Kernel: 4.18.0-240.10.1.el8_3.x86_64 Compiler: gcc 7.5.0 CentOS Stream 8 Kernel: 4.18.0-240.10.1.el8_3.x86_64 Compiler: gcc 8.4.1 20200928 CentOS Stream 9 Kernel: 4.18.0-240.10.1.el8_3.x86_64 Compiler: gcc 11.3.1 20220421 Fedora 37 Kernel: Depends on container host system Compiler: gcc 12.3.1 RHEL8 Kernel: 4.18.0-240.10.1.el8_3.x86_64 Compiler: gcc 8.3.1 20191121 (Red Hat 8.3.1-5) Debian Buster Kernel: 5.4.0-122-generic Compiler: gcc 8.3.0-6 Ubuntu 20.04 Kernel: 5.4.0-153-generic Compiler: gcc 9.4.0-1ubuntu1~20.04.1 Fedora 38 Kernel: Depends on container host Compiler: gcc 13.1.1 RHEL 7 Kernel: 4.18.0-240.10.1.el8_3.x86_64 Compiler: gcc 4.8.5 20150623 (Red Hat 4.8.5-44) To view detailed results, visit: https://lab.dpdk.org/results/dashboard/tarballs/26655/ UNH-IOL DPDK Community Lab To manage your email subscriptions, visit: https://lab.dpdk.org/results/dashboard/preferences/subscriptions/