From mboxrd@z Thu Jan 1 00:00:00 1970 Return-Path: Received: from mails.dpdk.org (mails.dpdk.org [217.70.189.124]) by inbox.dpdk.org (Postfix) with ESMTP id 4424A43210 for ; Fri, 27 Oct 2023 07:37:46 +0200 (CEST) Received: from mails.dpdk.org (localhost [127.0.0.1]) by mails.dpdk.org (Postfix) with ESMTP id 3DF884003C; Fri, 27 Oct 2023 07:37:46 +0200 (CEST) Received: from mail-il1-f228.google.com (mail-il1-f228.google.com [209.85.166.228]) by mails.dpdk.org (Postfix) with ESMTP id 4CBBD4003C for ; Fri, 27 Oct 2023 07:37:21 +0200 (CEST) Received: by mail-il1-f228.google.com with SMTP id e9e14a558f8ab-358074036f8so4849925ab.2 for ; Thu, 26 Oct 2023 22:37:21 -0700 (PDT) DKIM-Signature: v=1; a=rsa-sha256; c=relaxed/relaxed; d=iol.unh.edu; s=unh-iol; t=1698385040; x=1698989840; darn=dpdk.org; h=cc:to:from:subject:message-id:date:from:to:cc:subject:date :message-id:reply-to; bh=GLZQ4Y3Gd8C2WsIwGEp0bp7GLYCB40agJybdgIi1mYQ=; b=P+wlc6rFft09gpk5fr0RiH/GrGEZ3GKG/+9d1afnp2Zi5pBw12FjO3GNvFCIGEH2eD RSzPuko/9Gb+y1lUhx/hKmhqUqPHKX8P0AWuF+PYreUTVCPe4E2MgvgZKS6v0IHb0gf9 wnEAtHh1q+QihEWiZaX2ocgL2onWgr3h76ax4= X-Google-DKIM-Signature: v=1; a=rsa-sha256; c=relaxed/relaxed; d=1e100.net; s=20230601; t=1698385040; x=1698989840; h=cc:to:from:subject:message-id:date:x-gm-message-state:from:to:cc :subject:date:message-id:reply-to; bh=GLZQ4Y3Gd8C2WsIwGEp0bp7GLYCB40agJybdgIi1mYQ=; b=UQ/6wHX46umTlYNj2mMUm2+pRzmyIuLsABljL6rOQaif2YjLcgZ7OSbPu/t1wVtSSH af/ksGDQl7V0hb1d/4nIjvoCEVNb04lVLemK566wuRwjbT3DWXFK+BcdYxG+YeThOKhs R9u7Ac+0MbknINklpcq9Jam5ISSdpI/RnCwnP93r0HchnxxXszCwDIXOm62Or2FacBV7 XCGxaT7+0+gnQDy5peF8LzgkoQbGW6LrxiMthpFmDiKK9S0drmHxdY//ARYJYOeBPB3g 4sk+Cpk8bZGca7cyOuj1gGOkZkkVOc9yp6Yi2dQRrmxak4T9ZA7+mr5q2ZoHSSCXJCBO C++w== X-Gm-Message-State: AOJu0YyLiLkgLoKZcjnDbtQ0IunnipZqNoWnznjf8Xoi1nm99CURMAYb /Tb6l95sZm37CXtiyjr0++YmNoSJeEWjiQlKDSlTz2zg6QgV0A== X-Google-Smtp-Source: AGHT+IHqg/SVSYUaNomeIbUszAsQtee0TPhiriCtZLjfVZcmrExrqjPS78EHVI+Cd8rGQse9nGoum2AqxWhy X-Received: by 2002:a05:6e02:1705:b0:357:fe85:646b with SMTP id u5-20020a056e02170500b00357fe85646bmr2870892ill.13.1698385040602; Thu, 26 Oct 2023 22:37:20 -0700 (PDT) Received: from postal.iol.unh.edu (postal.iol.unh.edu. [132.177.123.84]) by smtp-relay.gmail.com with ESMTPS id o9-20020a92d4c9000000b0035740de0bbdsm112388ilm.9.2023.10.26.22.37.20 (version=TLS1_2 cipher=ECDHE-ECDSA-AES128-GCM-SHA256 bits=128/128); Thu, 26 Oct 2023 22:37:20 -0700 (PDT) X-Relaying-Domain: iol.unh.edu Date: Thu, 26 Oct 2023 22:37:20 -0700 (PDT) Message-ID: <653b4c90.920a0220.1ceb59.21d4SMTPIN_ADDED_MISSING@mx.google.com> Received: from [172.21.0.2] (unknown [172.18.0.240]) by postal.iol.unh.edu (Postfix) with ESMTP id 25B84602A042; Fri, 27 Oct 2023 01:37:20 -0400 (EDT) Subject: |FAILURE| [GIT MASTER] 7849366693a2a2cbc5279a6bfd39cbb457fe7c96 From: dpdklab@iol.unh.edu To: Test Report Cc: dpdk-test-reports@iol.unh.edu, Xueming Li , Christian Ehrhardt , Kevin Traynor , Luca Boccassi Content-Type: text/plain X-BeenThere: test-report@dpdk.org X-Mailman-Version: 2.1.29 Precedence: list List-Id: automatic DPDK test reports List-Unsubscribe: , List-Archive: List-Post: List-Help: List-Subscribe: , Errors-To: test-report-bounces@dpdk.org _Testing issues_ Branch: tags/v22.11 7849366693a2a2cbc5279a6bfd39cbb457fe7c96 --> testing fail Test environment and result as below: +---------------------+----------------+ | Environment | dpdk_unit_test | +=====================+================+ | Windows Server 2019 | FAIL | +---------------------+----------------+ | openSUSE Leap 15 | PASS | +---------------------+----------------+ | CentOS Stream 8 | PASS | +---------------------+----------------+ | CentOS Stream 9 | PASS | +---------------------+----------------+ ==== 20 line log output for Windows Server 2019 (dpdk_unit_test): ==== 85/93 DPDK:fast-tests / power_autotest SKIP 0.11s exit status 77 86/93 DPDK:fast-tests / power_kvm_vm_autotest SKIP 0.11s exit status 77 87/93 DPDK:fast-tests / power_intel_uncore_autotest SKIP 0.16s exit status 77 88/93 DPDK:fast-tests / reorder_autotest SKIP 0.12s exit status 77 89/93 DPDK:fast-tests / service_autotest OK 4.09s 90/93 DPDK:fast-tests / thash_autotest OK 0.12s 91/93 DPDK:fast-tests / threads_autotest OK 0.73s 92/93 DPDK:fast-tests / trace_autotest SKIP 0.26s exit status 77 93/93 DPDK:fast-tests / metrics_autotest OK 0.21s Ok: 49 Expected Fail: 0 Fail: 1 Unexpected Pass: 0 Skipped: 43 Timeout: 0 Full log written to C:\Users\builder\jenkins\workspace\Generic-VM-Unit-Test-DPDK\dpdk\build\meson-logs\testlog.txt ==== End log output ==== Windows Server 2019 Kernel: 10.0 Compiler: clang 14.0 and gcc 8.1.0 (MinGW) openSUSE Leap 15 Kernel: 4.18.0-240.10.1.el8_3.x86_64 Compiler: gcc 7.5.0 CentOS Stream 8 Kernel: 4.18.0-240.10.1.el8_3.x86_64 Compiler: gcc 8.4.1 20200928 CentOS Stream 9 Kernel: 4.18.0-240.10.1.el8_3.x86_64 Compiler: gcc 11.3.1 20220421 To view detailed results, visit: https://lab.dpdk.org/results/dashboard/tarballs/26680/ UNH-IOL DPDK Community Lab To manage your email subscriptions, visit: https://lab.dpdk.org/results/dashboard/preferences/subscriptions/