From mboxrd@z Thu Jan 1 00:00:00 1970 Return-Path: Received: from mails.dpdk.org (mails.dpdk.org [217.70.189.124]) by inbox.dpdk.org (Postfix) with ESMTP id 7F3C043220 for ; Sat, 28 Oct 2023 08:30:29 +0200 (CEST) Received: from mails.dpdk.org (localhost [127.0.0.1]) by mails.dpdk.org (Postfix) with ESMTP id 6D7624027C; Sat, 28 Oct 2023 08:30:29 +0200 (CEST) Received: from mail-oo1-f99.google.com (mail-oo1-f99.google.com [209.85.161.99]) by mails.dpdk.org (Postfix) with ESMTP id 8021D4027C for ; Sat, 28 Oct 2023 08:30:27 +0200 (CEST) Received: by mail-oo1-f99.google.com with SMTP id 006d021491bc7-5844bc378feso1682696eaf.0 for ; Fri, 27 Oct 2023 23:30:27 -0700 (PDT) DKIM-Signature: v=1; a=rsa-sha256; c=relaxed/relaxed; d=iol.unh.edu; s=unh-iol; t=1698474627; x=1699079427; darn=dpdk.org; h=cc:to:from:subject:message-id:date:from:to:cc:subject:date :message-id:reply-to; bh=RhsJCmn9MvFqu+V49fzkWM0j6XLNHkFRbomC8fsDaRM=; b=ANcwxTlpz1Q692niOkqkLsiWr3gvdPIlQ00AS2RUZBIf3C8//Mg5IhAi74WG+FprKk IQJ3pqQSnbp340km5PGaAVxz9jONZElZpa+/llRxVWeo8n4XUvY9/RPBOt8RpmvLRTfl fvo5IWtmhUstHanYzWmDBgaGHxuhnftQyh/8k= X-Google-DKIM-Signature: v=1; a=rsa-sha256; c=relaxed/relaxed; d=1e100.net; s=20230601; t=1698474627; x=1699079427; h=cc:to:from:subject:message-id:date:x-gm-message-state:from:to:cc :subject:date:message-id:reply-to; bh=RhsJCmn9MvFqu+V49fzkWM0j6XLNHkFRbomC8fsDaRM=; b=CsT7WZfVS+t1qLhk2yfG4P/+5Vm2LmpSn/DD50tJJnRqLJMVvr2Y1ICNz4YCufv29c BReDlKK43xNB0gozFxJdrOGmD+bAF1AQkqLE7T3LOV/cRMYnJ75YfqOkOOpZ7czKQ4Xa JNC4ejk04HRcv+hKXoWYcvCvVGVNGIWRYx4ZAyfPrfavf5lDU6osWZsJpM24cKVsVUbf HxJSLnmJuppeJWqgMVmmBVvSEm9MUMNzL741vq4/0201Q7bfws/9ehCfxtfnY8Id9doB UNcdEQ74oT2KnXVzvF8z1wTfe762c5Kq01mH0ikcFrsOW9txWx+SDFSgz5ct4sQwPhhh jUBQ== X-Gm-Message-State: AOJu0Yzf94w6nXQjT+vkC7WcOwNKVSAWKjQpubECkmdvh4oM20TiFZ32 uWOa60D2oF0fsGNH8PDx5dI1/q1mh2hftWyQKzxfzpp17HegZQoGWOe6Rw8u+T2iKA== X-Google-Smtp-Source: AGHT+IFvoQetIYQTX9N1/OLCDt2W690AQqQVZQc0T8PZZTXeA1JlStIku7sCvh/kR4ZTien4fPM1D4fpyvGJ X-Received: by 2002:a4a:ddda:0:b0:571:1fad:ebe0 with SMTP id i26-20020a4addda000000b005711fadebe0mr4890553oov.3.1698474626813; Fri, 27 Oct 2023 23:30:26 -0700 (PDT) Received: from postal.iol.unh.edu (postal.iol.unh.edu. [2606:4100:3880:1234::84]) by smtp-relay.gmail.com with ESMTPS id q84-20020a4a3357000000b00581ecd3442bsm439108ooq.15.2023.10.27.23.30.26 (version=TLS1_2 cipher=ECDHE-ECDSA-AES128-GCM-SHA256 bits=128/128); Fri, 27 Oct 2023 23:30:26 -0700 (PDT) X-Relaying-Domain: iol.unh.edu Date: Fri, 27 Oct 2023 23:30:26 -0700 (PDT) Message-ID: <653caa82.4a0a0220.30e71.c0dcSMTPIN_ADDED_MISSING@mx.google.com> Received: from [172.21.0.2] (unknown [172.18.0.240]) by postal.iol.unh.edu (Postfix) with ESMTP id 43763602A042; Sat, 28 Oct 2023 02:30:26 -0400 (EDT) Subject: |FAILURE| [GIT MASTER] 7849366693a2a2cbc5279a6bfd39cbb457fe7c96 From: dpdklab@iol.unh.edu To: Test Report Cc: dpdk-test-reports@iol.unh.edu, Xueming Li , Christian Ehrhardt , Kevin Traynor , Luca Boccassi Content-Type: text/plain X-BeenThere: test-report@dpdk.org X-Mailman-Version: 2.1.29 Precedence: list List-Id: automatic DPDK test reports List-Unsubscribe: , List-Archive: List-Post: List-Help: List-Subscribe: , Errors-To: test-report-bounces@dpdk.org _Testing issues_ Branch: tags/v22.11 7849366693a2a2cbc5279a6bfd39cbb457fe7c96 --> testing fail Test environment and result as below: +---------------------+----------------+ | Environment | dpdk_unit_test | +=====================+================+ | Windows Server 2019 | FAIL | +---------------------+----------------+ | CentOS Stream 9 | PASS | +---------------------+----------------+ | Fedora 37 | PASS | +---------------------+----------------+ | Debian Bullseye | PASS | +---------------------+----------------+ | Debian Buster | PASS | +---------------------+----------------+ | openSUSE Leap 15 | PASS | +---------------------+----------------+ | Fedora 38 | PASS | +---------------------+----------------+ | RHEL8 | PASS | +---------------------+----------------+ ==== 20 line log output for Windows Server 2019 (dpdk_unit_test): ==== 85/93 DPDK:fast-tests / power_autotest SKIP 0.11s exit status 77 86/93 DPDK:fast-tests / power_kvm_vm_autotest SKIP 0.11s exit status 77 87/93 DPDK:fast-tests / power_intel_uncore_autotest SKIP 0.12s exit status 77 88/93 DPDK:fast-tests / reorder_autotest SKIP 0.12s exit status 77 89/93 DPDK:fast-tests / service_autotest OK 3.64s 90/93 DPDK:fast-tests / thash_autotest OK 0.16s 91/93 DPDK:fast-tests / threads_autotest OK 0.71s 92/93 DPDK:fast-tests / trace_autotest SKIP 0.12s exit status 77 93/93 DPDK:fast-tests / metrics_autotest OK 0.12s Ok: 49 Expected Fail: 0 Fail: 1 Unexpected Pass: 0 Skipped: 43 Timeout: 0 Full log written to C:\Users\builder\jenkins\workspace\Generic-VM-Unit-Test-DPDK\dpdk\build\meson-logs\testlog.txt ==== End log output ==== Windows Server 2019 Kernel: 10.0 Compiler: clang 14.0 and gcc 8.1.0 (MinGW) CentOS Stream 9 Kernel: 4.18.0-240.10.1.el8_3.x86_64 Compiler: gcc 11.3.1 20220421 Fedora 37 Kernel: Depends on container host system Compiler: gcc 12.3.1 Debian Bullseye Kernel: 5.4.0-122-generic Compiler: gcc 10.2.1-6 Debian Buster Kernel: 5.4.0-122-generic Compiler: gcc 8.3.0-6 openSUSE Leap 15 Kernel: 4.18.0-240.10.1.el8_3.x86_64 Compiler: gcc 7.5.0 Fedora 38 Kernel: Depends on container host Compiler: gcc 13.1.1 RHEL8 Kernel: 4.18.0-240.10.1.el8_3.x86_64 Compiler: gcc 8.3.1 20191121 (Red Hat 8.3.1-5) To view detailed results, visit: https://lab.dpdk.org/results/dashboard/tarballs/26703/ UNH-IOL DPDK Community Lab To manage your email subscriptions, visit: https://lab.dpdk.org/results/dashboard/preferences/subscriptions/