From mboxrd@z Thu Jan 1 00:00:00 1970 Return-Path: Received: from mails.dpdk.org (mails.dpdk.org [217.70.189.124]) by inbox.dpdk.org (Postfix) with ESMTP id D37234324D for ; Tue, 31 Oct 2023 06:54:25 +0100 (CET) Received: from mails.dpdk.org (localhost [127.0.0.1]) by mails.dpdk.org (Postfix) with ESMTP id B147C400D7; Tue, 31 Oct 2023 06:54:25 +0100 (CET) Received: from mail-ua1-f99.google.com (mail-ua1-f99.google.com [209.85.222.99]) by mails.dpdk.org (Postfix) with ESMTP id EC88B400D7 for ; Tue, 31 Oct 2023 06:54:24 +0100 (CET) Received: by mail-ua1-f99.google.com with SMTP id a1e0cc1a2514c-7b5fe8ab5f9so2106667241.3 for ; Mon, 30 Oct 2023 22:54:24 -0700 (PDT) DKIM-Signature: v=1; a=rsa-sha256; c=relaxed/relaxed; d=iol.unh.edu; s=unh-iol; t=1698731664; x=1699336464; darn=dpdk.org; h=cc:to:from:subject:message-id:date:from:to:cc:subject:date :message-id:reply-to; bh=DNApyg+LnExSEhMhlracr9QvpyG9wHriB7BNXyjsRso=; b=fgZ4+29xY+uSpBqykPmCWDMErVsIF6frY0DTkhPO1sSAAtGi+IcX6uCQZy76lPvW1I 28kICD1HruSncQB7DCT5KplW5xbN5RAUHlHJNTdLGMe2dPQQ8Yt/Kg7pEYKEf5GUCJDp 5eMKhRxo/04beVCRCBS+1jZtN4mYraJr6KO0Q= X-Google-DKIM-Signature: v=1; a=rsa-sha256; c=relaxed/relaxed; d=1e100.net; s=20230601; t=1698731664; x=1699336464; h=cc:to:from:subject:message-id:date:x-gm-message-state:from:to:cc :subject:date:message-id:reply-to; bh=DNApyg+LnExSEhMhlracr9QvpyG9wHriB7BNXyjsRso=; b=l3qoLA4KQ7kyBEHDp13dT/IpeGVQsBSMClpD3cpjln86OVagN6Em/nXxGds4dblU5B 0M6cGLKfDFCwnzRAqJ0250ntx8jE5U4Y4a6eeuZmbF4IEoe4KcJqyKGj6hII6iIoHwUb MdtJnkriMU0VGBrkJWRVKKMpkaP6/yA87K1HEhMZ/OAYzfMT0ClI7emOAXKg/LO0lV0H 57GlN47kcnj2dk0md1B1zP4+/G6AKImthLxuZ+acYZOT7Hq5VzFvqUe9b80uygZRtNIq s4DUHYAmweXK+tXhAdpHHWftUzF+wHQV36ozHl6QPiCUzjfS7brDEHDF2VdhBsUCjdcr 5cKQ== X-Gm-Message-State: AOJu0YxMp3mSPs5aVDGlof5yaA1qdlkSIWV6fD3Rt1EOtirbT89k6siJ nh1o283A+rCEqJy8qm3ua8IuVcmBRghOC7F2RJxNDYn9uZdHhw== X-Google-Smtp-Source: AGHT+IF72sa+OHEFUfKI2twtbB1g6DCFFwmHo7rxE2Z0MTLL2zT16UABfb5td9aq4ZaeKhQSau1Z9RasPaQ4 X-Received: by 2002:a05:6102:10cf:b0:44e:9614:39bf with SMTP id t15-20020a05610210cf00b0044e961439bfmr10111285vsr.6.1698731664271; Mon, 30 Oct 2023 22:54:24 -0700 (PDT) Received: from postal.iol.unh.edu (postal.iol.unh.edu. [132.177.123.84]) by smtp-relay.gmail.com with ESMTPS id l26-20020ab03d9a000000b007b5f7b89becsm161381uac.20.2023.10.30.22.54.24 (version=TLS1_2 cipher=ECDHE-ECDSA-AES128-GCM-SHA256 bits=128/128); Mon, 30 Oct 2023 22:54:24 -0700 (PDT) X-Relaying-Domain: iol.unh.edu Date: Mon, 30 Oct 2023 22:54:24 -0700 (PDT) Message-ID: <65409690.b00a0220.b3bb6.27d0SMTPIN_ADDED_MISSING@mx.google.com> Received: from [172.21.0.3] (unknown [172.18.0.240]) by postal.iol.unh.edu (Postfix) with ESMTP id C66B1602A042; Tue, 31 Oct 2023 01:54:23 -0400 (EDT) Subject: |FAILURE| [GIT MASTER] 7849366693a2a2cbc5279a6bfd39cbb457fe7c96 From: dpdklab@iol.unh.edu To: Test Report Cc: dpdk-test-reports@iol.unh.edu, Xueming Li , Christian Ehrhardt , Kevin Traynor , Luca Boccassi Content-Type: text/plain X-BeenThere: test-report@dpdk.org X-Mailman-Version: 2.1.29 Precedence: list List-Id: automatic DPDK test reports List-Unsubscribe: , List-Archive: List-Post: List-Help: List-Subscribe: , Errors-To: test-report-bounces@dpdk.org _Testing issues_ Branch: tags/v22.11 7849366693a2a2cbc5279a6bfd39cbb457fe7c96 --> testing fail Test environment and result as below: +---------------------+----------------+ | Environment | dpdk_unit_test | +=====================+================+ | Windows Server 2019 | FAIL | +---------------------+----------------+ | Debian Buster | PASS | +---------------------+----------------+ | CentOS Stream 8 | PASS | +---------------------+----------------+ | Fedora 37 | PASS | +---------------------+----------------+ | CentOS Stream 9 | PASS | +---------------------+----------------+ ==== 20 line log output for Windows Server 2019 (dpdk_unit_test): ==== 85/93 DPDK:fast-tests / power_autotest SKIP 0.12s exit status 77 86/93 DPDK:fast-tests / power_kvm_vm_autotest SKIP 0.12s exit status 77 87/93 DPDK:fast-tests / power_intel_uncore_autotest SKIP 0.11s exit status 77 88/93 DPDK:fast-tests / reorder_autotest SKIP 0.12s exit status 77 89/93 DPDK:fast-tests / service_autotest OK 4.09s 90/93 DPDK:fast-tests / thash_autotest OK 0.12s 91/93 DPDK:fast-tests / threads_autotest OK 0.61s 92/93 DPDK:fast-tests / trace_autotest SKIP 0.16s exit status 77 93/93 DPDK:fast-tests / metrics_autotest OK 0.12s Ok: 49 Expected Fail: 0 Fail: 1 Unexpected Pass: 0 Skipped: 43 Timeout: 0 Full log written to C:\Users\builder\jenkins\workspace\Generic-VM-Unit-Test-DPDK\dpdk\build\meson-logs\testlog.txt ==== End log output ==== Windows Server 2019 Kernel: 10.0 Compiler: clang 14.0 and gcc 8.1.0 (MinGW) Debian Buster Kernel: 5.4.0-122-generic Compiler: gcc 8.3.0-6 CentOS Stream 8 Kernel: 4.18.0-240.10.1.el8_3.x86_64 Compiler: gcc 8.4.1 20200928 Fedora 37 Kernel: Depends on container host system Compiler: gcc 12.3.1 CentOS Stream 9 Kernel: 4.18.0-240.10.1.el8_3.x86_64 Compiler: gcc 11.3.1 20220421 To view detailed results, visit: https://lab.dpdk.org/results/dashboard/tarballs/26738/ UNH-IOL DPDK Community Lab To manage your email subscriptions, visit: https://lab.dpdk.org/results/dashboard/preferences/subscriptions/