From mboxrd@z Thu Jan 1 00:00:00 1970 Return-Path: Received: from mails.dpdk.org (mails.dpdk.org [217.70.189.124]) by inbox.dpdk.org (Postfix) with ESMTP id CF65C4324D for ; Tue, 31 Oct 2023 07:34:00 +0100 (CET) Received: from mails.dpdk.org (localhost [127.0.0.1]) by mails.dpdk.org (Postfix) with ESMTP id CA87E400D7; Tue, 31 Oct 2023 07:34:00 +0100 (CET) Received: from mail-il1-f228.google.com (mail-il1-f228.google.com [209.85.166.228]) by mails.dpdk.org (Postfix) with ESMTP id 37906400D7 for ; Tue, 31 Oct 2023 07:33:59 +0100 (CET) Received: by mail-il1-f228.google.com with SMTP id e9e14a558f8ab-3576121362eso17620765ab.1 for ; Mon, 30 Oct 2023 23:33:59 -0700 (PDT) DKIM-Signature: v=1; a=rsa-sha256; c=relaxed/relaxed; d=iol.unh.edu; s=unh-iol; t=1698734038; x=1699338838; darn=dpdk.org; h=cc:to:from:subject:message-id:date:from:to:cc:subject:date :message-id:reply-to; bh=Y2TTbiXD+a2ucj5F0RCPGLxFkRG+A577UAMADfyfVqc=; b=QXuaWjgH6hATXg8udPsonqc9ftc4+uaJsHfD9mZozdlWJALN2zLRzDCIthCi4TqtuF NL5ByX/WdQjS3rXBcp9hDszpJP1xEDlC8uQOFbv/78IeCSANROeDJDLbVUKTIa4N2mmr jJRHa9BNPYmuQ5DfVAFkaNzES/Fnc+JYdVxHU= X-Google-DKIM-Signature: v=1; a=rsa-sha256; c=relaxed/relaxed; d=1e100.net; s=20230601; t=1698734038; x=1699338838; h=cc:to:from:subject:message-id:date:x-gm-message-state:from:to:cc :subject:date:message-id:reply-to; bh=Y2TTbiXD+a2ucj5F0RCPGLxFkRG+A577UAMADfyfVqc=; b=niHHmBgTT6GwcSgnnAvZN646C2VltKJZg446gCvf0un0AAyP1Ea5U94HPwx8YAIq/R s5iy7mRAKcejz+5WPPVpH0eL3THSumUqXcF4wS8vvbwqoSMuuxcdOD8RZnWo3Iex7ceL yBoN58NR7XPalWkb9yY+6AssDJmjJpLc/+EZgWsAa5uRKV2OX08f/LtwSMkcbOmdr1Pu 1ntqsvaotVXrHDiG30vvJlMHFbc2l7+t3tZwh/r99Dq4Kj+1Lbxmuwtmg4K1HzmUsBWj /HKeFRuP4nZ8RfZ7m618kwM+bIYkWVUBIcOs9Cu1Ao7U7sHOB8WbeK7eq9TXLaRhwNJu UD+Q== X-Gm-Message-State: AOJu0YwzCvL5huFDb8cUDSpuI56REboKW7rSOxXY1XWBvzGOB6p7sAFv d/Bm0AI67kT5+HDbNqx43DrHsqD0s86UEPGIEi9cJnRMKzowbw== X-Google-Smtp-Source: AGHT+IGN4QERPu5J6ne1ZPAPqdV4oXAosT7AJ6yp0TJ3aurnZEkt19Eiire624Hxi1CUIWXhWq5E3PK64dlC X-Received: by 2002:a05:6e02:1563:b0:357:9fc9:eae0 with SMTP id k3-20020a056e02156300b003579fc9eae0mr17322329ilu.20.1698734038597; Mon, 30 Oct 2023 23:33:58 -0700 (PDT) Received: from postal.iol.unh.edu (postal.iol.unh.edu. [132.177.123.84]) by smtp-relay.gmail.com with ESMTPS id dk3-20020a0566384bc300b00454ce0ddbcdsm88359jab.62.2023.10.30.23.33.58 (version=TLS1_2 cipher=ECDHE-ECDSA-AES128-GCM-SHA256 bits=128/128); Mon, 30 Oct 2023 23:33:58 -0700 (PDT) X-Relaying-Domain: iol.unh.edu Date: Mon, 30 Oct 2023 23:33:58 -0700 (PDT) Message-ID: <65409fd6.050a0220.e1556.124bSMTPIN_ADDED_MISSING@mx.google.com> Received: from [172.21.0.2] (unknown [172.18.0.240]) by postal.iol.unh.edu (Postfix) with ESMTP id 18F1B602A042; Tue, 31 Oct 2023 02:33:58 -0400 (EDT) Subject: |FAILURE| [GIT MASTER] 7849366693a2a2cbc5279a6bfd39cbb457fe7c96 From: dpdklab@iol.unh.edu To: Test Report Cc: dpdk-test-reports@iol.unh.edu, Xueming Li , Christian Ehrhardt , Kevin Traynor , Luca Boccassi Content-Type: text/plain X-BeenThere: test-report@dpdk.org X-Mailman-Version: 2.1.29 Precedence: list List-Id: automatic DPDK test reports List-Unsubscribe: , List-Archive: List-Post: List-Help: List-Subscribe: , Errors-To: test-report-bounces@dpdk.org _Testing issues_ Branch: tags/v22.11 7849366693a2a2cbc5279a6bfd39cbb457fe7c96 --> testing fail Test environment and result as below: +---------------------+----------------+ | Environment | dpdk_unit_test | +=====================+================+ | Windows Server 2019 | FAIL | +---------------------+----------------+ | Debian Buster | PASS | +---------------------+----------------+ | CentOS Stream 8 | PASS | +---------------------+----------------+ | Fedora 37 | PASS | +---------------------+----------------+ | CentOS Stream 9 | PASS | +---------------------+----------------+ | Ubuntu 22.04 | PASS | +---------------------+----------------+ | Fedora 38 | PASS | +---------------------+----------------+ | Debian Bullseye | PASS | +---------------------+----------------+ | openSUSE Leap 15 | PASS | +---------------------+----------------+ | Ubuntu 20.04 | PASS | +---------------------+----------------+ | RHEL8 | PASS | +---------------------+----------------+ ==== 20 line log output for Windows Server 2019 (dpdk_unit_test): ==== 85/93 DPDK:fast-tests / power_autotest SKIP 0.12s exit status 77 86/93 DPDK:fast-tests / power_kvm_vm_autotest SKIP 0.12s exit status 77 87/93 DPDK:fast-tests / power_intel_uncore_autotest SKIP 0.11s exit status 77 88/93 DPDK:fast-tests / reorder_autotest SKIP 0.12s exit status 77 89/93 DPDK:fast-tests / service_autotest OK 4.09s 90/93 DPDK:fast-tests / thash_autotest OK 0.12s 91/93 DPDK:fast-tests / threads_autotest OK 0.61s 92/93 DPDK:fast-tests / trace_autotest SKIP 0.16s exit status 77 93/93 DPDK:fast-tests / metrics_autotest OK 0.12s Ok: 49 Expected Fail: 0 Fail: 1 Unexpected Pass: 0 Skipped: 43 Timeout: 0 Full log written to C:\Users\builder\jenkins\workspace\Generic-VM-Unit-Test-DPDK\dpdk\build\meson-logs\testlog.txt ==== End log output ==== Windows Server 2019 Kernel: 10.0 Compiler: clang 14.0 and gcc 8.1.0 (MinGW) Debian Buster Kernel: 5.4.0-122-generic Compiler: gcc 8.3.0-6 CentOS Stream 8 Kernel: 4.18.0-240.10.1.el8_3.x86_64 Compiler: gcc 8.4.1 20200928 Fedora 37 Kernel: Depends on container host system Compiler: gcc 12.3.1 CentOS Stream 9 Kernel: 4.18.0-240.10.1.el8_3.x86_64 Compiler: gcc 11.3.1 20220421 Ubuntu 22.04 Kernel: 4.18.0-240.10.1.el8_3.x86_64 Compiler: gcc 11.3.0 Fedora 38 Kernel: Depends on container host Compiler: gcc 13.1.1 Debian Bullseye Kernel: 5.4.0-122-generic Compiler: gcc 10.2.1-6 openSUSE Leap 15 Kernel: 4.18.0-240.10.1.el8_3.x86_64 Compiler: gcc 7.5.0 Ubuntu 20.04 Kernel: 5.4.0-153-generic Compiler: gcc 9.4.0-1ubuntu1~20.04.1 RHEL8 Kernel: 4.18.0-240.10.1.el8_3.x86_64 Compiler: gcc 8.3.1 20191121 (Red Hat 8.3.1-5) To view detailed results, visit: https://lab.dpdk.org/results/dashboard/tarballs/26738/ UNH-IOL DPDK Community Lab To manage your email subscriptions, visit: https://lab.dpdk.org/results/dashboard/preferences/subscriptions/