From mboxrd@z Thu Jan 1 00:00:00 1970 Return-Path: Received: from mails.dpdk.org (mails.dpdk.org [217.70.189.124]) by inbox.dpdk.org (Postfix) with ESMTP id B90E943258 for ; Wed, 1 Nov 2023 06:48:05 +0100 (CET) Received: from mails.dpdk.org (localhost [127.0.0.1]) by mails.dpdk.org (Postfix) with ESMTP id 97F9040270; Wed, 1 Nov 2023 06:48:05 +0100 (CET) Received: from mail-io1-f97.google.com (mail-io1-f97.google.com [209.85.166.97]) by mails.dpdk.org (Postfix) with ESMTP id BB9F940270 for ; Wed, 1 Nov 2023 06:48:03 +0100 (CET) Received: by mail-io1-f97.google.com with SMTP id ca18e2360f4ac-7a67f447bf0so237092139f.2 for ; Tue, 31 Oct 2023 22:48:03 -0700 (PDT) DKIM-Signature: v=1; a=rsa-sha256; c=relaxed/relaxed; d=iol.unh.edu; s=unh-iol; t=1698817683; x=1699422483; darn=dpdk.org; h=cc:to:from:subject:message-id:date:from:to:cc:subject:date :message-id:reply-to; bh=G067Zin0ZPIrbMGsJWzffsx8iZ3mmABODTSjomYTl30=; b=U4PeDOg+wqhmb4U7ezKz1DN2i7ia/yUCy3raFMX4Nh+MO8LoIvST9apQakWj/y0gnU G09M818b+ULaxM/9mwUInB9qpLzARSupQy1BYumL6Io8+X+Kl8X4U+tJZU721JkvnEDZ Cx18Y764fBExlf879fozMjd8QWAPbyKa73WeQ= X-Google-DKIM-Signature: v=1; a=rsa-sha256; c=relaxed/relaxed; d=1e100.net; s=20230601; t=1698817683; x=1699422483; h=cc:to:from:subject:message-id:date:x-gm-message-state:from:to:cc :subject:date:message-id:reply-to; bh=G067Zin0ZPIrbMGsJWzffsx8iZ3mmABODTSjomYTl30=; b=Mfq6JetehBbAv0/v417DZjPRcCBZWYVKWIp9r+NmaCKx2a2aScZt2A+icIRT0WLO45 fO7xpudqR0OhpGuvpYN6INeq7yrAoLzxpfHC20VUFxRA9aCglorCYtiWocISusKs//8N uMXArx0MXk0hR+9OToYFJsCPMKMz0xhjHBDF7FWiTzmEQRxeAB0XHvvOMtYbVxxelrBr +rg0xp/4NJTK2W0+z13Kot6+ESY9qgyqjhlSJk6yg2Q8X8FraAmeQCq84qLe2+0G7+hu pzSZah2GGJuZTydOiGUfkQ/B+xupddSOrCdjyhglHMtYlQGha2zFV1XFXfdLpFDTwdJG hy9Q== X-Gm-Message-State: AOJu0YzrCHpVeVTZXGkjiAid20b0X1neJ1XLunAqQOeU4I842/dAjvY5 cyc1RGf6bOugGouD1+sVksP/qVQbHT5TjqcvCKkdH0LAHDJc7w== X-Google-Smtp-Source: AGHT+IHG6p8y/TtGivU/VJGFlbsqEinBiMgOyfwHDpfODr53L9sCx+FUY8IgZf952ZvXTxlWoalhfiY4w9Ct X-Received: by 2002:a5e:aa0e:0:b0:7ab:b09c:d996 with SMTP id s14-20020a5eaa0e000000b007abb09cd996mr14553028ioe.14.1698817683068; Tue, 31 Oct 2023 22:48:03 -0700 (PDT) Received: from postal.iol.unh.edu (postal.iol.unh.edu. [132.177.123.84]) by smtp-relay.gmail.com with ESMTPS id m3-20020a6bea03000000b0079fc0793486sm627879ioc.14.2023.10.31.22.48.02 (version=TLS1_2 cipher=ECDHE-ECDSA-AES128-GCM-SHA256 bits=128/128); Tue, 31 Oct 2023 22:48:03 -0700 (PDT) X-Relaying-Domain: iol.unh.edu Date: Tue, 31 Oct 2023 22:48:03 -0700 (PDT) Message-ID: <6541e693.6b0a0220.b7798.8b2eSMTPIN_ADDED_MISSING@mx.google.com> Received: from [172.21.0.2] (unknown [172.18.0.240]) by postal.iol.unh.edu (Postfix) with ESMTP id 83DE26050A61; Wed, 1 Nov 2023 01:48:02 -0400 (EDT) Subject: |FAILURE| [GIT MASTER] 7849366693a2a2cbc5279a6bfd39cbb457fe7c96 From: dpdklab@iol.unh.edu To: Test Report Cc: dpdk-test-reports@iol.unh.edu, Xueming Li , Christian Ehrhardt , Kevin Traynor , Luca Boccassi Content-Type: text/plain X-BeenThere: test-report@dpdk.org X-Mailman-Version: 2.1.29 Precedence: list List-Id: automatic DPDK test reports List-Unsubscribe: , List-Archive: List-Post: List-Help: List-Subscribe: , Errors-To: test-report-bounces@dpdk.org _Testing issues_ Branch: tags/v22.11 7849366693a2a2cbc5279a6bfd39cbb457fe7c96 --> testing fail Test environment and result as below: +---------------------+----------------+ | Environment | dpdk_unit_test | +=====================+================+ | Windows Server 2019 | FAIL | +---------------------+----------------+ | RHEL8 | PASS | +---------------------+----------------+ | CentOS Stream 9 | PASS | +---------------------+----------------+ | RHEL 7 | PASS | +---------------------+----------------+ | Debian Buster | PASS | +---------------------+----------------+ | Fedora 38 | PASS | +---------------------+----------------+ ==== 20 line log output for Windows Server 2019 (dpdk_unit_test): ==== 85/93 DPDK:fast-tests / power_autotest SKIP 0.11s exit status 77 86/93 DPDK:fast-tests / power_kvm_vm_autotest SKIP 0.12s exit status 77 87/93 DPDK:fast-tests / power_intel_uncore_autotest SKIP 0.11s exit status 77 88/93 DPDK:fast-tests / reorder_autotest SKIP 0.12s exit status 77 89/93 DPDK:fast-tests / service_autotest OK 3.94s 90/93 DPDK:fast-tests / thash_autotest OK 0.12s 91/93 DPDK:fast-tests / threads_autotest OK 0.74s 92/93 DPDK:fast-tests / trace_autotest SKIP 0.11s exit status 77 93/93 DPDK:fast-tests / metrics_autotest OK 0.11s Ok: 49 Expected Fail: 0 Fail: 1 Unexpected Pass: 0 Skipped: 43 Timeout: 0 Full log written to C:\Users\builder\jenkins\workspace\Generic-VM-Unit-Test-DPDK\dpdk\build\meson-logs\testlog.txt ==== End log output ==== Windows Server 2019 Kernel: 10.0 Compiler: clang 14.0 and gcc 8.1.0 (MinGW) RHEL8 Kernel: 4.18.0-240.10.1.el8_3.x86_64 Compiler: gcc 8.3.1 20191121 (Red Hat 8.3.1-5) CentOS Stream 9 Kernel: 4.18.0-240.10.1.el8_3.x86_64 Compiler: gcc 11.3.1 20220421 RHEL 7 Kernel: 4.18.0-240.10.1.el8_3.x86_64 Compiler: gcc 4.8.5 20150623 (Red Hat 4.8.5-44) Debian Buster Kernel: 5.4.0-122-generic Compiler: gcc 8.3.0-6 Fedora 38 Kernel: Depends on container host Compiler: clang 16.0.3 To view detailed results, visit: https://lab.dpdk.org/results/dashboard/tarballs/26754/ UNH-IOL DPDK Community Lab To manage your email subscriptions, visit: https://lab.dpdk.org/results/dashboard/preferences/subscriptions/