From mboxrd@z Thu Jan 1 00:00:00 1970 Return-Path: Received: from mails.dpdk.org (mails.dpdk.org [217.70.189.124]) by inbox.dpdk.org (Postfix) with ESMTP id 5058343275 for ; Fri, 3 Nov 2023 07:03:49 +0100 (CET) Received: from mails.dpdk.org (localhost [127.0.0.1]) by mails.dpdk.org (Postfix) with ESMTP id 34FAB40265; Fri, 3 Nov 2023 07:03:49 +0100 (CET) Received: from mail-pl1-f225.google.com (mail-pl1-f225.google.com [209.85.214.225]) by mails.dpdk.org (Postfix) with ESMTP id C401640265 for ; Fri, 3 Nov 2023 07:03:47 +0100 (CET) Received: by mail-pl1-f225.google.com with SMTP id d9443c01a7336-1cc921a4632so10452185ad.1 for ; Thu, 02 Nov 2023 23:03:47 -0700 (PDT) DKIM-Signature: v=1; a=rsa-sha256; c=relaxed/relaxed; d=iol.unh.edu; s=unh-iol; t=1698991427; x=1699596227; darn=dpdk.org; h=cc:to:from:subject:message-id:date:from:to:cc:subject:date :message-id:reply-to; bh=PPRSAQtYXTK5IY/COj42KCNa83lP9/oVCsdV1EVSSnc=; b=jXLHztrYGMiI9odX3hLeaP4n1vN/webK999wJI55VxuVlIbxd3OpF3FQf3XdN9vxYm 1yeZzloGM7a5NKGNGCF5TwaiKVXX62k2VUKlOMjHWOA33UHwt7X3JCdHSsk4+UrS/HgF A8dEY9x32P1plOR5Xu+YA4IhsEHvS0H3ORjBY= X-Google-DKIM-Signature: v=1; a=rsa-sha256; c=relaxed/relaxed; d=1e100.net; s=20230601; t=1698991427; x=1699596227; h=cc:to:from:subject:message-id:date:x-gm-message-state:from:to:cc :subject:date:message-id:reply-to; bh=PPRSAQtYXTK5IY/COj42KCNa83lP9/oVCsdV1EVSSnc=; b=NidQbi+L0krJVhp/Pw+7I7N3Ci3Y31V6DA5KY5Pp7KojuUH5W2DeM3nKo9Lc/mEVSc N2M5lR/Cxrsg1MUwO0bmgJGm/CQUTpCMk4t42B7kdBXVxLR1GAAocTTXe8+jcqY60ph0 kD/Z64duPqcPzFJjwdjvQoENnw61ISqcSJxWv3lYiGZuq0d8oocHOPCjslu/Cx5IQO0t w93N9lqNcMpc2qXrBUZ97fOQbxZv/D4PqgCOaEizzHHHMjltrlj7GLx24cRUn1WxaZdf XCl62MnDXefh1evZkQksNMEgqXtKipz6pmoyBWU/WccFhLmdm7KNAPxj01O77qfnrRQK pgJA== X-Gm-Message-State: AOJu0YwHzSWHvVyS7FInq8Np4KCTwe4MwNxZ4GR33M4h/6YiAuj323PT vdbGmcJOovNdb1pwY9uJLHhYhRaLoZYtlM3oK9EAPlbOzsB7BM5oKR3f2aZbQSHlLg== X-Google-Smtp-Source: AGHT+IFn6wY6uv41VmCpsoXyMEgCKXdxKKoPOxUKl0e7JbrNEH+0/A+RqEPgm9m34gArd8zmMpkX18Wj/tZL X-Received: by 2002:a17:902:ab5a:b0:1ca:3c63:d5d3 with SMTP id ij26-20020a170902ab5a00b001ca3c63d5d3mr21829565plb.2.1698991426942; Thu, 02 Nov 2023 23:03:46 -0700 (PDT) Received: from postal.iol.unh.edu (postal.iol.unh.edu. [2606:4100:3880:1234::84]) by smtp-relay.gmail.com with ESMTPS id e19-20020a170902f1d300b001bda90bcc54sm51717plc.53.2023.11.02.23.03.46 (version=TLS1_2 cipher=ECDHE-ECDSA-AES128-GCM-SHA256 bits=128/128); Thu, 02 Nov 2023 23:03:46 -0700 (PDT) X-Relaying-Domain: iol.unh.edu Date: Thu, 02 Nov 2023 23:03:46 -0700 (PDT) Message-ID: <65448d42.170a0220.a8566.1ee4SMTPIN_ADDED_MISSING@mx.google.com> Received: from [172.21.0.2] (unknown [172.18.0.240]) by postal.iol.unh.edu (Postfix) with ESMTP id 19A50602A042; Fri, 3 Nov 2023 02:03:46 -0400 (EDT) Subject: |FAILURE| [GIT MASTER] 7849366693a2a2cbc5279a6bfd39cbb457fe7c96 From: dpdklab@iol.unh.edu To: Test Report Cc: dpdk-test-reports@iol.unh.edu, Xueming Li , Christian Ehrhardt , Kevin Traynor , Luca Boccassi Content-Type: text/plain X-BeenThere: test-report@dpdk.org X-Mailman-Version: 2.1.29 Precedence: list List-Id: automatic DPDK test reports List-Unsubscribe: , List-Archive: List-Post: List-Help: List-Subscribe: , Errors-To: test-report-bounces@dpdk.org _Testing issues_ Branch: tags/v22.11 7849366693a2a2cbc5279a6bfd39cbb457fe7c96 --> testing fail Test environment and result as below: +---------------------+----------------+ | Environment | dpdk_unit_test | +=====================+================+ | Windows Server 2019 | FAIL | +---------------------+----------------+ | CentOS Stream 8 | PASS | +---------------------+----------------+ | Debian Bullseye | PASS | +---------------------+----------------+ | CentOS Stream 9 | PASS | +---------------------+----------------+ ==== 20 line log output for Windows Server 2019 (dpdk_unit_test): ==== 85/93 DPDK:fast-tests / power_autotest SKIP 0.12s exit status 77 86/93 DPDK:fast-tests / power_kvm_vm_autotest SKIP 0.12s exit status 77 87/93 DPDK:fast-tests / power_intel_uncore_autotest SKIP 0.12s exit status 77 88/93 DPDK:fast-tests / reorder_autotest SKIP 0.12s exit status 77 89/93 DPDK:fast-tests / service_autotest OK 3.62s 90/93 DPDK:fast-tests / thash_autotest OK 0.12s 91/93 DPDK:fast-tests / threads_autotest OK 0.68s 92/93 DPDK:fast-tests / trace_autotest SKIP 0.12s exit status 77 93/93 DPDK:fast-tests / metrics_autotest OK 0.12s Ok: 49 Expected Fail: 0 Fail: 1 Unexpected Pass: 0 Skipped: 43 Timeout: 0 Full log written to C:\Users\builder\jenkins\workspace\Generic-VM-Unit-Test-DPDK\dpdk\build\meson-logs\testlog.txt ==== End log output ==== Windows Server 2019 Kernel: 10.0 Compiler: clang 14.0 and gcc 8.1.0 (MinGW) CentOS Stream 8 Kernel: 4.18.0-240.10.1.el8_3.x86_64 Compiler: gcc 8.4.1 20200928 Debian Bullseye Kernel: 5.4.0-122-generic Compiler: gcc 10.2.1-6 CentOS Stream 9 Kernel: 4.18.0-240.10.1.el8_3.x86_64 Compiler: gcc 11.3.1 20220421 To view detailed results, visit: https://lab.dpdk.org/results/dashboard/tarballs/26802/ UNH-IOL DPDK Community Lab To manage your email subscriptions, visit: https://lab.dpdk.org/results/dashboard/preferences/subscriptions/