From mboxrd@z Thu Jan 1 00:00:00 1970 Return-Path: Received: from mails.dpdk.org (mails.dpdk.org [217.70.189.124]) by inbox.dpdk.org (Postfix) with ESMTP id 0FE2143275 for ; Fri, 3 Nov 2023 07:15:44 +0100 (CET) Received: from mails.dpdk.org (localhost [127.0.0.1]) by mails.dpdk.org (Postfix) with ESMTP id 0AEB540265; Fri, 3 Nov 2023 07:15:44 +0100 (CET) Received: from mail-pf1-f227.google.com (mail-pf1-f227.google.com [209.85.210.227]) by mails.dpdk.org (Postfix) with ESMTP id 36D3640265 for ; Fri, 3 Nov 2023 07:15:43 +0100 (CET) Received: by mail-pf1-f227.google.com with SMTP id d2e1a72fcca58-6bd0e1b1890so1602270b3a.3 for ; Thu, 02 Nov 2023 23:15:43 -0700 (PDT) DKIM-Signature: v=1; a=rsa-sha256; c=relaxed/relaxed; d=iol.unh.edu; s=unh-iol; t=1698992142; x=1699596942; darn=dpdk.org; h=cc:to:from:subject:message-id:date:from:to:cc:subject:date :message-id:reply-to; bh=If9+v4iw10sjJI8Ha2HGCeesDu3VhxGcgVTTGp+g5CE=; b=VHM0mQQLs8jXQzqPqifYWszW+y0SfvETYMloCv///qr+XB8q9AdRpSozWG+p3stQYu GCMY+FXlE58yxJrI8iHkfBTVvMjQvIVBIAsOvy8YF3EUEkVOCr02SPfjOiKRBSwGPDFA r5FxzVAaEFY6scAAFNxc9fKdcAvMEzQGA8MiY= X-Google-DKIM-Signature: v=1; a=rsa-sha256; c=relaxed/relaxed; d=1e100.net; s=20230601; t=1698992142; x=1699596942; h=cc:to:from:subject:message-id:date:x-gm-message-state:from:to:cc :subject:date:message-id:reply-to; bh=If9+v4iw10sjJI8Ha2HGCeesDu3VhxGcgVTTGp+g5CE=; b=Du+Crj+8rtBLrU9EI7ixudVl9ol6+w7Gz/Cf3OuJDt+2GHbZy+ap6PKDYNiwZviNT6 wad17+3/6ADrA1dSgYXfYlUSH3qHplzLXHtZvd5QNOuzwqhxpQn7BxLfF0eIy4SMHmri jHVfi8zPfU0TFeGi9ir23Z8zSJpyk4uNcjPpw9uf260cESJq8c2WRdX9Fc7jNECO3lH5 XOIuK8dt4E3qr48dRlyWSdMNDJ3Tso0jinCnBi7AuwBE5EybTwNx9F1+6h5JHsQPtTbs NFM77YTRczeuFXiw4tTAzZ3V5hxURQJLIikR4IGD2aD3fDFZgbqYUIHErQP7CUybDnnE R+Kw== X-Gm-Message-State: AOJu0Yyk+mYTmKO9qcM7SX/M42dtldNJ0Sbvkg2RS3yYxxv+PEj9Nj4A Ol+kuB4I3UxKwPN05YJ12xSh90tVDal5lEp+jcRwuEZbU7JpzQ== X-Google-Smtp-Source: AGHT+IGJL9vdYzy+u9hsOuHFbc0QFHKSR4w2GVs3DL/eJz22Cet7vSIrjJ682eK7Eay6DL7Eym1fUelxf58n X-Received: by 2002:a05:6a20:4c05:b0:171:8e16:ea83 with SMTP id fm5-20020a056a204c0500b001718e16ea83mr16182624pzb.29.1698992142425; Thu, 02 Nov 2023 23:15:42 -0700 (PDT) Received: from postal.iol.unh.edu (postal.iol.unh.edu. [132.177.123.84]) by smtp-relay.gmail.com with ESMTPS id ka26-20020a056a00939a00b006bed0f603fcsm100518pfb.3.2023.11.02.23.15.42 (version=TLS1_2 cipher=ECDHE-ECDSA-AES128-GCM-SHA256 bits=128/128); Thu, 02 Nov 2023 23:15:42 -0700 (PDT) X-Relaying-Domain: iol.unh.edu Date: Thu, 02 Nov 2023 23:15:42 -0700 (PDT) Message-ID: <6544900e.050a0220.a12c5.359bSMTPIN_ADDED_MISSING@mx.google.com> Received: from [172.21.0.4] (unknown [172.18.0.240]) by postal.iol.unh.edu (Postfix) with ESMTP id DF92A602A042; Fri, 3 Nov 2023 02:15:41 -0400 (EDT) Subject: |FAILURE| [GIT MASTER] 7849366693a2a2cbc5279a6bfd39cbb457fe7c96 From: dpdklab@iol.unh.edu To: Test Report Cc: dpdk-test-reports@iol.unh.edu, Xueming Li , Christian Ehrhardt , Kevin Traynor , Luca Boccassi Content-Type: text/plain X-BeenThere: test-report@dpdk.org X-Mailman-Version: 2.1.29 Precedence: list List-Id: automatic DPDK test reports List-Unsubscribe: , List-Archive: List-Post: List-Help: List-Subscribe: , Errors-To: test-report-bounces@dpdk.org _Testing issues_ Branch: tags/v22.11 7849366693a2a2cbc5279a6bfd39cbb457fe7c96 --> testing fail Test environment and result as below: +---------------------+----------------+ | Environment | dpdk_unit_test | +=====================+================+ | Windows Server 2019 | FAIL | +---------------------+----------------+ | CentOS Stream 8 | PASS | +---------------------+----------------+ | Debian Bullseye | PASS | +---------------------+----------------+ | CentOS Stream 9 | PASS | +---------------------+----------------+ | Fedora 38 | PASS | +---------------------+----------------+ ==== 20 line log output for Windows Server 2019 (dpdk_unit_test): ==== 85/93 DPDK:fast-tests / power_autotest SKIP 0.12s exit status 77 86/93 DPDK:fast-tests / power_kvm_vm_autotest SKIP 0.12s exit status 77 87/93 DPDK:fast-tests / power_intel_uncore_autotest SKIP 0.12s exit status 77 88/93 DPDK:fast-tests / reorder_autotest SKIP 0.12s exit status 77 89/93 DPDK:fast-tests / service_autotest OK 3.62s 90/93 DPDK:fast-tests / thash_autotest OK 0.12s 91/93 DPDK:fast-tests / threads_autotest OK 0.68s 92/93 DPDK:fast-tests / trace_autotest SKIP 0.12s exit status 77 93/93 DPDK:fast-tests / metrics_autotest OK 0.12s Ok: 49 Expected Fail: 0 Fail: 1 Unexpected Pass: 0 Skipped: 43 Timeout: 0 Full log written to C:\Users\builder\jenkins\workspace\Generic-VM-Unit-Test-DPDK\dpdk\build\meson-logs\testlog.txt ==== End log output ==== Windows Server 2019 Kernel: 10.0 Compiler: clang 14.0 and gcc 8.1.0 (MinGW) CentOS Stream 8 Kernel: 4.18.0-240.10.1.el8_3.x86_64 Compiler: gcc 8.4.1 20200928 Debian Bullseye Kernel: 5.4.0-122-generic Compiler: gcc 10.2.1-6 CentOS Stream 9 Kernel: 4.18.0-240.10.1.el8_3.x86_64 Compiler: gcc 11.3.1 20220421 Fedora 38 Kernel: Depends on container host Compiler: gcc 13.1.1 To view detailed results, visit: https://lab.dpdk.org/results/dashboard/tarballs/26802/ UNH-IOL DPDK Community Lab To manage your email subscriptions, visit: https://lab.dpdk.org/results/dashboard/preferences/subscriptions/