From mboxrd@z Thu Jan 1 00:00:00 1970 Return-Path: Received: from mails.dpdk.org (mails.dpdk.org [217.70.189.124]) by inbox.dpdk.org (Postfix) with ESMTP id 506B643275 for ; Fri, 3 Nov 2023 07:17:11 +0100 (CET) Received: from mails.dpdk.org (localhost [127.0.0.1]) by mails.dpdk.org (Postfix) with ESMTP id 4958E40265; Fri, 3 Nov 2023 07:17:11 +0100 (CET) Received: from mail-il1-f228.google.com (mail-il1-f228.google.com [209.85.166.228]) by mails.dpdk.org (Postfix) with ESMTP id 7BCBD40265 for ; Fri, 3 Nov 2023 07:17:10 +0100 (CET) Received: by mail-il1-f228.google.com with SMTP id e9e14a558f8ab-3594149e3a1so5829315ab.1 for ; Thu, 02 Nov 2023 23:17:10 -0700 (PDT) DKIM-Signature: v=1; a=rsa-sha256; c=relaxed/relaxed; d=iol.unh.edu; s=unh-iol; t=1698992230; x=1699597030; darn=dpdk.org; h=cc:to:from:subject:message-id:date:from:to:cc:subject:date :message-id:reply-to; bh=+hFfF59l0rWrSf9WyzPlyQ/mOYTIivABTdZMdNv2Qdw=; b=X9zslMhHMbtM1yVe819ZY/WB+FpLKQgTQD32S0KVbU9IdV0WkTqSYcGKnfXQFY9a1E 0T3rCpVUYwlwkusZfzv9kChYj0zLUGv4RxQNBrY/7B2epxymtW7C/M61p1KNBIp1QVyr bFhOzgJk8ZzfVg046CJxiXh5eC6o3TrV/gzNs= X-Google-DKIM-Signature: v=1; a=rsa-sha256; c=relaxed/relaxed; d=1e100.net; s=20230601; t=1698992230; x=1699597030; h=cc:to:from:subject:message-id:date:x-gm-message-state:from:to:cc :subject:date:message-id:reply-to; bh=+hFfF59l0rWrSf9WyzPlyQ/mOYTIivABTdZMdNv2Qdw=; b=l24lJRTlQVcGu36J9R+DVoCzdNEfCxvYCsIieG98MO4AEEez71rPLXilUJjSvqym8O mOr8JiqNiWKR9XfmP/m2rO8o97dSSqRFJ4l98PgCISLD9tUlRzemCDaTSPQFHmkB5sC4 DC3Tnrd9hw9CjCW8Lnx40Q3pwSg3FsfiCttNWOMORtT1g8JBZjVq7diEHi3kHzxwKjVI mrWcqqx6BUa/Gk9Jox4YCZhlixXl8NPMa/SXO8D8iMJ3CvUv0Az5rAAn9HIeDWFOkh6n Utpn49iB9Jip/bFdIADF0uXWUBeIeIntjiKR6bL7UC8NsTnYzx8ichlvQcgA0bHgh0cY nNhg== X-Gm-Message-State: AOJu0YyYA0+IHv2JYx+TdBGjtXER2ckwoEfiPJLPPtM6doOHkF2RPon2 xIE2EIKuRhe/e5SVCeKaKvYGBK/gqO9ulLe1G/4XBclebsKq3g== X-Google-Smtp-Source: AGHT+IGNS4BOtMdObQL0ulQR521ahCEf2KFZ47z1ye8dziMJxBUQRJROcHAEM+8Z/HRVel15qomQVPUMnINi X-Received: by 2002:a92:d1c9:0:b0:359:492f:698a with SMTP id u9-20020a92d1c9000000b00359492f698amr6274333ilg.26.1698992229925; Thu, 02 Nov 2023 23:17:09 -0700 (PDT) Received: from postal.iol.unh.edu (postal.iol.unh.edu. [132.177.123.84]) by smtp-relay.gmail.com with ESMTPS id z11-20020a92da0b000000b003526f14513asm76843ilm.31.2023.11.02.23.17.09 (version=TLS1_2 cipher=ECDHE-ECDSA-AES128-GCM-SHA256 bits=128/128); Thu, 02 Nov 2023 23:17:09 -0700 (PDT) X-Relaying-Domain: iol.unh.edu Date: Thu, 02 Nov 2023 23:17:09 -0700 (PDT) Message-ID: <65449065.920a0220.f4a3b.2eddSMTPIN_ADDED_MISSING@mx.google.com> Received: from [172.21.0.2] (unknown [172.18.0.240]) by postal.iol.unh.edu (Postfix) with ESMTP id 6C1B6602A042; Fri, 3 Nov 2023 02:17:09 -0400 (EDT) Subject: |FAILURE| [GIT MASTER] 7849366693a2a2cbc5279a6bfd39cbb457fe7c96 From: dpdklab@iol.unh.edu To: Test Report Cc: dpdk-test-reports@iol.unh.edu, Xueming Li , Christian Ehrhardt , Kevin Traynor , Luca Boccassi Content-Type: text/plain X-BeenThere: test-report@dpdk.org X-Mailman-Version: 2.1.29 Precedence: list List-Id: automatic DPDK test reports List-Unsubscribe: , List-Archive: List-Post: List-Help: List-Subscribe: , Errors-To: test-report-bounces@dpdk.org _Testing issues_ Branch: tags/v22.11 7849366693a2a2cbc5279a6bfd39cbb457fe7c96 --> testing fail Test environment and result as below: +---------------------+----------------+ | Environment | dpdk_unit_test | +=====================+================+ | Windows Server 2019 | FAIL | +---------------------+----------------+ | CentOS Stream 8 | PASS | +---------------------+----------------+ | Debian Bullseye | PASS | +---------------------+----------------+ | CentOS Stream 9 | PASS | +---------------------+----------------+ | Fedora 38 | PASS | +---------------------+----------------+ | RHEL 7 | PASS | +---------------------+----------------+ ==== 20 line log output for Windows Server 2019 (dpdk_unit_test): ==== 85/93 DPDK:fast-tests / power_autotest SKIP 0.12s exit status 77 86/93 DPDK:fast-tests / power_kvm_vm_autotest SKIP 0.12s exit status 77 87/93 DPDK:fast-tests / power_intel_uncore_autotest SKIP 0.12s exit status 77 88/93 DPDK:fast-tests / reorder_autotest SKIP 0.12s exit status 77 89/93 DPDK:fast-tests / service_autotest OK 3.62s 90/93 DPDK:fast-tests / thash_autotest OK 0.12s 91/93 DPDK:fast-tests / threads_autotest OK 0.68s 92/93 DPDK:fast-tests / trace_autotest SKIP 0.12s exit status 77 93/93 DPDK:fast-tests / metrics_autotest OK 0.12s Ok: 49 Expected Fail: 0 Fail: 1 Unexpected Pass: 0 Skipped: 43 Timeout: 0 Full log written to C:\Users\builder\jenkins\workspace\Generic-VM-Unit-Test-DPDK\dpdk\build\meson-logs\testlog.txt ==== End log output ==== Windows Server 2019 Kernel: 10.0 Compiler: clang 14.0 and gcc 8.1.0 (MinGW) CentOS Stream 8 Kernel: 4.18.0-240.10.1.el8_3.x86_64 Compiler: gcc 8.4.1 20200928 Debian Bullseye Kernel: 5.4.0-122-generic Compiler: gcc 10.2.1-6 CentOS Stream 9 Kernel: 4.18.0-240.10.1.el8_3.x86_64 Compiler: gcc 11.3.1 20220421 Fedora 38 Kernel: Depends on container host Compiler: gcc 13.1.1 RHEL 7 Kernel: 4.18.0-240.10.1.el8_3.x86_64 Compiler: gcc 4.8.5 20150623 (Red Hat 4.8.5-44) To view detailed results, visit: https://lab.dpdk.org/results/dashboard/tarballs/26802/ UNH-IOL DPDK Community Lab To manage your email subscriptions, visit: https://lab.dpdk.org/results/dashboard/preferences/subscriptions/