From mboxrd@z Thu Jan 1 00:00:00 1970 Return-Path: Received: from mails.dpdk.org (mails.dpdk.org [217.70.189.124]) by inbox.dpdk.org (Postfix) with ESMTP id 0B6A3432E1 for ; Thu, 9 Nov 2023 08:27:16 +0100 (CET) Received: from mails.dpdk.org (localhost [127.0.0.1]) by mails.dpdk.org (Postfix) with ESMTP id 05A3F4013F; Thu, 9 Nov 2023 08:27:16 +0100 (CET) Received: from mail-yw1-f227.google.com (mail-yw1-f227.google.com [209.85.128.227]) by mails.dpdk.org (Postfix) with ESMTP id 40A5C4013F for ; Thu, 9 Nov 2023 08:27:15 +0100 (CET) Received: by mail-yw1-f227.google.com with SMTP id 00721157ae682-5b31c5143a0so6620727b3.3 for ; Wed, 08 Nov 2023 23:27:15 -0800 (PST) DKIM-Signature: v=1; a=rsa-sha256; c=relaxed/relaxed; d=iol.unh.edu; s=unh-iol; t=1699514834; x=1700119634; darn=dpdk.org; h=cc:to:from:subject:message-id:date:from:to:cc:subject:date :message-id:reply-to; bh=5+8n1pPZ/naKIU8sxMUW0RQ4GegkEtiHr8+FZPzWJP0=; b=E4OssjzAqs1nCDBfApzsWQq/NZ+RLdvuH1wX5ywZ3MZSrYe2jCHHLE9h/yx1aJwloS /tYRY/t03NPXKHulTt9BCf38UGmf98u6tFenf3wOdNRZV6R68kHy8Q7KA9ATgV36dy12 U3UXuNKo1H/je6FRnOSQbdfO/acFI/eq8dNb8= X-Google-DKIM-Signature: v=1; a=rsa-sha256; c=relaxed/relaxed; d=1e100.net; s=20230601; t=1699514834; x=1700119634; h=cc:to:from:subject:message-id:date:x-gm-message-state:from:to:cc :subject:date:message-id:reply-to; bh=5+8n1pPZ/naKIU8sxMUW0RQ4GegkEtiHr8+FZPzWJP0=; b=vokU8q4/++7rYDlFIWDwig7pajjht27SPQJQ7Rt4gawGVhllWK31Fgs6U2PN/gR4H4 TsogoIzkckKu+8s5Uf8sfQe12udieCJ1fT5thfxxgKqRtIrazMmJ/vKnMdOKMbcBrDro Rru8RlznyxtTrp+TJHSn5IxZhG/Pgg6V0xAE/Ks6A3UlGbGeNxqEi2kKPhePD/IoGY8A rBZh+XJbP+SAl+I7G34FZUKVesLkwlzRTwgpsN4Craqc9KXUqRBngKxedFsE0Hboe1v0 yDXKcn0yItNTBUmKl+8/lUkuKaET2KiyMvc5Fs5QXi9w2Y5VpNxpVpBlQ857gf+9NKBV mGGA== X-Gm-Message-State: AOJu0YwExQ9nLZ51BDK299qX1swsfCuLSObi41QkeNfvKf041Ulgk02+ r9Dta98u0bL4s9YfBEXnOA7f0DdaB5B7bJy5LQ8Ifr4Ec8KVgzZBbxKQoAzhejzt+A== X-Google-Smtp-Source: AGHT+IFwD8sQ0/GrhimN/QTmZ+AiAzfz6Ri+S/mnmsRMWNqU0yYFNunlWZA3rlEeW/U+mhKoiriH9nGROlbB X-Received: by 2002:a25:dfc6:0:b0:d9a:41a0:54be with SMTP id w189-20020a25dfc6000000b00d9a41a054bemr4652429ybg.25.1699514834635; Wed, 08 Nov 2023 23:27:14 -0800 (PST) Received: from postal.iol.unh.edu (postal.iol.unh.edu. [2606:4100:3880:1234::84]) by smtp-relay.gmail.com with ESMTPS id a206-20020a254dd7000000b00d9cad8744fesm1123957ybb.24.2023.11.08.23.27.14 (version=TLS1_2 cipher=ECDHE-ECDSA-AES128-GCM-SHA256 bits=128/128); Wed, 08 Nov 2023 23:27:14 -0800 (PST) X-Relaying-Domain: iol.unh.edu Date: Wed, 08 Nov 2023 23:27:14 -0800 (PST) Message-ID: <654c89d2.250a0220.b1c8d.c176SMTPIN_ADDED_MISSING@mx.google.com> Received: from [172.21.0.2] (unknown [172.18.0.240]) by postal.iol.unh.edu (Postfix) with ESMTP id 4742A605C318; Thu, 9 Nov 2023 02:27:14 -0500 (EST) Subject: |FAILURE| [GIT MASTER] 7849366693a2a2cbc5279a6bfd39cbb457fe7c96 From: dpdklab@iol.unh.edu To: Test Report Cc: dpdk-test-reports@iol.unh.edu, Xueming Li , Christian Ehrhardt , Kevin Traynor , Luca Boccassi Content-Type: text/plain X-BeenThere: test-report@dpdk.org X-Mailman-Version: 2.1.29 Precedence: list List-Id: automatic DPDK test reports List-Unsubscribe: , List-Archive: List-Post: List-Help: List-Subscribe: , Errors-To: test-report-bounces@dpdk.org _Testing issues_ Branch: tags/v22.11 7849366693a2a2cbc5279a6bfd39cbb457fe7c96 --> testing fail Test environment and result as below: +---------------------+----------------+ | Environment | dpdk_unit_test | +=====================+================+ | Windows Server 2019 | FAIL | +---------------------+----------------+ | CentOS Stream 8 | PASS | +---------------------+----------------+ | Debian Bullseye | PASS | +---------------------+----------------+ | CentOS Stream 9 | PASS | +---------------------+----------------+ | Debian Buster | PASS | +---------------------+----------------+ | Fedora 37 | PASS | +---------------------+----------------+ | openSUSE Leap 15 | PASS | +---------------------+----------------+ | Fedora 38 | PASS | +---------------------+----------------+ ==== 20 line log output for Windows Server 2019 (dpdk_unit_test): ==== 85/93 DPDK:fast-tests / power_autotest SKIP 0.12s exit status 77 86/93 DPDK:fast-tests / power_kvm_vm_autotest SKIP 0.11s exit status 77 87/93 DPDK:fast-tests / power_intel_uncore_autotest SKIP 0.12s exit status 77 88/93 DPDK:fast-tests / reorder_autotest SKIP 0.12s exit status 77 89/93 DPDK:fast-tests / service_autotest OK 3.87s 90/93 DPDK:fast-tests / thash_autotest OK 0.12s 91/93 DPDK:fast-tests / threads_autotest OK 0.82s 92/93 DPDK:fast-tests / trace_autotest SKIP 0.24s exit status 77 93/93 DPDK:fast-tests / metrics_autotest OK 0.14s Ok: 49 Expected Fail: 0 Fail: 1 Unexpected Pass: 0 Skipped: 43 Timeout: 0 Full log written to C:\Users\builder\jenkins\workspace\Generic-VM-Unit-Test-DPDK\dpdk\build\meson-logs\testlog.txt ==== End log output ==== Windows Server 2019 Kernel: 10.0 Compiler: clang 14.0 and gcc 8.1.0 (MinGW) CentOS Stream 8 Kernel: 4.18.0-240.10.1.el8_3.x86_64 Compiler: gcc 8.4.1 20200928 Debian Bullseye Kernel: 5.4.0-122-generic Compiler: gcc 10.2.1-6 CentOS Stream 9 Kernel: 4.18.0-240.10.1.el8_3.x86_64 Compiler: gcc 11.3.1 20220421 Debian Buster Kernel: 5.4.0-122-generic Compiler: gcc 8.3.0-6 Fedora 37 Kernel: Depends on container host system Compiler: gcc 12.3.1 openSUSE Leap 15 Kernel: 4.18.0-240.10.1.el8_3.x86_64 Compiler: gcc 7.5.0 Fedora 38 Kernel: Depends on container host Compiler: gcc 13.1.1 To view detailed results, visit: https://lab.dpdk.org/results/dashboard/tarballs/26893/ UNH-IOL DPDK Community Lab To manage your email subscriptions, visit: https://lab.dpdk.org/results/dashboard/preferences/subscriptions/