From mboxrd@z Thu Jan 1 00:00:00 1970 Return-Path: Received: from mails.dpdk.org (mails.dpdk.org [217.70.189.124]) by inbox.dpdk.org (Postfix) with ESMTP id 4CD17432EF for ; Fri, 10 Nov 2023 07:56:27 +0100 (CET) Received: from mails.dpdk.org (localhost [127.0.0.1]) by mails.dpdk.org (Postfix) with ESMTP id 378E14026D; Fri, 10 Nov 2023 07:56:27 +0100 (CET) Received: from mail-qk1-f226.google.com (mail-qk1-f226.google.com [209.85.222.226]) by mails.dpdk.org (Postfix) with ESMTP id 1232D4026D for ; Fri, 10 Nov 2023 07:56:26 +0100 (CET) Received: by mail-qk1-f226.google.com with SMTP id af79cd13be357-7781bc3783fso116218585a.1 for ; Thu, 09 Nov 2023 22:56:26 -0800 (PST) DKIM-Signature: v=1; a=rsa-sha256; c=relaxed/relaxed; d=iol.unh.edu; s=unh-iol; t=1699599385; x=1700204185; darn=dpdk.org; h=cc:to:from:subject:message-id:date:from:to:cc:subject:date :message-id:reply-to; bh=GTTK0Ud72b+2v8R4mv7UYWiKUfg8kVVQJb+CnDCAXuU=; b=Vy5rFzziCZ+8fWpIQwGB/US5JMDZ3bxaLPWXc5F5v7UHZh3vFdOkaUpMahhWc5WWtg D90eSsTT2roi1O6cIc7/4cSDBJhG/COoxCBXrvnN3zRQFfwSPkUX67OnJkDnG75f60Ei D04Pnt68M0PQVcpuic1rAjW7ip51gAcnVlKi0= X-Google-DKIM-Signature: v=1; a=rsa-sha256; c=relaxed/relaxed; d=1e100.net; s=20230601; t=1699599385; x=1700204185; h=cc:to:from:subject:message-id:date:x-gm-message-state:from:to:cc :subject:date:message-id:reply-to; bh=GTTK0Ud72b+2v8R4mv7UYWiKUfg8kVVQJb+CnDCAXuU=; b=encOzIbztI/BQ1m5ee6nFJbjgSaB1LXeRMfGcEAzFdGt/mb2WSVTuezgoJWKh+lrnv o9OlMl1E7mYd1Np8St8JyyZNKFGLRvTqaRShok0RA8CKMeRlUJS10wkMVJknevg//LGB eh7UK0oLro6R2XOHsq9u6xFDJXa/If9XAQ8vjuEsZd96zcitxmcXHuQbB9X1ChHMZBcc Rhyk+H+ssENUXxXoM6L4RHA0VHsgqcHkMEPxGhzkMwbetlYUMxyeC2veKMd7BkeZUEVQ /AauBJVErhqIycTx1FAXnq3prPYluECniCuvZNOk9MAmcHlVItWPO5S8XpaIH4QpCfop 58pg== X-Gm-Message-State: AOJu0YwXbYZq42To7b/lz3DYhTaojRfFA7RUL64xv28dt2Qx1hUFXzXE UDAsx/df1fDm1buCs62k61jZFVhQaCAzX5xZeTCkUThKXuSgTSq+a7qflpXdYOp3GA== X-Google-Smtp-Source: AGHT+IGabyU6XZKvgKIwUrG+yGmlPAmTD5Q3dvSZxo+kFS49CXMb/31mmEHCi3hJfc/DbyEWEZ9JkUN4UL/W X-Received: by 2002:a05:622a:1744:b0:41e:245a:2cfc with SMTP id l4-20020a05622a174400b0041e245a2cfcmr9183441qtk.50.1699599385534; Thu, 09 Nov 2023 22:56:25 -0800 (PST) Received: from postal.iol.unh.edu (postal.iol.unh.edu. [2606:4100:3880:1234::84]) by smtp-relay.gmail.com with ESMTPS id h10-20020ac87d4a000000b00417a74622dfsm721687qtb.19.2023.11.09.22.56.25 (version=TLS1_2 cipher=ECDHE-ECDSA-AES128-GCM-SHA256 bits=128/128); Thu, 09 Nov 2023 22:56:25 -0800 (PST) X-Relaying-Domain: iol.unh.edu Date: Thu, 09 Nov 2023 22:56:25 -0800 (PST) Message-ID: <654dd419.c80a0220.e2e4a.ed84SMTPIN_ADDED_MISSING@mx.google.com> Received: from [172.21.0.2] (unknown [172.18.0.240]) by postal.iol.unh.edu (Postfix) with ESMTP id 34959605C318; Fri, 10 Nov 2023 01:56:25 -0500 (EST) Subject: |FAILURE| [GIT MASTER] 7849366693a2a2cbc5279a6bfd39cbb457fe7c96 From: dpdklab@iol.unh.edu To: Test Report Cc: dpdk-test-reports@iol.unh.edu, Xueming Li , Christian Ehrhardt , Kevin Traynor , Luca Boccassi Content-Type: text/plain X-BeenThere: test-report@dpdk.org X-Mailman-Version: 2.1.29 Precedence: list List-Id: automatic DPDK test reports List-Unsubscribe: , List-Archive: List-Post: List-Help: List-Subscribe: , Errors-To: test-report-bounces@dpdk.org _Testing issues_ Branch: tags/v22.11 7849366693a2a2cbc5279a6bfd39cbb457fe7c96 --> testing fail Test environment and result as below: +---------------------+----------------+ | Environment | dpdk_unit_test | +=====================+================+ | Windows Server 2019 | FAIL | +---------------------+----------------+ | Debian Buster | PASS | +---------------------+----------------+ | CentOS Stream 9 | PASS | +---------------------+----------------+ | Fedora 37 | PASS | +---------------------+----------------+ ==== 20 line log output for Windows Server 2019 (dpdk_unit_test): ==== 85/93 DPDK:fast-tests / power_autotest SKIP 0.11s exit status 77 86/93 DPDK:fast-tests / power_kvm_vm_autotest SKIP 0.12s exit status 77 87/93 DPDK:fast-tests / power_intel_uncore_autotest SKIP 0.11s exit status 77 88/93 DPDK:fast-tests / reorder_autotest SKIP 0.11s exit status 77 89/93 DPDK:fast-tests / service_autotest OK 3.62s 90/93 DPDK:fast-tests / thash_autotest OK 0.12s 91/93 DPDK:fast-tests / threads_autotest OK 0.68s 92/93 DPDK:fast-tests / trace_autotest SKIP 0.12s exit status 77 93/93 DPDK:fast-tests / metrics_autotest OK 0.12s Ok: 49 Expected Fail: 0 Fail: 1 Unexpected Pass: 0 Skipped: 43 Timeout: 0 Full log written to C:\Users\builder\jenkins\workspace\Generic-VM-Unit-Test-DPDK\dpdk\build\meson-logs\testlog.txt ==== End log output ==== Windows Server 2019 Kernel: 10.0 Compiler: clang 14.0 and gcc 8.1.0 (MinGW) Debian Buster Kernel: 5.4.0-122-generic Compiler: gcc 8.3.0-6 CentOS Stream 9 Kernel: 4.18.0-240.10.1.el8_3.x86_64 Compiler: gcc 11.3.1 20220421 Fedora 37 Kernel: Depends on container host system Compiler: gcc 12.3.1 To view detailed results, visit: https://lab.dpdk.org/results/dashboard/tarballs/26925/ UNH-IOL DPDK Community Lab To manage your email subscriptions, visit: https://lab.dpdk.org/results/dashboard/preferences/subscriptions/