From mboxrd@z Thu Jan 1 00:00:00 1970 Return-Path: Received: from mails.dpdk.org (mails.dpdk.org [217.70.189.124]) by inbox.dpdk.org (Postfix) with ESMTP id A901A432F0 for ; Fri, 10 Nov 2023 08:19:11 +0100 (CET) Received: from mails.dpdk.org (localhost [127.0.0.1]) by mails.dpdk.org (Postfix) with ESMTP id A38FA4026D; Fri, 10 Nov 2023 08:19:11 +0100 (CET) Received: from mail-yw1-f225.google.com (mail-yw1-f225.google.com [209.85.128.225]) by mails.dpdk.org (Postfix) with ESMTP id 177FB4026D for ; Fri, 10 Nov 2023 08:19:11 +0100 (CET) Received: by mail-yw1-f225.google.com with SMTP id 00721157ae682-5a82f176860so20486667b3.1 for ; Thu, 09 Nov 2023 23:19:11 -0800 (PST) DKIM-Signature: v=1; a=rsa-sha256; c=relaxed/relaxed; d=iol.unh.edu; s=unh-iol; t=1699600750; x=1700205550; darn=dpdk.org; h=cc:to:from:subject:message-id:date:from:to:cc:subject:date :message-id:reply-to; bh=ibU0xB5NyKh0ad0gl1RHq06TzI2/Xg3Pb3nJcBApgx8=; b=gv8rZ1nojcnpfmeHNhvnjOozcEOp3xIelbeaSlllu5hrcbq3tsCAEOpC5b7GtSYdmq 49J+wzMx5X10nXbDy5mxo7Zg2zIwDHs2diipYbxDnKuCE2uvA55xX/Ylai8SRCpqTl6i ItQXxcutmFfyt9FDCrNWe2djid99MfysysvSc= X-Google-DKIM-Signature: v=1; a=rsa-sha256; c=relaxed/relaxed; d=1e100.net; s=20230601; t=1699600750; x=1700205550; h=cc:to:from:subject:message-id:date:x-gm-message-state:from:to:cc :subject:date:message-id:reply-to; bh=ibU0xB5NyKh0ad0gl1RHq06TzI2/Xg3Pb3nJcBApgx8=; b=VFw7hwyV+U/L1rZnTfcdJ1U+aVFtTmeH/FPNiU2BTGOKOhErKPnN7tSX9VtVWCbcKe LNq2Y1M2IXzzdcVs9H0g2skMKy0kyMkNMfkJDhbZwOJTpIXLqSri898a/JeyiSYRY8Gj GWp4ZmsT4+0ncck8nmy6009g5vQTBVNdWSYyejCI6htrO51x7/fNkJ11kaAO3+27bugV 6Grke6q8lSv4TrHoy8ryZ3K6NG5NS9eC1WtzVFe+ygYrkF4X5fFbT/G6atb4VHNUs1ap 1Mx2RkBTPg1jn9GYpo2lhD6cLuTPd547kw3ZPxUNgBG4sC0s+zQa8QXE+SN9sBnzkQbK pi7w== X-Gm-Message-State: AOJu0YwVkMSukGTpfDMYEMLphfD+MH7ZjBl/DtZej+m4Rw/ttQVSEBaw ivA/lCYd55veFUua3/S7FyAaBN7Jg/JaQginKqUDTv/yhcGNiw== X-Google-Smtp-Source: AGHT+IE6BFXY+WOMKy7M9mW9nnEmmXNkGCimFHwEtJ52JgxgYvtWEc4iqUafh+qTb3kQozz+tNScWL8dNDJh X-Received: by 2002:a05:690c:a06:b0:5a8:960d:e538 with SMTP id cg6-20020a05690c0a0600b005a8960de538mr7627394ywb.47.1699600750522; Thu, 09 Nov 2023 23:19:10 -0800 (PST) Received: from postal.iol.unh.edu (postal.iol.unh.edu. [132.177.123.84]) by smtp-relay.gmail.com with ESMTPS id k7-20020a816f07000000b005771ba13832sm1655727ywc.39.2023.11.09.23.19.10 (version=TLS1_2 cipher=ECDHE-ECDSA-AES128-GCM-SHA256 bits=128/128); Thu, 09 Nov 2023 23:19:10 -0800 (PST) X-Relaying-Domain: iol.unh.edu Date: Thu, 09 Nov 2023 23:19:10 -0800 (PST) Message-ID: <654dd96e.810a0220.bfd7e.815eSMTPIN_ADDED_MISSING@mx.google.com> Received: from [172.21.0.2] (unknown [172.18.0.240]) by postal.iol.unh.edu (Postfix) with ESMTP id 1BE83605C318; Fri, 10 Nov 2023 02:19:10 -0500 (EST) Subject: |FAILURE| [GIT MASTER] 7849366693a2a2cbc5279a6bfd39cbb457fe7c96 From: dpdklab@iol.unh.edu To: Test Report Cc: dpdk-test-reports@iol.unh.edu, Xueming Li , Christian Ehrhardt , Kevin Traynor , Luca Boccassi Content-Type: text/plain X-BeenThere: test-report@dpdk.org X-Mailman-Version: 2.1.29 Precedence: list List-Id: automatic DPDK test reports List-Unsubscribe: , List-Archive: List-Post: List-Help: List-Subscribe: , Errors-To: test-report-bounces@dpdk.org _Testing issues_ Branch: tags/v22.11 7849366693a2a2cbc5279a6bfd39cbb457fe7c96 --> testing fail Test environment and result as below: +---------------------+----------------+ | Environment | dpdk_unit_test | +=====================+================+ | Windows Server 2019 | FAIL | +---------------------+----------------+ | Debian Buster | PASS | +---------------------+----------------+ | CentOS Stream 9 | PASS | +---------------------+----------------+ | Fedora 37 | PASS | +---------------------+----------------+ | CentOS Stream 8 | PASS | +---------------------+----------------+ | Debian Bullseye | PASS | +---------------------+----------------+ | openSUSE Leap 15 | PASS | +---------------------+----------------+ | Fedora 38 | PASS | +---------------------+----------------+ ==== 20 line log output for Windows Server 2019 (dpdk_unit_test): ==== 85/93 DPDK:fast-tests / power_autotest SKIP 0.11s exit status 77 86/93 DPDK:fast-tests / power_kvm_vm_autotest SKIP 0.12s exit status 77 87/93 DPDK:fast-tests / power_intel_uncore_autotest SKIP 0.11s exit status 77 88/93 DPDK:fast-tests / reorder_autotest SKIP 0.11s exit status 77 89/93 DPDK:fast-tests / service_autotest OK 3.62s 90/93 DPDK:fast-tests / thash_autotest OK 0.12s 91/93 DPDK:fast-tests / threads_autotest OK 0.68s 92/93 DPDK:fast-tests / trace_autotest SKIP 0.12s exit status 77 93/93 DPDK:fast-tests / metrics_autotest OK 0.12s Ok: 49 Expected Fail: 0 Fail: 1 Unexpected Pass: 0 Skipped: 43 Timeout: 0 Full log written to C:\Users\builder\jenkins\workspace\Generic-VM-Unit-Test-DPDK\dpdk\build\meson-logs\testlog.txt ==== End log output ==== Windows Server 2019 Kernel: 10.0 Compiler: clang 14.0 and gcc 8.1.0 (MinGW) Debian Buster Kernel: 5.4.0-122-generic Compiler: gcc 8.3.0-6 CentOS Stream 9 Kernel: 4.18.0-240.10.1.el8_3.x86_64 Compiler: gcc 11.3.1 20220421 Fedora 37 Kernel: Depends on container host system Compiler: gcc 12.3.1 CentOS Stream 8 Kernel: 4.18.0-240.10.1.el8_3.x86_64 Compiler: gcc 8.4.1 20200928 Debian Bullseye Kernel: 5.4.0-122-generic Compiler: gcc 10.2.1-6 openSUSE Leap 15 Kernel: 4.18.0-240.10.1.el8_3.x86_64 Compiler: gcc 7.5.0 Fedora 38 Kernel: Depends on container host Compiler: gcc 13.1.1 To view detailed results, visit: https://lab.dpdk.org/results/dashboard/tarballs/26925/ UNH-IOL DPDK Community Lab To manage your email subscriptions, visit: https://lab.dpdk.org/results/dashboard/preferences/subscriptions/