From mboxrd@z Thu Jan 1 00:00:00 1970 Return-Path: Received: from mails.dpdk.org (mails.dpdk.org [217.70.189.124]) by inbox.dpdk.org (Postfix) with ESMTP id D1B15432FD for ; Sat, 11 Nov 2023 08:22:59 +0100 (CET) Received: from mails.dpdk.org (localhost [127.0.0.1]) by mails.dpdk.org (Postfix) with ESMTP id CB74B40156; Sat, 11 Nov 2023 08:22:59 +0100 (CET) Received: from mail-yw1-f228.google.com (mail-yw1-f228.google.com [209.85.128.228]) by mails.dpdk.org (Postfix) with ESMTP id 3358240156 for ; Sat, 11 Nov 2023 08:22:58 +0100 (CET) Received: by mail-yw1-f228.google.com with SMTP id 00721157ae682-5bf58204b7aso28403877b3.3 for ; Fri, 10 Nov 2023 23:22:58 -0800 (PST) DKIM-Signature: v=1; a=rsa-sha256; c=relaxed/relaxed; d=iol.unh.edu; s=unh-iol; t=1699687377; x=1700292177; darn=dpdk.org; h=cc:to:from:subject:message-id:date:from:to:cc:subject:date :message-id:reply-to; bh=iA4PncpyVKKSDkUwe5MCMt+mv3dfaEMp079xJyycdvg=; b=Otg7wUuQ5kIwzKkD8/biC4LyB4v/EGYUr6237nz3lNA7wvexcwq8140DdWWa+LQtL7 yBRfNLCXYNxlR+Z2XJOBU5ralYtApOmYPpMVnHZ66zj5qVDYN6UbxM3gfp6aubAMmVMR eGxDPqZjXmfOhb42bl1C9nCSRZ4AF8o5+x6aY= X-Google-DKIM-Signature: v=1; a=rsa-sha256; c=relaxed/relaxed; d=1e100.net; s=20230601; t=1699687377; x=1700292177; h=cc:to:from:subject:message-id:date:x-gm-message-state:from:to:cc :subject:date:message-id:reply-to; bh=iA4PncpyVKKSDkUwe5MCMt+mv3dfaEMp079xJyycdvg=; b=SL1pQG+YXCOG50vjNmXwwOmSs2uhW0D2SaHzLlyJEzTPit4xd1nhH7rYgJas4ix1il TW57K6kOW7uA3UoTpcyhKn6jVok2oA+aCRq3n7kiMV9vZaDzgoWIn7/pG62BzbbNA+0f qoQWVJlmL3qlESLwG/Ti6rRw5HIrbb8pc+PjZTJENnx2p9lLaUzA+TpHlNFc0ZAzbbS6 jnduPMjlHvLWx/Iz+UzZaJiGONAsc3W6NXc7nPj4DsZ5juHOSurpNlMkPY0UZCj3C+jn CPf/uU4VfvcUXMVAzRc0gF1C8CxMv+CaJieDp8QEvUUBhfQhx819kEfwHGd58meAg2c4 2dFA== X-Gm-Message-State: AOJu0Yw9juBK1QtCZtZRyCknX+epejJvTclVIX/6J43rsHyvxR1dakKi VTtBbXqUY3kcvIQYab678Rwc6pE9MnRXKiYIwP6jVvu46Zfr6d5HdmUyB8kslaa6wQ== X-Google-Smtp-Source: AGHT+IFKr9iFC+IcAVSeR/rs/GQLFWpm1fa2l3L7So3S9fCVJ85Hq1IqjEmBO0Zp6MCR4DsG66ElsvaiYnIQ X-Received: by 2002:a0d:e690:0:b0:5c0:8f5e:c8fa with SMTP id p138-20020a0de690000000b005c08f5ec8famr1440530ywe.5.1699687377609; Fri, 10 Nov 2023 23:22:57 -0800 (PST) Received: from postal.iol.unh.edu (postal.iol.unh.edu. [2606:4100:3880:1234::84]) by smtp-relay.gmail.com with ESMTPS id b74-20020a0dd94d000000b005a7be232978sm814138ywe.15.2023.11.10.23.22.57 (version=TLS1_2 cipher=ECDHE-ECDSA-AES128-GCM-SHA256 bits=128/128); Fri, 10 Nov 2023 23:22:57 -0800 (PST) X-Relaying-Domain: iol.unh.edu Date: Fri, 10 Nov 2023 23:22:57 -0800 (PST) Message-ID: <654f2bd1.0d0a0220.e4e0e.4435SMTPIN_ADDED_MISSING@mx.google.com> Received: from [172.21.0.2] (unknown [172.18.0.240]) by postal.iol.unh.edu (Postfix) with ESMTP id 3C913605C318; Sat, 11 Nov 2023 02:22:57 -0500 (EST) Subject: |FAILURE| [GIT MASTER] 7849366693a2a2cbc5279a6bfd39cbb457fe7c96 From: dpdklab@iol.unh.edu To: Test Report Cc: dpdk-test-reports@iol.unh.edu, Xueming Li , Christian Ehrhardt , Kevin Traynor , Luca Boccassi Content-Type: text/plain X-BeenThere: test-report@dpdk.org X-Mailman-Version: 2.1.29 Precedence: list List-Id: automatic DPDK test reports List-Unsubscribe: , List-Archive: List-Post: List-Help: List-Subscribe: , Errors-To: test-report-bounces@dpdk.org _Testing issues_ Branch: tags/v22.11 7849366693a2a2cbc5279a6bfd39cbb457fe7c96 --> testing fail Test environment and result as below: +---------------------+----------------+ | Environment | dpdk_unit_test | +=====================+================+ | Windows Server 2019 | FAIL | +---------------------+----------------+ | CentOS Stream 8 | PASS | +---------------------+----------------+ | Fedora 37 | PASS | +---------------------+----------------+ | Debian Bullseye | PASS | +---------------------+----------------+ | Debian Buster | PASS | +---------------------+----------------+ | Fedora 38 | PASS | +---------------------+----------------+ | CentOS Stream 9 | PASS | +---------------------+----------------+ | RHEL 7 | PASS | +---------------------+----------------+ | RHEL8 | PASS | +---------------------+----------------+ | Ubuntu 22.04 | PASS | +---------------------+----------------+ | openSUSE Leap 15 | PASS | +---------------------+----------------+ | Ubuntu 20.04 | PASS | +---------------------+----------------+ ==== 20 line log output for Windows Server 2019 (dpdk_unit_test): ==== 85/93 DPDK:fast-tests / power_autotest SKIP 0.12s exit status 77 86/93 DPDK:fast-tests / power_kvm_vm_autotest SKIP 0.11s exit status 77 87/93 DPDK:fast-tests / power_intel_uncore_autotest SKIP 0.12s exit status 77 88/93 DPDK:fast-tests / reorder_autotest SKIP 0.12s exit status 77 89/93 DPDK:fast-tests / service_autotest OK 3.63s 90/93 DPDK:fast-tests / thash_autotest OK 0.12s 91/93 DPDK:fast-tests / threads_autotest OK 0.69s 92/93 DPDK:fast-tests / trace_autotest SKIP 0.12s exit status 77 93/93 DPDK:fast-tests / metrics_autotest OK 0.12s Ok: 49 Expected Fail: 0 Fail: 1 Unexpected Pass: 0 Skipped: 43 Timeout: 0 Full log written to C:\Users\builder\jenkins\workspace\Generic-VM-Unit-Test-DPDK\dpdk\build\meson-logs\testlog.txt ==== End log output ==== Windows Server 2019 Kernel: 10.0 Compiler: clang 14.0 and gcc 8.1.0 (MinGW) CentOS Stream 8 Kernel: 4.18.0-240.10.1.el8_3.x86_64 Compiler: gcc 8.4.1 20200928 Fedora 37 Kernel: Depends on container host system Compiler: gcc 12.3.1 Debian Bullseye Kernel: 5.4.0-122-generic Compiler: gcc 10.2.1-6 Debian Buster Kernel: 5.4.0-122-generic Compiler: gcc 8.3.0-6 Fedora 38 Kernel: Depends on container host Compiler: gcc 13.1.1 CentOS Stream 9 Kernel: 4.18.0-240.10.1.el8_3.x86_64 Compiler: gcc 11.3.1 20220421 RHEL 7 Kernel: 4.18.0-240.10.1.el8_3.x86_64 Compiler: gcc 4.8.5 20150623 (Red Hat 4.8.5-44) RHEL8 Kernel: 4.18.0-240.10.1.el8_3.x86_64 Compiler: gcc 8.3.1 20191121 (Red Hat 8.3.1-5) Ubuntu 22.04 Kernel: 4.18.0-240.10.1.el8_3.x86_64 Compiler: gcc 11.3.0 openSUSE Leap 15 Kernel: 4.18.0-240.10.1.el8_3.x86_64 Compiler: gcc 7.5.0 Ubuntu 20.04 Kernel: 5.4.0-153-generic Compiler: gcc 9.4.0-1ubuntu1~20.04.1 To view detailed results, visit: https://lab.dpdk.org/results/dashboard/tarballs/26944/ UNH-IOL DPDK Community Lab To manage your email subscriptions, visit: https://lab.dpdk.org/results/dashboard/preferences/subscriptions/