From mboxrd@z Thu Jan 1 00:00:00 1970 Return-Path: Received: from mails.dpdk.org (mails.dpdk.org [217.70.189.124]) by inbox.dpdk.org (Postfix) with ESMTP id 4760643309 for ; Sun, 12 Nov 2023 07:51:00 +0100 (CET) Received: from mails.dpdk.org (localhost [127.0.0.1]) by mails.dpdk.org (Postfix) with ESMTP id 292084021E; Sun, 12 Nov 2023 07:51:00 +0100 (CET) Received: from mail-yw1-f227.google.com (mail-yw1-f227.google.com [209.85.128.227]) by mails.dpdk.org (Postfix) with ESMTP id 3F4A64021E for ; Sun, 12 Nov 2023 07:50:59 +0100 (CET) Received: by mail-yw1-f227.google.com with SMTP id 00721157ae682-5af6c445e9eso39862207b3.0 for ; Sat, 11 Nov 2023 22:50:59 -0800 (PST) DKIM-Signature: v=1; a=rsa-sha256; c=relaxed/relaxed; d=iol.unh.edu; s=unh-iol; t=1699771858; x=1700376658; darn=dpdk.org; h=cc:to:from:subject:message-id:date:from:to:cc:subject:date :message-id:reply-to; bh=do6xJ1HYZu1EJAsnkAkxpZ0DjhYppuRuRtdg1G+VBxo=; b=i7JHCDjAZO6b/uhT99d7iy0nKQ1ii8J+c4a5FbiqcoU8FXEqEjL/jh6+VMg8JQkEAC I8/SZjaVmltgU0rrl2O6diPpR7vHrE/7gGjchj+DMTlMCF8/7wcEY7WZW8veHNSXIP+O f7MoJYV8XSR27XZpOkyWBbxtUKHVCApdCUFa4= X-Google-DKIM-Signature: v=1; a=rsa-sha256; c=relaxed/relaxed; d=1e100.net; s=20230601; t=1699771858; x=1700376658; h=cc:to:from:subject:message-id:date:x-gm-message-state:from:to:cc :subject:date:message-id:reply-to; bh=do6xJ1HYZu1EJAsnkAkxpZ0DjhYppuRuRtdg1G+VBxo=; b=paARoCAnW+ehJQr4Hz6pvIYpacLoO2tr9hpYiuj+uT2CsYT1lKAKP82z+/AcU1HBIV TIUWuEgbnTObkaker8kBHUN7mYX2XsfAW7sZVt2mqucJgJi9s8gu1tJQCpikuLK4/gH/ 3p2g/2MzQm2XHoe2qALCVub883RthfOBmfnEnUSt0hRoLdBxSVlB7KB8N2rPrF1qgYsA 4oyvvk48sIkPxp09a4oft8ZontPWohQo23qEGik+ZjUiZglBnpLzSZN+DUiLI8cjv1Hc 0aaQuC65Nwza0MKoy4wN/9+OTsUrPXQIHVwIXe0AGGng3cLFVtVjZGI1qWHdgaSnJ7ji PJuA== X-Gm-Message-State: AOJu0YwHhQllL+sT3Qw5OaFxwaXQrikt0eO5Y/0wQq5K+jjUWXKwN/mC RhdMGEpmE7S++ec8+65L/yPPdXfTgAmJH4lLuT/4qNqzjY+Ztg== X-Google-Smtp-Source: AGHT+IGqP/E0fnwdAz0Cf3E5806mBDPwyd6AtUQlv6Oeox1TdsCKqb7k6yRrv7j1dL+NqZT9WLVZqcJRtEg6 X-Received: by 2002:a81:848a:0:b0:5a7:bfbf:691d with SMTP id u132-20020a81848a000000b005a7bfbf691dmr3434617ywf.42.1699771858702; Sat, 11 Nov 2023 22:50:58 -0800 (PST) Received: from postal.iol.unh.edu (postal.iol.unh.edu. [132.177.123.84]) by smtp-relay.gmail.com with ESMTPS id d140-20020a814f92000000b005a23b287596sm1018250ywb.21.2023.11.11.22.50.58 (version=TLS1_2 cipher=ECDHE-ECDSA-AES128-GCM-SHA256 bits=128/128); Sat, 11 Nov 2023 22:50:58 -0800 (PST) X-Relaying-Domain: iol.unh.edu Date: Sat, 11 Nov 2023 22:50:58 -0800 (PST) Message-ID: <655075d2.810a0220.ff09a.ce88SMTPIN_ADDED_MISSING@mx.google.com> Received: from [172.21.0.2] (unknown [172.18.0.240]) by postal.iol.unh.edu (Postfix) with ESMTP id 47D74605C318; Sun, 12 Nov 2023 01:50:58 -0500 (EST) Subject: |FAILURE| [GIT MASTER] 7849366693a2a2cbc5279a6bfd39cbb457fe7c96 From: dpdklab@iol.unh.edu To: Test Report Cc: dpdk-test-reports@iol.unh.edu, Xueming Li , Christian Ehrhardt , Kevin Traynor , Luca Boccassi Content-Type: text/plain X-BeenThere: test-report@dpdk.org X-Mailman-Version: 2.1.29 Precedence: list List-Id: automatic DPDK test reports List-Unsubscribe: , List-Archive: List-Post: List-Help: List-Subscribe: , Errors-To: test-report-bounces@dpdk.org _Testing issues_ Branch: tags/v22.11 7849366693a2a2cbc5279a6bfd39cbb457fe7c96 --> testing fail Test environment and result as below: +---------------------+----------------+ | Environment | dpdk_unit_test | +=====================+================+ | Windows Server 2019 | FAIL | +---------------------+----------------+ | CentOS Stream 8 | PASS | +---------------------+----------------+ | CentOS Stream 9 | PASS | +---------------------+----------------+ | Debian Buster | PASS | +---------------------+----------------+ | openSUSE Leap 15 | PASS | +---------------------+----------------+ | Fedora 38 | PASS | +---------------------+----------------+ ==== 20 line log output for Windows Server 2019 (dpdk_unit_test): ==== 85/93 DPDK:fast-tests / power_autotest SKIP 0.12s exit status 77 86/93 DPDK:fast-tests / power_kvm_vm_autotest SKIP 0.11s exit status 77 87/93 DPDK:fast-tests / power_intel_uncore_autotest SKIP 0.11s exit status 77 88/93 DPDK:fast-tests / reorder_autotest SKIP 0.12s exit status 77 89/93 DPDK:fast-tests / service_autotest OK 3.63s 90/93 DPDK:fast-tests / thash_autotest OK 0.12s 91/93 DPDK:fast-tests / threads_autotest OK 0.68s 92/93 DPDK:fast-tests / trace_autotest SKIP 0.11s exit status 77 93/93 DPDK:fast-tests / metrics_autotest OK 0.12s Ok: 49 Expected Fail: 0 Fail: 1 Unexpected Pass: 0 Skipped: 43 Timeout: 0 Full log written to C:\Users\builder\jenkins\workspace\Generic-VM-Unit-Test-DPDK\dpdk\build\meson-logs\testlog.txt ==== End log output ==== Windows Server 2019 Kernel: 10.0 Compiler: clang 14.0 and gcc 8.1.0 (MinGW) CentOS Stream 8 Kernel: 4.18.0-240.10.1.el8_3.x86_64 Compiler: gcc 8.4.1 20200928 CentOS Stream 9 Kernel: 4.18.0-240.10.1.el8_3.x86_64 Compiler: gcc 11.3.1 20220421 Debian Buster Kernel: 5.4.0-122-generic Compiler: gcc 8.3.0-6 openSUSE Leap 15 Kernel: 4.18.0-240.10.1.el8_3.x86_64 Compiler: gcc 7.5.0 Fedora 38 Kernel: Depends on container host Compiler: gcc 13.1.1 To view detailed results, visit: https://lab.dpdk.org/results/dashboard/tarballs/26951/ UNH-IOL DPDK Community Lab To manage your email subscriptions, visit: https://lab.dpdk.org/results/dashboard/preferences/subscriptions/